CRAN Package Check Results for Package fPortfolio

Last updated on 2014-08-01 01:48:18.

Flavor Version Tinstall Tcheck Ttotal Status Flags
r-devel-linux-x86_64-debian-clang 2130.80 4.79 83.42 88.21 NOTE
r-devel-linux-x86_64-debian-gcc 2130.80 4.54 82.79 87.33 NOTE
r-devel-linux-x86_64-fedora-clang 2130.80 193.74 NOTE
r-devel-linux-x86_64-fedora-gcc 2130.80 181.79 NOTE
r-devel-osx-x86_64-clang 2130.80 152.06 NOTE
r-devel-windows-ix86+x86_64 2130.80 16.00 121.00 137.00 NOTE
r-patched-linux-x86_64 2130.80 4.66 89.19 93.85 NOTE
r-patched-solaris-sparc 2130.80 1021.20 NOTE
r-patched-solaris-x86 2130.80 223.60 NOTE
r-release-linux-ix86 2130.80 5.86 99.09 104.96 NOTE
r-release-linux-x86_64 2130.80 4.74 88.48 93.22 NOTE
r-release-osx-x86_64-mavericks 2130.80 ERROR
r-release-osx-x86_64-snowleopard 2130.80 ERROR
r-release-windows-ix86+x86_64 2130.80 23.00 177.00 200.00 NOTE
r-oldrel-windows-ix86+x86_64 2130.80 14.00 171.00 185.00 NOTE

Check Details

Version: 2130.80
Check: package dependencies
Result: NOTE
    Depends: includes the non-default packages:
     MASS robustbase timeDate timeSeries fBasics fAssets
    Adding so many packages to the search path is excessive and importing
    selectively is preferable.
Flavors: r-devel-linux-x86_64-debian-clang, r-devel-linux-x86_64-debian-gcc, r-devel-linux-x86_64-fedora-clang, r-devel-linux-x86_64-fedora-gcc, r-devel-osx-x86_64-clang, r-devel-windows-ix86+x86_64, r-patched-linux-x86_64, r-patched-solaris-sparc, r-patched-solaris-x86, r-release-linux-ix86, r-release-linux-x86_64, r-release-osx-x86_64-snowleopard, r-release-windows-ix86+x86_64

Version: 2130.80
Check: R code for possible problems
Result: NOTE
    NB: .First.lib is obsolete and will not be used in R >= 3.0.0
Flavors: r-devel-linux-x86_64-debian-clang, r-devel-linux-x86_64-debian-gcc, r-devel-linux-x86_64-fedora-clang, r-devel-linux-x86_64-fedora-gcc, r-devel-osx-x86_64-clang, r-devel-windows-ix86+x86_64, r-patched-linux-x86_64, r-patched-solaris-sparc, r-patched-solaris-x86, r-release-linux-ix86, r-release-linux-x86_64, r-release-windows-ix86+x86_64, r-oldrel-windows-ix86+x86_64

Version: 2130.80
Check: package dependencies
Result: ERROR
    Package required but not available: fAssets
    
    Depends: includes the non-default packages:
     MASS robustbase timeDate timeSeries fBasics fAssets
    Adding so many packages to the search path is excessive and importing
    selectively is preferable.
    
    See the information on DESCRIPTION files in the chapter Creating R
    packages of the Writing R Extensions manual.
Flavor: r-release-osx-x86_64-mavericks

Version: 2130.80
Check: whether package can be installed
Result: ERROR
    Installation failed.
Flavor: r-release-osx-x86_64-snowleopard