CRAN Package Check Results for Package fPortfolio

Last updated on 2017-11-24 18:50:19 CET.

Flavor Version Tinstall Tcheck Ttotal Status Flags
r-devel-linux-x86_64-debian-clang 3042.83 6.16 175.62 181.78 NOTE
r-devel-linux-x86_64-debian-gcc 3042.83 5.14 147.19 152.33 NOTE
r-devel-linux-x86_64-fedora-clang 3042.83 144.15 NOTE
r-devel-linux-x86_64-fedora-gcc 3042.83 142.60 NOTE
r-devel-windows-ix86+x86_64 3042.83 12.00 196.00 208.00 NOTE
r-patched-linux-x86_64 3042.83 6.37 176.41 182.78 NOTE
r-release-linux-x86_64 3042.83 6.08 182.63 188.71 NOTE
r-release-windows-ix86+x86_64 3042.83 11.00 125.00 136.00 NOTE
r-release-osx-x86_64 3042.83 ERROR
r-oldrel-windows-ix86+x86_64 3042.83 11.00 129.00 140.00 NOTE
r-oldrel-osx-x86_64 3042.83 NOTE

Check Details

Version: 3042.83
Check: package dependencies
Result: NOTE
    Packages suggested but not available for checking:
     ‘Rsocp’ ‘Rnlminb2’ ‘Rdonlp2’
Flavors: r-devel-linux-x86_64-debian-clang, r-devel-linux-x86_64-debian-gcc, r-devel-linux-x86_64-fedora-clang, r-devel-linux-x86_64-fedora-gcc, r-devel-windows-ix86+x86_64, r-patched-linux-x86_64, r-release-linux-x86_64, r-release-windows-ix86+x86_64, r-oldrel-windows-ix86+x86_64

Version: 3042.83
Check: package dependencies
Result: ERROR
    Package required but not available: ‘Rglpk’
    
    Packages suggested but not available for checking:
     ‘Rsocp’ ‘Rnlminb2’ ‘Rdonlp2’ ‘Rsymphony’
    
    See section ‘The DESCRIPTION file’ in the ‘Writing R Extensions’
    manual.
Flavor: r-release-osx-x86_64

Version: 3042.83
Check: package dependencies
Result: NOTE
    Packages suggested but not available for checking:
     ‘Rsocp’ ‘Rnlminb2’ ‘Rdonlp2’ ‘Rsymphony’
Flavor: r-oldrel-osx-x86_64