CRAN Package Check Results for Package fPortfolio

Last updated on 2018-12-12 01:46:25 CET.

Flavor Version Tinstall Tcheck Ttotal Status Flags
r-devel-linux-x86_64-debian-clang 3042.83 22.08 127.74 149.82 NOTE
r-devel-linux-x86_64-debian-gcc 3042.83 15.53 101.46 116.99 NOTE
r-devel-linux-x86_64-fedora-clang 3042.83 178.95 NOTE
r-devel-linux-x86_64-fedora-gcc 3042.83 173.05 NOTE
r-devel-windows-ix86+x86_64 3042.83 34.00 116.00 150.00 NOTE
r-patched-linux-x86_64 3042.83 16.58 123.11 139.69 NOTE
r-release-linux-x86_64 3042.83 17.13 123.80 140.93 NOTE
r-release-windows-ix86+x86_64 3042.83 28.00 126.00 154.00 NOTE
r-release-osx-x86_64 3042.83 NOTE
r-oldrel-windows-ix86+x86_64 3042.83 12.00 173.00 185.00 NOTE
r-oldrel-osx-x86_64 3042.83 NOTE

Check Details

Version: 3042.83
Check: package dependencies
Result: NOTE
    Packages suggested but not available for checking:
     'Rsocp', 'Rnlminb2', 'Rdonlp2'
Flavors: r-devel-linux-x86_64-debian-clang, r-devel-linux-x86_64-debian-gcc, r-devel-linux-x86_64-fedora-clang, r-devel-linux-x86_64-fedora-gcc, r-devel-windows-ix86+x86_64

Version: 3042.83
Check: package dependencies
Result: NOTE
    Packages suggested but not available for checking:
     ‘Rsocp’ ‘Rnlminb2’ ‘Rdonlp2’
Flavors: r-patched-linux-x86_64, r-release-linux-x86_64, r-release-windows-ix86+x86_64, r-oldrel-windows-ix86+x86_64

Version: 3042.83
Check: package dependencies
Result: NOTE
    Packages suggested but not available for checking:
     ‘Rsocp’ ‘Rnlminb2’ ‘Rdonlp2’ ‘Rsymphony’
Flavors: r-release-osx-x86_64, r-oldrel-osx-x86_64