CRAN Package Check Results for Package fPortfolio

Last updated on 2019-02-16 21:47:25 CET.

Flavor Version Tinstall Tcheck Ttotal Status Flags
r-devel-linux-x86_64-debian-clang 3042.83 17.97 133.45 151.42 NOTE
r-devel-linux-x86_64-debian-gcc 3042.83 14.97 100.19 115.16 NOTE
r-devel-linux-x86_64-fedora-clang 3042.83 177.20 NOTE
r-devel-linux-x86_64-fedora-gcc 3042.83 170.13 NOTE
r-devel-windows-ix86+x86_64 3042.83 35.00 180.00 215.00 NOTE
r-patched-linux-x86_64 3042.83 15.99 122.45 138.44 NOTE
r-patched-solaris-x86 3042.83 237.10 NOTE
r-release-linux-x86_64 3042.83 NOTE
r-release-windows-ix86+x86_64 3042.83 23.00 176.00 199.00 NOTE
r-release-osx-x86_64 3042.83 NOTE
r-oldrel-windows-ix86+x86_64 3042.83 20.00 196.00 216.00 NOTE
r-oldrel-osx-x86_64 3042.83 NOTE

Check Details

Version: 3042.83
Check: package dependencies
Result: NOTE
    Packages suggested but not available for checking:
     'Rsocp', 'Rnlminb2', 'Rdonlp2'
Flavors: r-devel-linux-x86_64-debian-clang, r-devel-linux-x86_64-debian-gcc, r-devel-linux-x86_64-fedora-clang, r-devel-linux-x86_64-fedora-gcc, r-devel-windows-ix86+x86_64

Version: 3042.83
Check: package dependencies
Result: NOTE
    Packages suggested but not available for checking:
     ‘Rsocp’ ‘Rnlminb2’ ‘Rdonlp2’
Flavors: r-patched-linux-x86_64, r-release-linux-x86_64, r-release-windows-ix86+x86_64, r-oldrel-windows-ix86+x86_64

Version: 3042.83
Check: package dependencies
Result: NOTE
    Packages suggested but not available for checking:
     ‘Rsocp’ ‘Rnlminb2’ ‘Rdonlp2’ ‘Rsymphony’
Flavors: r-patched-solaris-x86, r-release-osx-x86_64, r-oldrel-osx-x86_64