CRAN Package Check Results for Package fPortfolio

Last updated on 2014-12-20 03:49:31.

Flavor Version Tinstall Tcheck Ttotal Status Flags
r-devel-linux-x86_64-debian-clang 3011.81 7.00 93.25 100.25 NOTE
r-devel-linux-x86_64-debian-gcc 3011.81 6.63 91.56 98.19 NOTE
r-devel-linux-x86_64-fedora-clang 3011.81 217.63 NOTE
r-devel-linux-x86_64-fedora-gcc 3011.81 198.38 NOTE
r-devel-osx-x86_64-clang 3011.81 181.30 NOTE
r-devel-windows-ix86+x86_64 3011.81 21.00 136.00 157.00 NOTE
r-patched-linux-x86_64 3011.81 7.13 95.74 102.86 NOTE
r-release-linux-ix86 3011.81 8.16 111.48 119.64 NOTE
r-release-linux-x86_64 3011.81 7.00 95.87 102.87 NOTE
r-release-osx-x86_64-mavericks 3011.81 ERROR
r-release-osx-x86_64-snowleopard 3011.81 ERROR
r-release-windows-ix86+x86_64 3011.81 26.00 142.00 168.00 NOTE
r-oldrel-windows-ix86+x86_64 3011.81 22.00 150.00 172.00 NOTE

Check Details

Version: 3011.81
Check: package dependencies
Result: NOTE
    Packages suggested but not available for checking:
     ‘Rsocp’ ‘Rnlminb2’ ‘Rdonlp2’
Flavors: r-devel-linux-x86_64-debian-clang, r-devel-linux-x86_64-debian-gcc, r-devel-linux-x86_64-fedora-clang, r-devel-linux-x86_64-fedora-gcc, r-devel-osx-x86_64-clang, r-devel-windows-ix86+x86_64, r-patched-linux-x86_64, r-release-linux-ix86, r-release-linux-x86_64, r-release-windows-ix86+x86_64, r-oldrel-windows-ix86+x86_64

Version: 3011.81
Check: package dependencies
Result: ERROR
    Package required but not available: ‘Rsymphony’
    
    Packages suggested but not available for checking:
     ‘Rsocp’ ‘Rnlminb2’ ‘Rdonlp2’
    
    See the information on DESCRIPTION files in the chapter ‘Creating R
    packages’ of the ‘Writing R Extensions’ manual.
Flavor: r-release-osx-x86_64-mavericks

Version: 3011.81
Check: package dependencies
Result: ERROR
    Package required but not available: ‘rneos’
    
    Packages suggested but not available for checking:
     ‘Rsocp’ ‘Rnlminb2’ ‘Rdonlp2’
    
    See the information on DESCRIPTION files in the chapter ‘Creating R
    packages’ of the ‘Writing R Extensions’ manual.
Flavor: r-release-osx-x86_64-snowleopard