CRAN Package Check Results for Package fPortfolio

Last updated on 2014-07-22 23:48:18.

Flavor Version Tinstall Tcheck Ttotal Status Flags
r-devel-linux-x86_64-debian-clang 2130.80 4.64 84.12 88.75 NOTE
r-devel-linux-x86_64-debian-gcc 2130.80 4.48 81.06 85.55 NOTE
r-devel-linux-x86_64-fedora-clang 2130.80 195.60 NOTE
r-devel-linux-x86_64-fedora-gcc 2130.80 189.97 NOTE
r-devel-osx-x86_64-clang 2130.80 151.59 NOTE
r-devel-windows-ix86+x86_64 2130.80 12.00 117.00 129.00 NOTE
r-patched-linux-x86_64 2130.80 4.58 84.32 88.90 NOTE
r-patched-solaris-sparc 2130.80 1002.80 NOTE
r-patched-solaris-x86 2130.80 221.40 NOTE
r-release-linux-ix86 2130.80 5.88 101.12 106.99 NOTE
r-release-linux-x86_64 2130.80 4.71 86.42 91.13 NOTE
r-release-osx-x86_64-mavericks 2130.80 ERROR
r-release-osx-x86_64-snowleopard 2130.80 ERROR
r-release-windows-ix86+x86_64 2130.80 17.00 130.00 147.00 NOTE
r-oldrel-windows-ix86+x86_64 2130.80 18.00 120.00 138.00 NOTE

Check Details

Version: 2130.80
Check: package dependencies
Result: NOTE
    Depends: includes the non-default packages:
     ‘MASS’ ‘robustbase’ ‘timeDate’ ‘timeSeries’ ‘fBasics’ ‘fAssets’
    Adding so many packages to the search path is excessive and importing
    selectively is preferable.
Flavors: r-devel-linux-x86_64-debian-clang, r-devel-linux-x86_64-debian-gcc, r-devel-linux-x86_64-fedora-clang, r-devel-linux-x86_64-fedora-gcc, r-devel-osx-x86_64-clang, r-devel-windows-ix86+x86_64, r-patched-linux-x86_64, r-patched-solaris-sparc, r-patched-solaris-x86, r-release-linux-ix86, r-release-linux-x86_64, r-release-osx-x86_64-snowleopard, r-release-windows-ix86+x86_64

Version: 2130.80
Check: R code for possible problems
Result: NOTE
    NB: .First.lib is obsolete and will not be used in R >= 3.0.0
Flavors: r-devel-linux-x86_64-debian-clang, r-devel-linux-x86_64-debian-gcc, r-devel-linux-x86_64-fedora-clang, r-devel-linux-x86_64-fedora-gcc, r-devel-osx-x86_64-clang, r-devel-windows-ix86+x86_64, r-patched-linux-x86_64, r-patched-solaris-sparc, r-patched-solaris-x86, r-release-linux-ix86, r-release-linux-x86_64, r-release-windows-ix86+x86_64, r-oldrel-windows-ix86+x86_64

Version: 2130.80
Check: package dependencies
Result: ERROR
    Package required but not available: ‘fAssets’
    
    Depends: includes the non-default packages:
     ‘MASS’ ‘robustbase’ ‘timeDate’ ‘timeSeries’ ‘fBasics’ ‘fAssets’
    Adding so many packages to the search path is excessive and importing
    selectively is preferable.
    
    See the information on DESCRIPTION files in the chapter ‘Creating R
    packages’ of the ‘Writing R Extensions’ manual.
Flavor: r-release-osx-x86_64-mavericks

Version: 2130.80
Check: whether package can be installed
Result: ERROR
    Installation failed.
    See ‘/Volumes/XT3/Builds/R-dev-web/QA/Simon/packages/snowleopard-x86_64/results/3.1/fPortfolio.Rcheck/00install.out’ for details.
Flavor: r-release-osx-x86_64-snowleopard