CRAN Package Check Results for Package fPortfolio

Last updated on 2019-08-17 19:48:27 CEST.

Flavor Version Tinstall Tcheck Ttotal Status Flags
r-devel-linux-x86_64-debian-clang 3042.83 20.48 127.80 148.28 NOTE
r-devel-linux-x86_64-debian-gcc 3042.83 20.39 99.52 119.91 NOTE
r-devel-linux-x86_64-fedora-clang 3042.83 175.97 NOTE
r-devel-linux-x86_64-fedora-gcc 3042.83 171.90 NOTE
r-devel-windows-ix86+x86_64 3042.83 45.00 185.00 230.00 NOTE
r-patched-linux-x86_64 3042.83 21.37 127.13 148.50 NOTE
r-patched-solaris-x86 3042.83 247.20 NOTE
r-release-linux-x86_64 3042.83 20.01 125.81 145.82 NOTE
r-release-windows-ix86+x86_64 3042.83 53.00 181.00 234.00 NOTE
r-release-osx-x86_64 3042.83 NOTE
r-oldrel-windows-ix86+x86_64 3042.83 37.00 170.00 207.00 NOTE
r-oldrel-osx-x86_64 3042.83 NOTE

Check Details

Version: 3042.83
Check: package dependencies
Result: NOTE
    Packages suggested but not available for checking:
     'Rsocp', 'Rnlminb2', 'Rdonlp2'
Flavors: r-devel-linux-x86_64-debian-clang, r-devel-linux-x86_64-debian-gcc, r-devel-linux-x86_64-fedora-clang, r-devel-linux-x86_64-fedora-gcc, r-devel-windows-ix86+x86_64, r-patched-linux-x86_64, r-release-linux-x86_64, r-release-windows-ix86+x86_64

Version: 3042.83
Check: package dependencies
Result: NOTE
    Packages suggested but not available for checking:
     'Rsocp', 'Rnlminb2', 'Rdonlp2', 'Rsymphony'
Flavors: r-patched-solaris-x86, r-release-osx-x86_64

Version: 3042.83
Check: package dependencies
Result: NOTE
    Packages suggested but not available for checking:
     'Rsocp' 'Rnlminb2' 'Rdonlp2'
Flavor: r-oldrel-windows-ix86+x86_64

Version: 3042.83
Check: package dependencies
Result: NOTE
    Packages suggested but not available for checking:
     ‘Rsocp’ ‘Rnlminb2’ ‘Rdonlp2’ ‘Rsymphony’
Flavor: r-oldrel-osx-x86_64