CRAN Package Check Results for Package fPortfolio

Last updated on 2018-02-23 22:47:56 CET.

Flavor Version Tinstall Tcheck Ttotal Status Flags
r-devel-linux-x86_64-debian-clang 3042.83 20.21 122.91 143.12 NOTE
r-devel-linux-x86_64-debian-gcc 3042.83 15.14 97.14 112.28 NOTE
r-devel-linux-x86_64-fedora-clang 3042.83 175.99 NOTE
r-devel-linux-x86_64-fedora-gcc 3042.83 175.41 NOTE
r-devel-windows-ix86+x86_64 3042.83 34.00 162.00 196.00 NOTE
r-patched-linux-x86_64 3042.83 7.29 127.05 134.34 NOTE
r-release-linux-x86_64 3042.83 6.62 126.65 133.27 NOTE
r-release-windows-ix86+x86_64 3042.83 22.00 166.00 188.00 NOTE
r-release-osx-x86_64 3042.83 ERROR
r-oldrel-windows-ix86+x86_64 3042.83 13.00 125.00 138.00 NOTE
r-oldrel-osx-x86_64 3042.83 NOTE

Check Details

Version: 3042.83
Check: package dependencies
Result: NOTE
    Packages suggested but not available for checking:
     ‘Rsocp’ ‘Rnlminb2’ ‘Rdonlp2’
Flavors: r-devel-linux-x86_64-debian-clang, r-devel-linux-x86_64-debian-gcc, r-devel-linux-x86_64-fedora-clang, r-devel-linux-x86_64-fedora-gcc, r-devel-windows-ix86+x86_64, r-patched-linux-x86_64, r-release-linux-x86_64, r-release-windows-ix86+x86_64, r-oldrel-windows-ix86+x86_64

Version: 3042.83
Check: package dependencies
Result: ERROR
    Package required but not available: ‘Rglpk’
    
    Packages suggested but not available for checking:
     ‘Rsocp’ ‘Rnlminb2’ ‘Rdonlp2’ ‘Rsymphony’
    
    See section ‘The DESCRIPTION file’ in the ‘Writing R Extensions’
    manual.
Flavor: r-release-osx-x86_64

Version: 3042.83
Check: package dependencies
Result: NOTE
    Packages suggested but not available for checking:
     ‘Rsocp’ ‘Rnlminb2’ ‘Rdonlp2’ ‘Rsymphony’
Flavor: r-oldrel-osx-x86_64