CRAN Package Check Results for Package fPortfolio

Last updated on 2014-11-28 19:51:18.

Flavor Version Tinstall Tcheck Ttotal Status Flags
r-devel-linux-x86_64-debian-clang 3011.81 7.10 91.66 98.76 NOTE
r-devel-linux-x86_64-debian-gcc 3011.81 6.51 91.06 97.56 NOTE
r-devel-linux-x86_64-fedora-clang 3011.81 219.74 NOTE
r-devel-linux-x86_64-fedora-gcc 3011.81 236.31 NOTE
r-devel-osx-x86_64-clang 3011.81 177.88 NOTE
r-devel-windows-ix86+x86_64 3011.81 17.00 124.00 141.00 NOTE
r-patched-linux-x86_64 3011.81 6.96 94.90 101.86 NOTE
r-release-linux-ix86 3011.81 8.08 110.32 118.40 NOTE
r-release-linux-x86_64 3011.81 7.50 100.81 108.31 NOTE
r-release-osx-x86_64-mavericks 3011.81 ERROR
r-release-osx-x86_64-snowleopard 3011.81 ERROR
r-release-windows-ix86+x86_64 3011.81 23.00 136.00 159.00 NOTE
r-oldrel-windows-ix86+x86_64 3011.81 22.00 133.00 155.00 NOTE

Check Details

Version: 3011.81
Check: package dependencies
Result: NOTE
    Packages suggested but not available for checking:
     ‘Rsocp’ ‘Rnlminb2’ ‘Rdonlp2’
Flavors: r-devel-linux-x86_64-debian-clang, r-devel-linux-x86_64-debian-gcc, r-devel-linux-x86_64-fedora-clang, r-devel-linux-x86_64-fedora-gcc, r-devel-osx-x86_64-clang, r-devel-windows-ix86+x86_64, r-patched-linux-x86_64, r-release-linux-ix86, r-release-linux-x86_64, r-release-windows-ix86+x86_64, r-oldrel-windows-ix86+x86_64

Version: 3011.81
Check: package dependencies
Result: ERROR
    Package required but not available: ‘Rsymphony’
    
    Packages suggested but not available for checking:
     ‘Rsocp’ ‘Rnlminb2’ ‘Rdonlp2’
    
    See the information on DESCRIPTION files in the chapter ‘Creating R
    packages’ of the ‘Writing R Extensions’ manual.
Flavor: r-release-osx-x86_64-mavericks

Version: 3011.81
Check: package dependencies
Result: ERROR
    Package required but not available: ‘rneos’
    
    Packages suggested but not available for checking:
     ‘Rsocp’ ‘Rnlminb2’ ‘Rdonlp2’
    
    See the information on DESCRIPTION files in the chapter ‘Creating R
    packages’ of the ‘Writing R Extensions’ manual.
Flavor: r-release-osx-x86_64-snowleopard