CRAN Package Check Results for Package fPortfolio

Last updated on 2021-12-06 09:53:27 CET.

Flavor Version Tinstall Tcheck Ttotal Status Flags
r-devel-linux-x86_64-debian-clang 3042.83.1 23.03 163.09 186.12 NOTE
r-devel-linux-x86_64-debian-gcc 3042.83.1 21.66 124.32 145.98 NOTE
r-devel-linux-x86_64-fedora-clang 3042.83.1 230.00 NOTE
r-devel-linux-x86_64-fedora-gcc 3042.83.1 216.52 NOTE
r-devel-windows-x86_64-new-UL 3042.83.1 54.00 185.00 239.00 NOTE
r-devel-windows-x86_64-new-TK 3042.83.1 NOTE
r-devel-windows-x86_64-old 3042.83.1 30.00 128.00 158.00 NOTE
r-patched-linux-x86_64 3042.83.1 22.25 150.88 173.13 NOTE
r-release-linux-x86_64 3042.83.1 20.46 158.14 178.60 NOTE
r-release-macos-arm64 3042.83.1 NOTE
r-release-macos-x86_64 3042.83.1 NOTE
r-release-windows-ix86+x86_64 3042.83.1 49.00 169.00 218.00 NOTE
r-oldrel-macos-x86_64 3042.83.1 NOTE
r-oldrel-windows-ix86+x86_64 3042.83.1 50.00 173.00 223.00 NOTE

Check Details

Version: 3042.83.1
Check: package dependencies
Result: NOTE
    Packages suggested but not available for checking:
     'Rsocp', 'Rnlminb2', 'Rdonlp2'
Flavors: r-devel-linux-x86_64-debian-clang, r-devel-linux-x86_64-debian-gcc, r-devel-linux-x86_64-fedora-clang, r-devel-linux-x86_64-fedora-gcc, r-devel-windows-x86_64-new-UL, r-devel-windows-x86_64-new-TK, r-devel-windows-x86_64-old, r-patched-linux-x86_64, r-release-linux-x86_64, r-release-macos-x86_64, r-release-windows-ix86+x86_64, r-oldrel-windows-ix86+x86_64

Version: 3042.83.1
Check: package dependencies
Result: NOTE
    Packages suggested but not available for checking:
     'Rsocp', 'Rnlminb2', 'Rdonlp2', 'Rsymphony'
Flavors: r-release-macos-arm64, r-oldrel-macos-x86_64