CRAN Package Check Results for Package fPortfolio

Last updated on 2018-09-21 21:47:32 CEST.

Flavor Version Tinstall Tcheck Ttotal Status Flags
r-devel-linux-x86_64-debian-clang 3042.83 18.57 141.25 159.82 NOTE
r-devel-linux-x86_64-debian-gcc 3042.83 16.72 112.23 128.95 NOTE
r-devel-linux-x86_64-fedora-clang 3042.83 188.44 NOTE
r-devel-linux-x86_64-fedora-gcc 3042.83 183.56 NOTE
r-devel-windows-ix86+x86_64 3042.83 36.00 152.00 188.00 NOTE
r-patched-linux-x86_64 3042.83 15.83 122.31 138.14 NOTE
r-release-linux-x86_64 3042.83 15.26 123.07 138.33 NOTE
r-release-windows-ix86+x86_64 3042.83 34.00 135.00 169.00 NOTE
r-release-osx-x86_64 3042.83 NOTE
r-oldrel-windows-ix86+x86_64 3042.83 14.00 178.00 192.00 NOTE
r-oldrel-osx-x86_64 3042.83 NOTE

Check Details

Version: 3042.83
Check: package dependencies
Result: NOTE
    Packages suggested but not available for checking:
     ‘Rsocp’ ‘Rnlminb2’ ‘Rdonlp2’
Flavors: r-devel-linux-x86_64-debian-clang, r-devel-linux-x86_64-debian-gcc, r-devel-linux-x86_64-fedora-clang, r-devel-linux-x86_64-fedora-gcc, r-devel-windows-ix86+x86_64, r-patched-linux-x86_64, r-release-linux-x86_64, r-release-windows-ix86+x86_64, r-oldrel-windows-ix86+x86_64

Version: 3042.83
Check: package dependencies
Result: NOTE
    Packages suggested but not available for checking:
     ‘Rsocp’ ‘Rnlminb2’ ‘Rdonlp2’ ‘Rsymphony’
Flavors: r-release-osx-x86_64, r-oldrel-osx-x86_64