CRAN Package Check Results for Package fPortfolio

Last updated on 2018-06-20 12:48:36 CEST.

Flavor Version Tinstall Tcheck Ttotal Status Flags
r-devel-linux-x86_64-debian-clang 3042.83 17.85 141.67 159.52 NOTE
r-devel-linux-x86_64-debian-gcc 3042.83 14.88 111.14 126.02 NOTE
r-devel-linux-x86_64-fedora-clang 3042.83 189.98 NOTE
r-devel-linux-x86_64-fedora-gcc 3042.83 182.66 NOTE
r-devel-windows-ix86+x86_64 3042.83 37.00 140.00 177.00 NOTE
r-patched-linux-x86_64 3042.83 16.13 124.08 140.21 NOTE
r-release-linux-x86_64 3042.83 17.13 123.17 140.30 NOTE
r-release-windows-ix86+x86_64 3042.83 24.00 178.00 202.00 NOTE
r-release-osx-x86_64 3042.83 ERROR
r-oldrel-windows-ix86+x86_64 3042.83 12.00 126.00 138.00 NOTE
r-oldrel-osx-x86_64 3042.83 ERROR

Check Details

Version: 3042.83
Check: package dependencies
Result: NOTE
    Packages suggested but not available for checking:
     ‘Rsocp’ ‘Rnlminb2’ ‘Rdonlp2’
Flavors: r-devel-linux-x86_64-debian-clang, r-devel-linux-x86_64-debian-gcc, r-devel-linux-x86_64-fedora-clang, r-devel-linux-x86_64-fedora-gcc, r-devel-windows-ix86+x86_64, r-patched-linux-x86_64, r-release-linux-x86_64, r-release-windows-ix86+x86_64, r-oldrel-windows-ix86+x86_64

Version: 3042.83
Check: package dependencies
Result: ERROR
    Package required but not available: ‘Rglpk’
    
    Packages suggested but not available for checking:
     ‘Rsocp’ ‘Rnlminb2’ ‘Rdonlp2’ ‘Rsymphony’
    
    See section ‘The DESCRIPTION file’ in the ‘Writing R Extensions’
    manual.
Flavors: r-release-osx-x86_64, r-oldrel-osx-x86_64