CRAN Package Check Results for Package fPortfolio

Last updated on 2014-04-21 09:48:00.

Flavor Version Tinstall Tcheck Ttotal Status Flags
r-devel-linux-x86_64-debian-clang 2130.80 4.97 89.92 94.89 NOTE
r-devel-linux-x86_64-debian-gcc 2130.80 5.20 88.77 93.97 NOTE
r-devel-linux-x86_64-fedora-clang 2130.80 201.35 NOTE
r-devel-linux-x86_64-fedora-gcc 2130.80 190.00 NOTE
r-devel-macosx-x86_64-clang 2130.80 147.39 NOTE
r-devel-macosx-x86_64-gcc 2130.80 ERROR
r-devel-windows-ix86+x86_64 2130.80 13.00 122.00 135.00 NOTE
r-patched-linux-x86_64 2130.80 5.22 92.48 97.70 NOTE
r-patched-solaris-sparc 2130.80 1002.80 NOTE
r-patched-solaris-x86 2130.80 229.50 NOTE
r-release-linux-ix86 NOTE
r-release-linux-x86_64 2130.80 4.90 90.47 95.37 NOTE
r-release-macosx-x86_64 2130.80 ERROR
r-release-windows-ix86+x86_64 2130.80 20.00 123.00 143.00 NOTE
r-oldrel-windows-ix86+x86_64 2130.80 14.00 115.00 129.00 NOTE

Check Details

Version: 2130.80
Check: package dependencies
Result: NOTE
    Depends: includes the non-default packages:
     ‘MASS’ ‘robustbase’ ‘timeDate’ ‘timeSeries’ ‘fBasics’ ‘fAssets’
    Adding so many packages to the search path is excessive and importing
    selectively is preferable.
Flavors: r-devel-linux-x86_64-debian-clang, r-devel-linux-x86_64-debian-gcc, r-devel-linux-x86_64-fedora-clang, r-devel-linux-x86_64-fedora-gcc, r-devel-macosx-x86_64-clang, r-devel-windows-ix86+x86_64, r-patched-linux-x86_64, r-patched-solaris-sparc, r-patched-solaris-x86, r-release-linux-ix86, r-release-linux-x86_64, r-release-macosx-x86_64, r-release-windows-ix86+x86_64

Version: 2130.80
Check: R code for possible problems
Result: NOTE
    NB: .First.lib is obsolete and will not be used in R >= 3.0.0
Flavors: r-devel-linux-x86_64-debian-clang, r-devel-linux-x86_64-debian-gcc, r-devel-linux-x86_64-fedora-clang, r-devel-linux-x86_64-fedora-gcc, r-devel-macosx-x86_64-clang, r-devel-windows-ix86+x86_64, r-patched-linux-x86_64, r-patched-solaris-sparc, r-patched-solaris-x86, r-release-linux-ix86, r-release-linux-x86_64, r-release-windows-ix86+x86_64, r-oldrel-windows-ix86+x86_64

Version: 2130.80
Check: package dependencies
Result: ERROR
    Packages required but not available: ‘robustbase’ ‘fAssets’
    
    Depends: includes the non-default packages:
     ‘MASS’ ‘robustbase’ ‘timeDate’ ‘timeSeries’ ‘fBasics’ ‘fAssets’
    Adding so many packages to the search path is excessive and importing
    selectively is preferable.
    
    See the information on DESCRIPTION files in the chapter ‘Creating R
    packages’ of the ‘Writing R Extensions’ manual.
Flavor: r-devel-macosx-x86_64-gcc

Version: 2130.80
Check: whether package can be installed
Result: ERROR
    Installation failed.
    See ‘/Volumes/XT3/Builds/R-dev-web/QA/Simon/packages/snowleopard-x86_64/results/3.1/fPortfolio.Rcheck/00install.out’ for details.
Flavor: r-release-macosx-x86_64