CRAN Package Check Results for Package fRegression

Last updated on 2014-07-24 22:48:36.

Flavor Version Tinstall Tcheck Ttotal Status Flags
r-devel-linux-x86_64-debian-clang 3010.80 7.64 86.49 94.14 OK
r-devel-linux-x86_64-debian-gcc 3010.80 7.52 84.34 91.86 OK
r-devel-linux-x86_64-fedora-clang 3010.80 230.77 OK
r-devel-linux-x86_64-fedora-gcc 3010.80 220.53 OK
r-devel-osx-x86_64-clang 3010.80 165.66 OK
r-devel-windows-ix86+x86_64 3010.80 22.00 156.00 178.00 OK
r-patched-linux-x86_64 3010.80 8.00 85.44 93.45 OK
r-patched-solaris-sparc 3010.80 1124.30 OK
r-patched-solaris-x86 3010.80 267.00 OK
r-release-linux-ix86 3010.80 10.74 100.99 111.73 OK
r-release-linux-x86_64 3010.80 8.00 90.28 98.28 OK
r-release-osx-x86_64-mavericks 3010.80 ERROR
r-release-osx-x86_64-snowleopard 3010.80 ERROR
r-release-windows-ix86+x86_64 3010.80 21.00 159.00 180.00 OK
r-oldrel-windows-ix86+x86_64 3010.80 23.00 168.00 191.00 OK

Check Details

Version: 3010.80
Check: package dependencies
Result: ERROR
    Package required but not available: ‘fMultivar’
    
    See the information on DESCRIPTION files in the chapter ‘Creating R
    packages’ of the ‘Writing R Extensions’ manual.
Flavor: r-release-osx-x86_64-mavericks

Version: 3010.80
Check: whether package can be installed
Result: ERROR
    Installation failed.
    See ‘/Volumes/XT3/Builds/R-dev-web/QA/Simon/packages/snowleopard-x86_64/results/3.1/fRegression.Rcheck/00install.out’ for details.
Flavor: r-release-osx-x86_64-snowleopard