CRAN Package Check Results for Package fRegression

Last updated on 2015-07-04 11:49:43.

Flavor Version Tinstall Tcheck Ttotal Status Flags
r-devel-linux-x86_64-debian-clang 3011.81 2.29 35.49 37.78 NOTE
r-devel-linux-x86_64-debian-gcc 3011.81 1.97 35.02 37.00 NOTE
r-devel-linux-x86_64-fedora-clang 3011.81 72.98 NOTE
r-devel-linux-x86_64-fedora-gcc 3011.81 70.09 NOTE
r-devel-osx-x86_64-clang 3011.81 61.57 NOTE
r-devel-windows-ix86+x86_64 3011.81 6.00 57.00 63.00 NOTE
r-patched-linux-x86_64 3011.81 2.08 34.46 36.54 NOTE
r-patched-solaris-sparc 3011.81 444.10 NOTE
r-patched-solaris-x86 3011.81 97.10 NOTE
r-release-linux-x86_64 3011.81 1.99 35.34 37.33 NOTE
r-release-osx-x86_64-mavericks 3011.81 NOTE
r-release-windows-ix86+x86_64 3011.81 8.00 53.00 61.00 NOTE
r-oldrel-windows-ix86+x86_64 3011.81 9.00 68.00 77.00 NOTE

Check Details

Version: 3011.81
Check: S3 generic/method consistency
Result: NOTE
    Found the following apparent S3 methods exported but not registered:
     termPlot.fREG
    See section ‘Registering S3 methods’ in the ‘Writing R Extensions’
    manual.
Flavors: r-devel-linux-x86_64-debian-clang, r-devel-linux-x86_64-debian-gcc, r-devel-linux-x86_64-fedora-clang, r-devel-linux-x86_64-fedora-gcc, r-devel-osx-x86_64-clang, r-patched-linux-x86_64, r-patched-solaris-sparc, r-patched-solaris-x86, r-release-linux-x86_64

Version: 3011.81
Check: R code for possible problems
Result: NOTE
    .multRegPlot: no visible global function definition for ‘menu’
    .polymarsFormula: no visible global function definition for
     ‘model.response’
    .polymarsFormula: no visible global function definition for
     ‘model.matrix’
    .predict.polymars: no visible global function definition for
     ‘delete.response’
    .predict.polymars: no visible global function definition for
     ‘model.frame’
    .predict.polymars: no visible global function definition for
     ‘model.matrix’
    GAM3: no visible global function definition for ‘runif’
    GAM3: no visible global function definition for ‘rnorm’
    GAM3: no visible global function definition for ‘sd’
    LM3: no visible global function definition for ‘rnorm’
    LOGIT3: no visible global function definition for ‘rnorm’
    regFit: no visible binding for global variable ‘gaussian’
    regFit: no visible global function definition for ‘new’
    regFit: no visible global function definition for ‘as.formula’
    regFit: Error while checking: invalid ‘envir’ argument
    termPlot.fREG: no visible global function definition for ‘termplot’
    termPlot.fREG: no visible global function definition for ‘slot’
    summary,fREG: no visible global function definition for ‘var’
    summary,fREG : fResiduals: no visible global function definition for
     ‘var’
    summary,fREG : print.summary.LM: no visible global function definition
     for ‘printCoefmat’
    summary,fREG : print.summary.LM: no visible global function definition
     for ‘pf’
    summary,fREG : print.summary.LM: no visible global function definition
     for ‘symnum’
    summary,fREG : print.summary.GLM: no visible global function definition
     for ‘printCoefmat’
    summary,fREG : print.summary.GLM: no visible global function definition
     for ‘symnum’
    terms,fREG: no visible global function definition for ‘slot’
    Undefined global functions or variables:
     as.formula delete.response gaussian menu model.frame model.matrix
     model.response new pf printCoefmat rnorm runif sd slot symnum
     termplot var
Flavors: r-devel-linux-x86_64-debian-clang, r-devel-linux-x86_64-debian-gcc

Version: 3011.81
Check: line endings in Makefiles
Result: NOTE
    Found the following Makefile(s) without a final LF:
     inst/unitTests/Makefile
    Some ‘make’ programs ignore lines not ending in LF.
Flavors: r-devel-linux-x86_64-debian-clang, r-devel-linux-x86_64-debian-gcc, r-devel-linux-x86_64-fedora-clang, r-devel-linux-x86_64-fedora-gcc, r-devel-osx-x86_64-clang, r-devel-windows-ix86+x86_64, r-patched-linux-x86_64, r-patched-solaris-sparc, r-patched-solaris-x86, r-release-linux-x86_64, r-release-osx-x86_64-mavericks, r-release-windows-ix86+x86_64, r-oldrel-windows-ix86+x86_64

Version: 3011.81
Check: R code for possible problems
Result: NOTE
    .multRegPlot: no visible global function definition for ‘menu’
    .polymarsFormula: no visible global function definition for
     ‘model.response’
    .polymarsFormula: no visible global function definition for
     ‘model.matrix’
    .predict.polymars: no visible global function definition for
     ‘delete.response’
    .predict.polymars: no visible global function definition for
     ‘model.frame’
    .predict.polymars: no visible global function definition for
     ‘model.matrix’
    GAM3: no visible global function definition for ‘runif’
    GAM3: no visible global function definition for ‘rnorm’
    GAM3: no visible global function definition for ‘sd’
    LM3: no visible global function definition for ‘rnorm’
    LOGIT3: no visible global function definition for ‘rnorm’
    regFit: no visible binding for global variable ‘gaussian’
    regFit: no visible global function definition for ‘new’
    regFit: no visible global function definition for ‘as.formula’
    regFit: Error while checking: invalid 'envir' argument
    termPlot.fREG: no visible global function definition for ‘termplot’
    termPlot.fREG: no visible global function definition for ‘slot’
    coef,fREG: no visible global function definition for ‘slot’
    fitted,fREG: no visible global function definition for ‘slot’
    formula,fREG: no visible global function definition for ‘slot’
    summary,fREG: no visible global function definition for ‘var’
    summary,fREG : fResiduals: no visible global function definition for
     ‘var’
    summary,fREG : print.summary.LM: no visible global function definition
     for ‘printCoefmat’
    summary,fREG : print.summary.LM: no visible global function definition
     for ‘pf’
    summary,fREG : print.summary.LM: no visible global function definition
     for ‘symnum’
    summary,fREG : print.summary.GLM: no visible global function definition
     for ‘printCoefmat’
    summary,fREG : print.summary.GLM: no visible global function definition
     for ‘symnum’
    terms,fREG: no visible global function definition for ‘slot’
    Undefined global functions or variables:
     as.formula delete.response gaussian menu model.frame model.matrix
     model.response new pf printCoefmat rnorm runif sd slot symnum
     termplot var
Flavors: r-devel-linux-x86_64-fedora-clang, r-devel-linux-x86_64-fedora-gcc

Version: 3011.81
Check: R code for possible problems
Result: NOTE
    .multRegPlot: no visible global function definition for 'menu'
    .polymarsFormula: no visible global function definition for
     'model.response'
    .polymarsFormula: no visible global function definition for
     'model.matrix'
    .predict.polymars: no visible global function definition for
     'delete.response'
    .predict.polymars: no visible global function definition for
     'model.frame'
    .predict.polymars: no visible global function definition for
     'model.matrix'
    GAM3: no visible global function definition for 'runif'
    GAM3: no visible global function definition for 'rnorm'
    GAM3: no visible global function definition for 'sd'
    LM3: no visible global function definition for 'rnorm'
    LOGIT3: no visible global function definition for 'rnorm'
    regFit: no visible binding for global variable 'gaussian'
    regFit: no visible global function definition for 'new'
    regFit: no visible global function definition for 'as.formula'
    regFit: no visible global function definition for 'gaussian'
    termPlot.fREG: no visible global function definition for 'termplot'
    termPlot.fREG: no visible global function definition for 'slot'
    coef,fREG: no visible global function definition for 'slot'
    fitted,fREG: no visible global function definition for 'slot'
    formula,fREG: no visible global function definition for 'slot'
    summary,fREG: no visible global function definition for 'var'
    summary,fREG : fResiduals: no visible global function definition for
     'var'
    summary,fREG : print.summary.LM: no visible global function definition
     for 'printCoefmat'
    summary,fREG : print.summary.LM: no visible global function definition
     for 'pf'
    summary,fREG : print.summary.LM: no visible global function definition
     for 'symnum'
    summary,fREG : print.summary.GLM: no visible global function definition
     for 'printCoefmat'
    summary,fREG : print.summary.GLM: no visible global function definition
     for 'symnum'
    terms,fREG: no visible global function definition for 'slot'
    Undefined global functions or variables:
     as.formula delete.response gaussian menu model.frame model.matrix
     model.response new pf printCoefmat rnorm runif sd slot symnum
     termplot var
Flavor: r-devel-windows-ix86+x86_64