CRAN Package Check Results for Package fRegression

Last updated on 2015-04-18 15:47:41.

Flavor Version Tinstall Tcheck Ttotal Status Flags
r-devel-linux-x86_64-debian-clang 3011.81 2.08 36.00 38.08 NOTE
r-devel-linux-x86_64-debian-gcc 3011.81 2.04 36.26 38.29 NOTE
r-devel-linux-x86_64-fedora-clang 3011.81 76.35 NOTE
r-devel-linux-x86_64-fedora-gcc 3011.81 73.67 NOTE
r-devel-osx-x86_64-clang 3011.81 65.13 NOTE
r-patched-linux-x86_64 3011.81 2.00 34.91 36.92 NOTE
r-patched-solaris-sparc 3011.81 438.70 NOTE
r-patched-solaris-x86 3011.81 97.10 NOTE
r-release-linux-x86_64 3011.81 2.01 36.18 38.19 NOTE
r-release-osx-x86_64-mavericks 3011.81 NOTE
r-release-osx-x86_64-snowleopard 3011.81 OK
r-release-windows-ix86+x86_64 3011.81 6.00 65.00 71.00 NOTE
r-oldrel-windows-ix86+x86_64 3011.81 10.00 81.00 91.00 OK

Check Details

Version: 3011.81
Check: S3 generic/method consistency
Result: NOTE
    Found the following apparent S3 methods exported but not registered:
     termPlot.fREG
    See section ‘Registering S3 methods’ in the ‘Writing R Extensions’
    manual.
Flavors: r-devel-linux-x86_64-debian-clang, r-devel-linux-x86_64-debian-gcc, r-devel-linux-x86_64-fedora-clang, r-devel-linux-x86_64-fedora-gcc, r-devel-osx-x86_64-clang, r-patched-linux-x86_64, r-release-linux-x86_64

Version: 3011.81
Check: line endings in Makefiles
Result: NOTE
    Found the following Makefile(s) without a final LF:
     inst/unitTests/Makefile
    Some ‘make’ programs ignore lines not ending in LF.
Flavors: r-devel-linux-x86_64-debian-clang, r-devel-linux-x86_64-debian-gcc, r-devel-linux-x86_64-fedora-clang, r-devel-linux-x86_64-fedora-gcc, r-devel-osx-x86_64-clang, r-patched-linux-x86_64, r-patched-solaris-sparc, r-patched-solaris-x86, r-release-linux-x86_64, r-release-osx-x86_64-mavericks, r-release-windows-ix86+x86_64