CRAN Package Check Results for Package fRegression

Last updated on 2015-08-31 08:46:49.

Flavor Version Tinstall Tcheck Ttotal Status Flags
r-devel-linux-x86_64-debian-clang 3011.81 2.36 34.76 37.12 NOTE
r-devel-linux-x86_64-debian-gcc 3011.81 1.88 32.85 34.72 NOTE
r-devel-linux-x86_64-fedora-clang 3011.81 73.79 NOTE
r-devel-linux-x86_64-fedora-gcc 3011.81 69.12 NOTE
r-devel-osx-x86_64-clang 3011.81 59.53 NOTE
r-devel-windows-ix86+x86_64 3011.81 9.00 59.00 68.00 NOTE
r-patched-linux-x86_64 3011.81 2.04 36.97 39.00 NOTE
r-patched-solaris-sparc 3011.81 445.30 NOTE
r-patched-solaris-x86 3011.81 100.40 NOTE
r-release-linux-x86_64 3011.81 2.02 35.61 37.63 NOTE
r-release-osx-x86_64-mavericks 3011.81 NOTE
r-release-windows-ix86+x86_64 3011.81 8.00 61.00 69.00 NOTE
r-oldrel-windows-ix86+x86_64 3011.81 11.00 74.00 85.00 NOTE

Check Details

Version: 3011.81
Check: S3 generic/method consistency
Result: NOTE
    Found the following apparent S3 methods exported but not registered:
     termPlot.fREG
    See section ‘Registering S3 methods’ in the ‘Writing R Extensions’
    manual.
Flavors: r-devel-linux-x86_64-debian-clang, r-devel-linux-x86_64-debian-gcc, r-devel-linux-x86_64-fedora-clang, r-devel-linux-x86_64-fedora-gcc, r-devel-osx-x86_64-clang, r-patched-linux-x86_64, r-patched-solaris-sparc, r-patched-solaris-x86, r-release-linux-x86_64

Version: 3011.81
Check: R code for possible problems
Result: NOTE
    .multRegPlot: no visible global function definition for ‘menu’
    .polymarsFormula: no visible global function definition for
     ‘model.response’
    .polymarsFormula: no visible global function definition for
     ‘model.matrix’
    .predict.polymars: no visible global function definition for
     ‘delete.response’
    .predict.polymars: no visible global function definition for
     ‘model.frame’
    .predict.polymars: no visible global function definition for
     ‘model.matrix’
    GAM3: no visible global function definition for ‘runif’
    GAM3: no visible global function definition for ‘rnorm’
    GAM3: no visible global function definition for ‘sd’
    LM3: no visible global function definition for ‘rnorm’
    LOGIT3: no visible global function definition for ‘rnorm’
    regFit: no visible binding for global variable ‘gaussian’
    regFit: no visible global function definition for ‘new’
    regFit: no visible global function definition for ‘as.formula’
    regFit: no visible global function definition for ‘gaussian’
    termPlot.fREG: no visible global function definition for ‘termplot’
    termPlot.fREG: no visible global function definition for ‘slot’
    coef,fREG: no visible global function definition for ‘slot’
    fitted,fREG: no visible global function definition for ‘slot’
    formula,fREG: no visible global function definition for ‘slot’
    summary,fREG: no visible global function definition for ‘var’
    summary,fREG : fResiduals: no visible global function definition for
     ‘var’
    summary,fREG : print.summary.LM: no visible global function definition
     for ‘printCoefmat’
    summary,fREG : print.summary.LM: no visible global function definition
     for ‘pf’
    summary,fREG : print.summary.LM: no visible global function definition
     for ‘symnum’
    summary,fREG : print.summary.GLM: no visible global function definition
     for ‘printCoefmat’
    summary,fREG : print.summary.GLM: no visible global function definition
     for ‘symnum’
    terms,fREG: no visible global function definition for ‘slot’
    Undefined global functions or variables:
     as.formula delete.response gaussian menu model.frame model.matrix
     model.response new pf printCoefmat rnorm runif sd slot symnum
     termplot var
    Consider adding
     importFrom("methods", "new", "slot")
     importFrom("stats", "as.formula", "delete.response", "gaussian",
     "model.frame", "model.matrix", "model.response", "pf",
     "printCoefmat", "rnorm", "runif", "sd", "symnum",
     "termplot", "var")
     importFrom("utils", "menu")
    to your NAMESPACE (and ensure that your DESCRIPTION Imports field
    contains 'methods').
Flavors: r-devel-linux-x86_64-debian-clang, r-devel-linux-x86_64-debian-gcc, r-devel-linux-x86_64-fedora-clang, r-devel-linux-x86_64-fedora-gcc, r-devel-windows-ix86+x86_64

Version: 3011.81
Check: line endings in Makefiles
Result: NOTE
    Found the following Makefile(s) without a final LF:
     inst/unitTests/Makefile
    Some ‘make’ programs ignore lines not ending in LF.
Flavors: r-devel-linux-x86_64-debian-clang, r-devel-linux-x86_64-debian-gcc, r-devel-linux-x86_64-fedora-clang, r-devel-linux-x86_64-fedora-gcc, r-devel-osx-x86_64-clang, r-devel-windows-ix86+x86_64, r-patched-linux-x86_64, r-patched-solaris-sparc, r-patched-solaris-x86, r-release-linux-x86_64, r-release-osx-x86_64-mavericks, r-release-windows-ix86+x86_64, r-oldrel-windows-ix86+x86_64