CRAN Package Check Results for Package fRegression

Last updated on 2014-04-19 23:49:53.

Flavor Version Tinstall Tcheck Ttotal Status Flags
r-devel-linux-x86_64-debian-clang 3010.80 8.34 91.54 99.88 OK
r-devel-linux-x86_64-debian-gcc 3010.80 8.19 90.52 98.71 OK
r-devel-linux-x86_64-fedora-clang 3010.80 228.09 OK
r-devel-linux-x86_64-fedora-gcc 3010.80 218.07 OK
r-devel-macosx-x86_64-clang 3010.80 160.19 OK
r-devel-macosx-x86_64-gcc 3010.80 ERROR
r-devel-windows-ix86+x86_64 3010.80 21.00 165.00 186.00 OK
r-patched-linux-x86_64 3010.80 8.22 90.40 98.61 OK
r-patched-solaris-sparc 3010.80 1124.30 OK
r-patched-solaris-x86 3010.80 273.70 OK
r-release-linux-ix86 OK
r-release-linux-x86_64 3010.80 8.10 91.58 99.68 OK
r-release-macosx-x86_64 3010.80 ERROR
r-release-windows-ix86+x86_64 3010.80 30.00 181.00 211.00 OK
r-oldrel-windows-ix86+x86_64 3010.80 23.00 162.00 185.00 OK

Check Details

Version: 3010.80
Check: package dependencies
Result: ERROR
    Packages required but not available: ‘fMultivar’ ‘lmtest’
    
    See the information on DESCRIPTION files in the chapter ‘Creating R
    packages’ of the ‘Writing R Extensions’ manual.
Flavor: r-devel-macosx-x86_64-gcc

Version: 3010.80
Check: whether package can be installed
Result: ERROR
    Installation failed.
    See ‘/Volumes/XT3/Builds/R-dev-web/QA/Simon/packages/snowleopard-x86_64/results/3.1/fRegression.Rcheck/00install.out’ for details.
Flavor: r-release-macosx-x86_64