CRAN Package Check Results for Package fRegression

Last updated on 2015-03-30 15:49:13.

Flavor Version Tinstall Tcheck Ttotal Status Flags
r-devel-linux-x86_64-debian-clang 3011.81 2.06 36.03 38.09 NOTE
r-devel-linux-x86_64-debian-gcc 3011.81 2.00 35.16 37.16 NOTE
r-devel-linux-x86_64-fedora-clang 3011.81 75.32 NOTE
r-devel-linux-x86_64-fedora-gcc 3011.81 78.00 NOTE
r-devel-osx-x86_64-clang 3011.81 70.75 NOTE
r-prerel-windows-ix86+x86_64 3011.81 7.00 53.00 60.00 NOTE
r-prerel-linux-x86_64 3011.81 2.37 35.00 37.37 NOTE
r-prerel-solaris-sparc 3011.81 438.70 NOTE
r-prerel-solaris-x86 3011.81 94.50 NOTE
r-release-linux-x86_64 3011.81 2.84 44.03 46.87 NOTE
r-release-osx-x86_64-mavericks 3011.81 NOTE
r-release-osx-x86_64-snowleopard 3011.81 OK
r-release-windows-ix86+x86_64 3011.81 9.00 63.00 72.00 NOTE
r-oldrel-windows-ix86+x86_64 3011.81 9.00 69.00 78.00 OK

Check Details

Version: 3011.81
Check: S3 generic/method consistency
Result: NOTE
    Found the following apparent S3 methods exported but not registered:
     termPlot.fREG
    See section ‘Registering S3 methods’ in the ‘Writing R Extensions’
    manual.
Flavors: r-devel-linux-x86_64-debian-clang, r-devel-linux-x86_64-debian-gcc, r-devel-linux-x86_64-fedora-clang, r-devel-linux-x86_64-fedora-gcc, r-devel-osx-x86_64-clang, r-prerel-linux-x86_64

Version: 3011.81
Check: line endings in Makefiles
Result: NOTE
    Found the following Makefile(s) without a final LF:
     inst/unitTests/Makefile
    Some ‘make’ programs ignore lines not ending in LF.
Flavors: r-devel-linux-x86_64-debian-clang, r-devel-linux-x86_64-debian-gcc, r-devel-linux-x86_64-fedora-clang, r-devel-linux-x86_64-fedora-gcc, r-devel-osx-x86_64-clang, r-prerel-windows-ix86+x86_64, r-prerel-linux-x86_64, r-prerel-solaris-sparc, r-prerel-solaris-x86, r-release-linux-x86_64, r-release-osx-x86_64-mavericks, r-release-windows-ix86+x86_64