CRAN Package Check Results for Package fRegression

Last updated on 2015-01-28 23:49:32.

Flavor Version Tinstall Tcheck Ttotal Status Flags
r-devel-linux-x86_64-debian-clang 3011.81 2.49 43.65 46.14 NOTE
r-devel-linux-x86_64-debian-gcc 3011.81 2.38 38.13 40.51 NOTE
r-devel-linux-x86_64-fedora-clang 3011.81 99.49 NOTE
r-devel-linux-x86_64-fedora-gcc 3011.81 92.16 NOTE
r-devel-osx-x86_64-clang 3011.81 83.91 NOTE
r-devel-windows-ix86+x86_64 3011.81 11.00 58.00 69.00 NOTE
r-patched-linux-x86_64 3011.81 2.88 43.56 46.44 NOTE
r-patched-solaris-sparc 3011.81 559.00 NOTE
r-patched-solaris-x86 3011.81 124.70 NOTE
r-release-linux-ix86 3011.81 3.32 50.34 53.66 OK
r-release-linux-x86_64 3011.81 2.92 44.09 47.01 OK
r-release-osx-x86_64-mavericks 3011.81 NOTE
r-release-osx-x86_64-snowleopard 3011.81 OK
r-release-windows-ix86+x86_64 3011.81 9.00 64.00 73.00 OK
r-oldrel-windows-ix86+x86_64 3011.81 9.00 61.00 70.00 OK

Check Details

Version: 3011.81
Check: S3 generic/method consistency
Result: NOTE
    Found the following apparent S3 methods exported but not registered:
     termPlot.fREG
    See section ‘Registering S3 methods’ in the ‘Writing R Extensions’
    manual.
Flavors: r-devel-linux-x86_64-debian-clang, r-devel-linux-x86_64-debian-gcc, r-devel-linux-x86_64-fedora-clang, r-devel-linux-x86_64-fedora-gcc, r-devel-osx-x86_64-clang

Version: 3011.81
Check: line endings in Makefiles
Result: NOTE
    Found the following Makefile(s) without a final LF:
     inst/unitTests/Makefile
    Some ‘make’ programs ignore lines not ending in LF.
Flavors: r-devel-linux-x86_64-debian-clang, r-devel-linux-x86_64-debian-gcc, r-devel-linux-x86_64-fedora-clang, r-devel-linux-x86_64-fedora-gcc, r-devel-osx-x86_64-clang, r-devel-windows-ix86+x86_64, r-patched-linux-x86_64, r-patched-solaris-sparc, r-patched-solaris-x86, r-release-osx-x86_64-mavericks