Last updated on 2022-05-20 12:53:24 CEST.
Flavor | Version | Tinstall | Tcheck | Ttotal | Status | Flags |
---|---|---|---|---|---|---|
r-devel-linux-x86_64-debian-clang | 3042.82 | 9.97 | 80.10 | 90.07 | NOTE | |
r-devel-linux-x86_64-debian-gcc | 3042.82 | 4.69 | 60.40 | 65.09 | NOTE | |
r-devel-linux-x86_64-fedora-clang | 3042.82 | 103.95 | NOTE | |||
r-devel-windows-x86_64 | 3042.82 | 76.00 | 93.00 | 169.00 | NOTE | |
r-patched-linux-x86_64 | 3042.82 | 8.89 | 74.76 | 83.65 | NOTE | |
r-release-linux-x86_64 | 3042.82 | 7.06 | 74.93 | 81.99 | NOTE | |
r-release-macos-arm64 | 3042.82 | 32.00 | NOTE | |||
r-release-macos-x86_64 | 3042.82 | 41.00 | NOTE | |||
r-release-windows-x86_64 | 3042.82 | 66.00 | 93.00 | 159.00 | NOTE | |
r-oldrel-macos-arm64 | 3042.82 | 38.00 | NOTE | |||
r-oldrel-macos-x86_64 | 3042.82 | 61.00 | NOTE | |||
r-oldrel-windows-ix86+x86_64 | 3042.82 | 18.00 | 85.00 | 103.00 | NOTE |
Version: 3042.82
Check: LazyData
Result: NOTE
'LazyData' is specified without a 'data' directory
Flavors: r-devel-linux-x86_64-debian-clang, r-devel-linux-x86_64-debian-gcc, r-devel-linux-x86_64-fedora-clang, r-devel-windows-x86_64, r-patched-linux-x86_64, r-release-linux-x86_64, r-release-macos-arm64, r-release-macos-x86_64, r-release-windows-x86_64, r-oldrel-macos-arm64, r-oldrel-macos-x86_64, r-oldrel-windows-ix86+x86_64