CRAN Package Check Results for Package fRegression

Last updated on 2015-05-27 06:46:45.

Flavor Version Tinstall Tcheck Ttotal Status Flags
r-devel-linux-x86_64-debian-clang 3011.81 2.18 35.68 37.86 NOTE
r-devel-linux-x86_64-debian-gcc 3011.81 2.02 34.93 36.95 NOTE
r-devel-linux-x86_64-fedora-clang 3011.81 76.11 NOTE
r-devel-linux-x86_64-fedora-gcc 3011.81 72.92 NOTE
r-devel-osx-x86_64-clang 3011.81 64.90 NOTE
r-devel-windows-ix86+x86_64 3011.81 7.00 57.00 64.00 NOTE
r-patched-linux-x86_64 3011.81 2.00 35.00 37.00 NOTE
r-patched-solaris-sparc 3011.81 444.10 NOTE
r-patched-solaris-x86 3011.81 97.40 NOTE
r-release-linux-x86_64 3011.81 2.02 35.89 37.90 NOTE
r-release-osx-x86_64-mavericks 3011.81 NOTE
r-release-osx-x86_64-snowleopard 3011.81 ERROR
r-release-windows-ix86+x86_64 3011.81 6.00 56.00 62.00 NOTE
r-oldrel-windows-ix86+x86_64 3011.81 10.00 61.00 71.00 NOTE

Check Details

Version: 3011.81
Check: S3 generic/method consistency
Result: NOTE
    Found the following apparent S3 methods exported but not registered:
     termPlot.fREG
    See section ‘Registering S3 methods’ in the ‘Writing R Extensions’
    manual.
Flavors: r-devel-linux-x86_64-debian-clang, r-devel-linux-x86_64-debian-gcc, r-devel-linux-x86_64-fedora-clang, r-devel-linux-x86_64-fedora-gcc, r-devel-osx-x86_64-clang, r-patched-linux-x86_64, r-patched-solaris-sparc, r-patched-solaris-x86, r-release-linux-x86_64

Version: 3011.81
Check: line endings in Makefiles
Result: NOTE
    Found the following Makefile(s) without a final LF:
     inst/unitTests/Makefile
    Some ‘make’ programs ignore lines not ending in LF.
Flavors: r-devel-linux-x86_64-debian-clang, r-devel-linux-x86_64-debian-gcc, r-devel-linux-x86_64-fedora-clang, r-devel-linux-x86_64-fedora-gcc, r-devel-osx-x86_64-clang, r-devel-windows-ix86+x86_64, r-patched-linux-x86_64, r-patched-solaris-sparc, r-patched-solaris-x86, r-release-linux-x86_64, r-release-osx-x86_64-mavericks, r-release-windows-ix86+x86_64, r-oldrel-windows-ix86+x86_64

Version: 3011.81
Check: package dependencies
Result: ERROR
    Package required but not available: ‘lmtest’
    
    See section ‘The DESCRIPTION file’ in the ‘Writing R Extensions’
    manual.
Flavor: r-release-osx-x86_64-snowleopard