CRAN Package Check Results for Package fTrading

Last updated on 2017-08-17 20:46:40.

Flavor Version Tinstall Tcheck Ttotal Status Flags
r-devel-linux-x86_64-debian-clang 3010.78 1.74 30.06 31.79 NOTE
r-devel-linux-x86_64-debian-gcc 3010.78 1.80 28.92 30.71 NOTE
r-devel-linux-x86_64-fedora-clang 3010.78 59.27 NOTE
r-devel-linux-x86_64-fedora-gcc 3010.78 58.45 NOTE
r-devel-windows-ix86+x86_64 3010.78 5.00 56.00 61.00 NOTE
r-patched-linux-x86_64 3010.78 1.73 29.39 31.12 NOTE
r-patched-solaris-x86 3010.78 75.30 NOTE
r-release-linux-x86_64 3010.78 1.74 29.31 31.05 NOTE
r-release-windows-ix86+x86_64 3010.78 6.00 50.00 56.00 NOTE
r-release-osx-x86_64 3010.78 NOTE
r-oldrel-windows-ix86+x86_64 3010.78 5.00 74.00 79.00 NOTE
r-oldrel-osx-x86_64 3010.78 NOTE

Check Details

Version: 3010.78
Check: DESCRIPTION meta-information
Result: NOTE
    Malformed Description field: should contain one or more complete sentences.
Flavors: r-devel-linux-x86_64-debian-clang, r-devel-linux-x86_64-debian-gcc, r-devel-linux-x86_64-fedora-clang, r-devel-linux-x86_64-fedora-gcc, r-devel-windows-ix86+x86_64, r-patched-linux-x86_64, r-patched-solaris-x86, r-release-linux-x86_64, r-release-windows-ix86+x86_64, r-release-osx-x86_64, r-oldrel-windows-ix86+x86_64, r-oldrel-osx-x86_64

Version: 3010.78
Check: R code for possible problems
Result: NOTE
    ohlcPlot: no visible global function definition for ‘par’
    ohlcPlot: no visible global function definition for ‘is.mts’
    ohlcPlot: no visible global function definition for ‘plot.new’
    ohlcPlot: no visible global function definition for ‘plot.window’
    ohlcPlot: no visible global function definition for ‘segments’
    ohlcPlot: no visible global function definition for ‘title’
    ohlcPlot: no visible global function definition for ‘axis’
    ohlcPlot: no visible global function definition for ‘box’
    rollVar: no visible binding for global variable ‘var’
    sharpeRatio: no visible global function definition for ‘sd’
    Undefined global functions or variables:
     axis box is.mts par plot.new plot.window sd segments title var
    Consider adding
     importFrom("graphics", "axis", "box", "par", "plot.new", "plot.window",
     "segments", "title")
     importFrom("stats", "is.mts", "sd", "var")
    to your NAMESPACE file.
Flavors: r-devel-linux-x86_64-debian-clang, r-devel-linux-x86_64-debian-gcc, r-devel-linux-x86_64-fedora-clang, r-devel-linux-x86_64-fedora-gcc, r-devel-windows-ix86+x86_64, r-patched-linux-x86_64, r-patched-solaris-x86, r-release-linux-x86_64, r-release-windows-ix86+x86_64, r-release-osx-x86_64, r-oldrel-windows-ix86+x86_64, r-oldrel-osx-x86_64

Version: 3010.78
Check: line endings in Makefiles
Result: NOTE
    Found the following Makefile(s) without a final LF:
     inst/unitTests/Makefile
    Some ‘make’ programs ignore lines not ending in LF.
Flavors: r-devel-linux-x86_64-debian-clang, r-devel-linux-x86_64-debian-gcc, r-devel-linux-x86_64-fedora-clang, r-devel-linux-x86_64-fedora-gcc, r-devel-windows-ix86+x86_64, r-patched-linux-x86_64, r-patched-solaris-x86, r-release-linux-x86_64, r-release-windows-ix86+x86_64, r-release-osx-x86_64, r-oldrel-windows-ix86+x86_64, r-oldrel-osx-x86_64