CRAN Package Check Results for Package fTrading

Last updated on 2015-01-30 03:49:02.

Flavor Version Tinstall Tcheck Ttotal Status Flags
r-devel-linux-x86_64-debian-clang 3010.78 2.15 33.48 35.63 NOTE
r-devel-linux-x86_64-debian-gcc 3010.78 2.84 30.73 33.57 NOTE
r-devel-linux-x86_64-fedora-clang 3010.78 76.38 NOTE
r-devel-linux-x86_64-fedora-gcc 3010.78 72.18 NOTE
r-devel-osx-x86_64-clang 3010.78 69.10 NOTE
r-devel-windows-ix86+x86_64 3010.78 8.00 45.00 53.00 NOTE
r-patched-linux-x86_64 3010.78 2.46 34.46 36.91 NOTE
r-patched-solaris-sparc 3010.78 441.60 NOTE
r-patched-solaris-x86 3010.78 97.20 NOTE
r-release-linux-ix86 3010.78 2.83 41.51 44.34 OK
r-release-linux-x86_64 3010.78 2.58 34.20 36.78 OK
r-release-osx-x86_64-mavericks 3010.78 NOTE
r-release-osx-x86_64-snowleopard 3010.78 OK
r-release-windows-ix86+x86_64 3010.78 7.00 52.00 59.00 OK
r-oldrel-windows-ix86+x86_64 3010.78 7.00 50.00 57.00 OK

Check Details

Version: 3010.78
Check: line endings in Makefiles
Result: NOTE
    Found the following Makefile(s) without a final LF:
     inst/unitTests/Makefile
    Some ‘make’ programs ignore lines not ending in LF.
Flavors: r-devel-linux-x86_64-debian-clang, r-devel-linux-x86_64-debian-gcc, r-devel-linux-x86_64-fedora-clang, r-devel-linux-x86_64-fedora-gcc, r-devel-osx-x86_64-clang, r-devel-windows-ix86+x86_64, r-patched-linux-x86_64, r-patched-solaris-sparc, r-patched-solaris-x86, r-release-osx-x86_64-mavericks