CRAN Package Check Results for Package fTrading

Last updated on 2014-04-24 07:52:27.

Flavor Version Tinstall Tcheck Ttotal Status Flags
r-devel-linux-x86_64-debian-clang 3010.78 2.62 37.50 40.12 OK
r-devel-linux-x86_64-debian-gcc 3010.78 2.64 37.47 40.11 OK
r-devel-linux-x86_64-fedora-clang 3010.78 86.64 OK
r-devel-linux-x86_64-fedora-gcc 3010.78 82.92 OK
r-devel-osx-x86_64-clang 3010.78 66.70 OK
r-devel-osx-x86_64-gcc 3010.78 OK
r-devel-windows-ix86+x86_64 3010.78 7.00 52.00 59.00 OK
r-patched-linux-x86_64 3010.78 2.61 37.61 40.22 OK
r-patched-solaris-sparc 3010.78 460.60 OK
r-patched-solaris-x86 3010.78 104.70 OK
r-release-linux-ix86 3010.78 4.00 61.00 65.00 OK
r-release-linux-x86_64 3010.78 2.64 36.84 39.48 OK
r-release-osx-x86_64-mavericks 3010.78 WARN
r-release-osx-x86_64-snowleopard 3010.78 OK
r-release-windows-ix86+x86_64 3010.78 7.00 54.00 61.00 OK
r-oldrel-windows-ix86+x86_64 3010.78 9.00 49.00 58.00 OK

Check Details

Version: 3010.78
Check: PDF version of manual
Result: WARNING
    LaTeX errors when creating PDF version.
    This typically indicates Rd problems.
    LaTeX errors found:
    ! LaTeX Error: File `upquote.sty' not found.
    
    Type X to quit or <RETURN> to proceed,
    or enter new name. (Default extension: sty)
    
    71f5c493/Rd2.tex:8: ==> Fatal error occurred, no output PDF file produced!
Flavor: r-release-osx-x86_64-mavericks