CRAN Package Check Results for Package fTrading

Last updated on 2016-12-08 03:54:16.

Flavor Version Tinstall Tcheck Ttotal Status Flags
r-devel-linux-x86_64-debian-clang 3010.78 1.78 29.81 31.59 NOTE
r-devel-linux-x86_64-debian-gcc 3010.78 1.86 29.34 31.21 NOTE
r-devel-linux-x86_64-fedora-clang 3010.78 62.98 NOTE --no-stop-on-test-error
r-devel-linux-x86_64-fedora-gcc 3010.78 59.91 NOTE --no-stop-on-test-error
r-devel-macos-x86_64-clang 3010.78 47.21 NOTE --no-stop-on-test-error
r-devel-windows-ix86+x86_64 3010.78 6.00 54.00 60.00 NOTE
r-patched-linux-x86_64 3010.78 1.74 25.52 27.26 NOTE
r-patched-solaris-sparc 3010.78 312.70 NOTE
r-patched-solaris-x86 3010.78 64.10 NOTE
r-release-linux-x86_64 3010.78 1.62 25.80 27.42 NOTE
r-release-osx-x86_64-mavericks 3010.78 NOTE
r-release-windows-ix86+x86_64 3010.78 6.00 61.00 67.00 NOTE
r-oldrel-windows-ix86+x86_64 3010.78 9.00 51.00 60.00 NOTE

Check Details

Version: 3010.78
Check: DESCRIPTION meta-information
Result: NOTE
    Malformed Description field: should contain one or more complete sentences.
Flavors: r-devel-linux-x86_64-debian-clang, r-devel-linux-x86_64-debian-gcc, r-devel-windows-ix86+x86_64, r-patched-linux-x86_64, r-patched-solaris-sparc, r-patched-solaris-x86, r-release-linux-x86_64, r-release-osx-x86_64-mavericks, r-release-windows-ix86+x86_64, r-oldrel-windows-ix86+x86_64

Version: 3010.78
Check: R code for possible problems
Result: NOTE
    ohlcPlot: no visible global function definition for ‘par’
    ohlcPlot: no visible global function definition for ‘is.mts’
    ohlcPlot: no visible global function definition for ‘plot.new’
    ohlcPlot: no visible global function definition for ‘plot.window’
    ohlcPlot: no visible global function definition for ‘segments’
    ohlcPlot: no visible global function definition for ‘title’
    ohlcPlot: no visible global function definition for ‘axis’
    ohlcPlot: no visible global function definition for ‘box’
    rollVar: no visible binding for global variable ‘var’
    sharpeRatio: no visible global function definition for ‘sd’
    Undefined global functions or variables:
     axis box is.mts par plot.new plot.window sd segments title var
    Consider adding
     importFrom("graphics", "axis", "box", "par", "plot.new", "plot.window",
     "segments", "title")
     importFrom("stats", "is.mts", "sd", "var")
    to your NAMESPACE file.
Flavors: r-devel-linux-x86_64-debian-clang, r-devel-linux-x86_64-debian-gcc, r-devel-windows-ix86+x86_64, r-patched-linux-x86_64, r-patched-solaris-sparc, r-patched-solaris-x86, r-release-linux-x86_64, r-release-osx-x86_64-mavericks, r-release-windows-ix86+x86_64

Version: 3010.78
Check: line endings in Makefiles
Result: NOTE
    Found the following Makefile(s) without a final LF:
     inst/unitTests/Makefile
    Some ‘make’ programs ignore lines not ending in LF.
Flavors: r-devel-linux-x86_64-debian-clang, r-devel-linux-x86_64-debian-gcc, r-devel-windows-ix86+x86_64, r-patched-linux-x86_64, r-patched-solaris-sparc, r-patched-solaris-x86, r-release-linux-x86_64, r-release-osx-x86_64-mavericks, r-release-windows-ix86+x86_64, r-oldrel-windows-ix86+x86_64

Version: 3010.78
Flags: --no-stop-on-test-error
Check: DESCRIPTION meta-information
Result: NOTE
    Malformed Description field: should contain one or more complete sentences.
Flavors: r-devel-linux-x86_64-fedora-clang, r-devel-linux-x86_64-fedora-gcc, r-devel-macos-x86_64-clang

Version: 3010.78
Flags: --no-stop-on-test-error
Check: R code for possible problems
Result: NOTE
    ohlcPlot: no visible global function definition for ‘par’
    ohlcPlot: no visible global function definition for ‘is.mts’
    ohlcPlot: no visible global function definition for ‘plot.new’
    ohlcPlot: no visible global function definition for ‘plot.window’
    ohlcPlot: no visible global function definition for ‘segments’
    ohlcPlot: no visible global function definition for ‘title’
    ohlcPlot: no visible global function definition for ‘axis’
    ohlcPlot: no visible global function definition for ‘box’
    rollVar: no visible binding for global variable ‘var’
    sharpeRatio: no visible global function definition for ‘sd’
    Undefined global functions or variables:
     axis box is.mts par plot.new plot.window sd segments title var
    Consider adding
     importFrom("graphics", "axis", "box", "par", "plot.new", "plot.window",
     "segments", "title")
     importFrom("stats", "is.mts", "sd", "var")
    to your NAMESPACE file.
Flavors: r-devel-linux-x86_64-fedora-clang, r-devel-linux-x86_64-fedora-gcc, r-devel-macos-x86_64-clang

Version: 3010.78
Flags: --no-stop-on-test-error
Check: line endings in Makefiles
Result: NOTE
    Found the following Makefile(s) without a final LF:
     inst/unitTests/Makefile
    Some ‘make’ programs ignore lines not ending in LF.
Flavors: r-devel-linux-x86_64-fedora-clang, r-devel-linux-x86_64-fedora-gcc, r-devel-macos-x86_64-clang