CRAN Package Check Results for Package fTrading

Last updated on 2015-05-23 11:51:21.

Flavor Version Tinstall Tcheck Ttotal Status Flags
r-devel-linux-x86_64-debian-clang 3010.78 2.31 27.78 30.09 NOTE
r-devel-linux-x86_64-debian-gcc 3010.78 1.69 27.04 28.73 NOTE
r-devel-linux-x86_64-fedora-clang 3010.78 59.51 NOTE
r-devel-linux-x86_64-fedora-gcc 3010.78 56.70 NOTE
r-devel-osx-x86_64-clang 3010.78 53.47 NOTE
r-devel-windows-ix86+x86_64 3010.78 6.00 40.00 46.00 NOTE
r-patched-linux-x86_64 3010.78 1.75 26.90 28.65 NOTE
r-patched-solaris-sparc 3010.78 354.40 NOTE
r-patched-solaris-x86 3010.78 75.20 NOTE
r-release-linux-x86_64 3010.78 1.68 27.02 28.69 NOTE
r-release-osx-x86_64-mavericks 3010.78 NOTE
r-release-osx-x86_64-snowleopard 3010.78 NOTE
r-release-windows-ix86+x86_64 3010.78 6.00 42.00 48.00 NOTE
r-oldrel-windows-ix86+x86_64 3010.78 7.00 61.00 68.00 NOTE

Check Details

Version: 3010.78
Check: DESCRIPTION meta-information
Result: NOTE
    Malformed Description field: should contain one or more complete sentences.
Flavors: r-devel-linux-x86_64-debian-clang, r-devel-linux-x86_64-debian-gcc, r-devel-linux-x86_64-fedora-clang, r-devel-linux-x86_64-fedora-gcc, r-devel-osx-x86_64-clang, r-devel-windows-ix86+x86_64, r-patched-linux-x86_64, r-patched-solaris-sparc, r-patched-solaris-x86, r-release-linux-x86_64, r-release-osx-x86_64-mavericks, r-release-osx-x86_64-snowleopard, r-release-windows-ix86+x86_64

Version: 3010.78
Check: line endings in Makefiles
Result: NOTE
    Found the following Makefile(s) without a final LF:
     inst/unitTests/Makefile
    Some ‘make’ programs ignore lines not ending in LF.
Flavors: r-devel-linux-x86_64-debian-clang, r-devel-linux-x86_64-debian-gcc, r-devel-linux-x86_64-fedora-clang, r-devel-linux-x86_64-fedora-gcc, r-devel-osx-x86_64-clang, r-devel-windows-ix86+x86_64, r-patched-linux-x86_64, r-patched-solaris-sparc, r-patched-solaris-x86, r-release-linux-x86_64, r-release-osx-x86_64-mavericks, r-release-osx-x86_64-snowleopard, r-release-windows-ix86+x86_64, r-oldrel-windows-ix86+x86_64