CRAN Package Check Results for Package fTrading

Last updated on 2016-09-27 11:48:46.

Flavor Version Tinstall Tcheck Ttotal Status Flags
r-devel-linux-x86_64-debian-clang 3010.78 1.70 25.03 26.72 NOTE
r-devel-linux-x86_64-debian-gcc 3010.78 1.66 25.18 26.84 NOTE
r-devel-linux-x86_64-fedora-clang 3010.78 50.39 NOTE
r-devel-linux-x86_64-fedora-gcc 3010.78 47.32 NOTE
r-devel-macos-x86_64-clang 3010.78 40.70 NOTE
r-devel-windows-ix86+x86_64 3010.78 7.00 47.00 54.00 NOTE
r-patched-linux-x86_64 3010.78 1.62 25.37 26.99 NOTE
r-patched-solaris-sparc 3010.78 312.70 NOTE
r-patched-solaris-x86 3010.78 64.70 NOTE
r-release-linux-x86_64 3010.78 1.85 26.54 28.39 NOTE
r-release-osx-x86_64-mavericks 3010.78 NOTE
r-release-windows-ix86+x86_64 3010.78 9.00 47.00 56.00 NOTE
r-oldrel-windows-ix86+x86_64 3010.78 9.00 77.00 86.00 NOTE

Check Details

Version: 3010.78
Check: DESCRIPTION meta-information
Result: NOTE
    Malformed Description field: should contain one or more complete sentences.
Flavors: r-devel-linux-x86_64-debian-clang, r-devel-linux-x86_64-debian-gcc, r-devel-linux-x86_64-fedora-clang, r-devel-linux-x86_64-fedora-gcc, r-devel-macos-x86_64-clang, r-devel-windows-ix86+x86_64, r-patched-linux-x86_64, r-patched-solaris-sparc, r-patched-solaris-x86, r-release-linux-x86_64, r-release-osx-x86_64-mavericks, r-release-windows-ix86+x86_64, r-oldrel-windows-ix86+x86_64

Version: 3010.78
Check: R code for possible problems
Result: NOTE
    ohlcPlot: no visible global function definition for ‘par’
    ohlcPlot: no visible global function definition for ‘is.mts’
    ohlcPlot: no visible global function definition for ‘plot.new’
    ohlcPlot: no visible global function definition for ‘plot.window’
    ohlcPlot: no visible global function definition for ‘segments’
    ohlcPlot: no visible global function definition for ‘title’
    ohlcPlot: no visible global function definition for ‘axis’
    ohlcPlot: no visible global function definition for ‘box’
    rollVar: no visible binding for global variable ‘var’
    sharpeRatio: no visible global function definition for ‘sd’
    Undefined global functions or variables:
     axis box is.mts par plot.new plot.window sd segments title var
    Consider adding
     importFrom("graphics", "axis", "box", "par", "plot.new", "plot.window",
     "segments", "title")
     importFrom("stats", "is.mts", "sd", "var")
    to your NAMESPACE file.
Flavors: r-devel-linux-x86_64-debian-clang, r-devel-linux-x86_64-debian-gcc, r-devel-linux-x86_64-fedora-clang, r-devel-linux-x86_64-fedora-gcc, r-devel-macos-x86_64-clang, r-devel-windows-ix86+x86_64, r-patched-linux-x86_64, r-patched-solaris-sparc, r-patched-solaris-x86, r-release-linux-x86_64, r-release-osx-x86_64-mavericks, r-release-windows-ix86+x86_64

Version: 3010.78
Check: line endings in Makefiles
Result: NOTE
    Found the following Makefile(s) without a final LF:
     inst/unitTests/Makefile
    Some ‘make’ programs ignore lines not ending in LF.
Flavors: r-devel-linux-x86_64-debian-clang, r-devel-linux-x86_64-debian-gcc, r-devel-linux-x86_64-fedora-clang, r-devel-linux-x86_64-fedora-gcc, r-devel-macos-x86_64-clang, r-devel-windows-ix86+x86_64, r-patched-linux-x86_64, r-patched-solaris-sparc, r-patched-solaris-x86, r-release-linux-x86_64, r-release-osx-x86_64-mavericks, r-release-windows-ix86+x86_64, r-oldrel-windows-ix86+x86_64