CRAN Package Check Results for Package fTrading

Last updated on 2015-03-30 05:48:37.

Flavor Version Tinstall Tcheck Ttotal Status Flags
r-devel-linux-x86_64-debian-clang 3010.78 1.75 28.83 30.58 NOTE
r-devel-linux-x86_64-debian-gcc 3010.78 1.73 28.31 30.04 NOTE
r-devel-linux-x86_64-fedora-clang 3010.78 59.76 NOTE
r-devel-linux-x86_64-fedora-gcc 3010.78 60.43 NOTE
r-devel-osx-x86_64-clang 3010.78 59.99 NOTE
r-prerel-windows-ix86+x86_64 3010.78 5.00 45.00 50.00 NOTE
r-prerel-linux-x86_64 3010.78 1.68 27.03 28.71 NOTE
r-prerel-solaris-sparc 3010.78 348.40 NOTE
r-prerel-solaris-x86 3010.78 72.90 NOTE
r-release-linux-x86_64 3010.78 2.41 34.74 37.14 NOTE
r-release-osx-x86_64-mavericks 3010.78 NOTE
r-release-osx-x86_64-snowleopard 3010.78 OK
r-release-windows-ix86+x86_64 3010.78 8.00 50.00 58.00 NOTE
r-oldrel-windows-ix86+x86_64 3010.78 8.00 53.00 61.00 OK

Check Details

Version: 3010.78
Check: DESCRIPTION meta-information
Result: NOTE
    Malformed Description field: should contain one or more complete sentences.
Flavors: r-devel-linux-x86_64-debian-clang, r-devel-linux-x86_64-debian-gcc, r-devel-linux-x86_64-fedora-clang, r-devel-linux-x86_64-fedora-gcc, r-devel-osx-x86_64-clang, r-prerel-windows-ix86+x86_64, r-prerel-linux-x86_64, r-prerel-solaris-sparc, r-prerel-solaris-x86

Version: 3010.78
Check: line endings in Makefiles
Result: NOTE
    Found the following Makefile(s) without a final LF:
     inst/unitTests/Makefile
    Some ‘make’ programs ignore lines not ending in LF.
Flavors: r-devel-linux-x86_64-debian-clang, r-devel-linux-x86_64-debian-gcc, r-devel-linux-x86_64-fedora-clang, r-devel-linux-x86_64-fedora-gcc, r-devel-osx-x86_64-clang, r-prerel-windows-ix86+x86_64, r-prerel-linux-x86_64, r-prerel-solaris-sparc, r-prerel-solaris-x86, r-release-linux-x86_64, r-release-osx-x86_64-mavericks, r-release-windows-ix86+x86_64