CRAN Package Check Results for Package fUnitRoots

Last updated on 2015-07-29 08:50:01.

Flavor Version Tinstall Tcheck Ttotal Status Flags
r-devel-linux-x86_64-debian-clang 3010.78 3.13 32.66 35.79 NOTE
r-devel-linux-x86_64-debian-gcc 3010.78 2.88 31.80 34.68 NOTE
r-devel-linux-x86_64-fedora-clang 3010.78 67.46 NOTE
r-devel-linux-x86_64-fedora-gcc 3010.78 59.67 NOTE
r-devel-osx-x86_64-clang 3010.78 54.63 NOTE
r-devel-windows-ix86+x86_64 3010.78 10.00 52.00 62.00 NOTE
r-patched-linux-x86_64 3010.78 3.04 33.82 36.85 NOTE
r-patched-solaris-sparc 3010.78 393.00 NOTE
r-patched-solaris-x86 3010.78 83.50 NOTE
r-release-linux-x86_64 3010.78 3.01 31.20 34.21 NOTE
r-release-osx-x86_64-mavericks 3010.78 NOTE
r-release-windows-ix86+x86_64 3010.78 13.00 54.00 67.00 NOTE
r-oldrel-windows-ix86+x86_64 3010.78 18.00 88.00 106.00 NOTE

Check Details

Version: 3010.78
Check: DESCRIPTION meta-information
Result: NOTE
    Malformed Description field: should contain one or more complete sentences.
Flavors: r-devel-linux-x86_64-debian-clang, r-devel-linux-x86_64-debian-gcc, r-devel-linux-x86_64-fedora-clang, r-devel-linux-x86_64-fedora-gcc, r-devel-osx-x86_64-clang, r-devel-windows-ix86+x86_64, r-patched-linux-x86_64, r-patched-solaris-sparc, r-patched-solaris-x86, r-release-linux-x86_64, r-release-osx-x86_64-mavericks, r-release-windows-ix86+x86_64

Version: 3010.78
Check: R code for possible problems
Result: NOTE
    .adfPlot: no visible global function definition for ‘persp’
    adfTest: no visible global function definition for ‘embed’
    adfTest: no visible global function definition for ‘lm’
    adfTest: no visible global function definition for ‘approx’
    padf: no visible global function definition for ‘approx’
    qadf: no visible global function definition for ‘approx’
    unitrootTest: no visible global function definition for ‘embed’
    unitrootTest: no visible global function definition for ‘lm’
    urdfTest: no visible global function definition for ‘capture.output’
    urersTest: no visible global function definition for ‘capture.output’
    urkpssTest: no visible global function definition for ‘capture.output’
    urppTest: no visible global function definition for ‘capture.output’
    urspTest: no visible global function definition for ‘capture.output’
    urzaTest: no visible global function definition for ‘capture.output’
    Undefined global functions or variables:
     approx capture.output embed lm persp
    Consider adding
     importFrom("graphics", "persp")
     importFrom("stats", "approx", "embed", "lm")
     importFrom("utils", "capture.output")
    to your NAMESPACE.
Flavors: r-devel-linux-x86_64-debian-clang, r-devel-linux-x86_64-debian-gcc, r-devel-linux-x86_64-fedora-clang, r-devel-linux-x86_64-fedora-gcc, r-devel-windows-ix86+x86_64

Version: 3010.78
Check: line endings in Makefiles
Result: NOTE
    Found the following Makefile(s) without a final LF:
     inst/unitTests/Makefile
    Some ‘make’ programs ignore lines not ending in LF.
Flavors: r-devel-linux-x86_64-debian-clang, r-devel-linux-x86_64-debian-gcc, r-devel-linux-x86_64-fedora-clang, r-devel-linux-x86_64-fedora-gcc, r-devel-osx-x86_64-clang, r-devel-windows-ix86+x86_64, r-patched-linux-x86_64, r-patched-solaris-sparc, r-patched-solaris-x86, r-release-linux-x86_64, r-release-osx-x86_64-mavericks, r-release-windows-ix86+x86_64, r-oldrel-windows-ix86+x86_64