CRAN Package Check Results for Package fUnitRoots

Last updated on 2017-12-18 15:51:22 CET.

Flavor Version Tinstall Tcheck Ttotal Status Flags
r-devel-linux-x86_64-debian-clang 3042.79 3.88 43.46 47.34 NOTE
r-devel-linux-x86_64-debian-gcc 3042.79 3.02 38.82 41.84 NOTE
r-devel-linux-x86_64-fedora-clang 3042.79 60.57 NOTE
r-devel-linux-x86_64-fedora-gcc 3042.79 56.61 NOTE
r-devel-windows-ix86+x86_64 3042.79 9.00 65.00 74.00 OK
r-patched-linux-x86_64 3042.79 3.73 50.56 54.29 NOTE
r-patched-solaris-x86 3042.79 78.60 OK
r-release-linux-x86_64 3042.79 4.15 49.76 53.91 NOTE
r-release-windows-ix86+x86_64 3042.79 10.00 87.00 97.00 OK
r-release-osx-x86_64 3042.79 OK
r-oldrel-windows-ix86+x86_64 3042.79 13.00 83.00 96.00 OK
r-oldrel-osx-x86_64 3042.79 OK

Check Details

Version: 3042.79
Check: compiled code
Result: NOTE
    File ‘fUnitRoots/libs/fUnitRoots.so’:
     Found no calls to: ‘R_registerRoutines’, ‘R_useDynamicSymbols’
    
    It is good practice to register native routines and to disable symbol
    search.
    
    See ‘Writing portable packages’ in the ‘Writing R Extensions’ manual.
Flavors: r-devel-linux-x86_64-debian-clang, r-devel-linux-x86_64-debian-gcc, r-devel-linux-x86_64-fedora-clang, r-devel-linux-x86_64-fedora-gcc, r-patched-linux-x86_64, r-release-linux-x86_64