CRAN Package Check Results for Package fUnitRoots

Last updated on 2015-05-27 06:46:45.

Flavor Version Tinstall Tcheck Ttotal Status Flags
r-devel-linux-x86_64-debian-clang 3010.78 2.96 31.91 34.87 NOTE
r-devel-linux-x86_64-debian-gcc 3010.78 2.83 30.76 33.59 NOTE
r-devel-linux-x86_64-fedora-clang 3010.78 67.33 NOTE
r-devel-linux-x86_64-fedora-gcc 3010.78 61.47 NOTE
r-devel-osx-x86_64-clang 3010.78 62.82 NOTE
r-devel-windows-ix86+x86_64 3010.78 10.00 58.00 68.00 NOTE
r-patched-linux-x86_64 3010.78 2.84 30.78 33.62 NOTE
r-patched-solaris-sparc 3010.78 392.70 NOTE
r-patched-solaris-x86 3010.78 83.60 NOTE
r-release-linux-x86_64 3010.78 2.88 30.82 33.70 NOTE
r-release-osx-x86_64-mavericks 3010.78 NOTE
r-release-osx-x86_64-snowleopard 3010.78 NOTE
r-release-windows-ix86+x86_64 3010.78 10.00 56.00 66.00 NOTE
r-oldrel-windows-ix86+x86_64 3010.78 12.00 80.00 92.00 NOTE

Check Details

Version: 3010.78
Check: DESCRIPTION meta-information
Result: NOTE
    Malformed Description field: should contain one or more complete sentences.
Flavors: r-devel-linux-x86_64-debian-clang, r-devel-linux-x86_64-debian-gcc, r-devel-linux-x86_64-fedora-clang, r-devel-linux-x86_64-fedora-gcc, r-devel-osx-x86_64-clang, r-devel-windows-ix86+x86_64, r-patched-linux-x86_64, r-patched-solaris-sparc, r-patched-solaris-x86, r-release-linux-x86_64, r-release-osx-x86_64-mavericks, r-release-osx-x86_64-snowleopard, r-release-windows-ix86+x86_64

Version: 3010.78
Check: line endings in Makefiles
Result: NOTE
    Found the following Makefile(s) without a final LF:
     inst/unitTests/Makefile
    Some ‘make’ programs ignore lines not ending in LF.
Flavors: r-devel-linux-x86_64-debian-clang, r-devel-linux-x86_64-debian-gcc, r-devel-linux-x86_64-fedora-clang, r-devel-linux-x86_64-fedora-gcc, r-devel-osx-x86_64-clang, r-devel-windows-ix86+x86_64, r-patched-linux-x86_64, r-patched-solaris-sparc, r-patched-solaris-x86, r-release-linux-x86_64, r-release-osx-x86_64-mavericks, r-release-osx-x86_64-snowleopard, r-release-windows-ix86+x86_64, r-oldrel-windows-ix86+x86_64