CRAN Package Check Results for Package fUnitRoots

Last updated on 2018-05-25 10:48:22 CEST.

Flavor Version Tinstall Tcheck Ttotal Status Flags
r-devel-linux-x86_64-debian-clang 3042.79 4.52 48.94 53.46 NOTE
r-devel-linux-x86_64-debian-gcc 3042.79 4.16 43.21 47.37 NOTE
r-devel-linux-x86_64-fedora-clang 3042.79 76.75 NOTE
r-devel-linux-x86_64-fedora-gcc 3042.79 67.08 NOTE
r-devel-windows-ix86+x86_64 3042.79 13.00 94.00 107.00 OK
r-patched-linux-x86_64 3042.79 3.62 46.75 50.37 NOTE
r-patched-solaris-x86 3042.79 84.70 OK
r-release-linux-x86_64 3042.79 4.34 46.55 50.89 NOTE
r-release-windows-ix86+x86_64 3042.79 13.00 88.00 101.00 OK
r-release-osx-x86_64 3042.79 OK
r-oldrel-windows-ix86+x86_64 3042.79 14.00 67.00 81.00 OK
r-oldrel-osx-x86_64 3042.79 OK

Check Details

Version: 3042.79
Check: compiled code
Result: NOTE
    File ‘fUnitRoots/libs/fUnitRoots.so’:
     Found no calls to: ‘R_registerRoutines’, ‘R_useDynamicSymbols’
    
    It is good practice to register native routines and to disable symbol
    search.
    
    See ‘Writing portable packages’ in the ‘Writing R Extensions’ manual.
Flavors: r-devel-linux-x86_64-debian-clang, r-devel-linux-x86_64-debian-gcc, r-devel-linux-x86_64-fedora-clang, r-devel-linux-x86_64-fedora-gcc, r-patched-linux-x86_64, r-release-linux-x86_64