CRAN Package Check Results for Package fUnitRoots

Last updated on 2015-03-03 11:49:18.

Flavor Version Tinstall Tcheck Ttotal Status Flags
r-devel-linux-x86_64-debian-clang 3010.78 3.11 32.82 35.94 NOTE
r-devel-linux-x86_64-debian-gcc 3010.78 2.81 31.16 33.96 NOTE
r-devel-linux-x86_64-fedora-clang 3010.78 70.39 NOTE
r-devel-linux-x86_64-fedora-gcc 3010.78 62.11 NOTE
r-devel-osx-x86_64-clang 3010.78 64.68 NOTE
r-devel-windows-ix86+x86_64 3010.78 15.00 73.00 88.00 NOTE
r-patched-linux-x86_64 3010.78 3.74 39.30 43.04 NOTE
r-patched-solaris-sparc 3010.78 504.30 NOTE
r-patched-solaris-x86 3010.78 108.00 NOTE
r-release-linux-ix86 3010.78 4.51 47.23 51.74 OK
r-release-linux-x86_64 3010.78 3.74 39.73 43.47 OK
r-release-osx-x86_64-mavericks 3010.78 NOTE
r-release-windows-ix86+x86_64 3010.78 19.00 95.00 114.00 OK
r-oldrel-windows-ix86+x86_64 3010.78 11.00 67.00 78.00 OK

Check Details

Version: 3010.78
Check: DESCRIPTION meta-information
Result: NOTE
    Malformed Description field: should contain one or more complete sentences.
Flavors: r-devel-linux-x86_64-debian-clang, r-devel-linux-x86_64-debian-gcc, r-devel-linux-x86_64-fedora-clang, r-devel-linux-x86_64-fedora-gcc, r-devel-osx-x86_64-clang, r-devel-windows-ix86+x86_64

Version: 3010.78
Check: line endings in Makefiles
Result: NOTE
    Found the following Makefile(s) without a final LF:
     inst/unitTests/Makefile
    Some ‘make’ programs ignore lines not ending in LF.
Flavors: r-devel-linux-x86_64-debian-clang, r-devel-linux-x86_64-debian-gcc, r-devel-linux-x86_64-fedora-clang, r-devel-linux-x86_64-fedora-gcc, r-devel-osx-x86_64-clang, r-devel-windows-ix86+x86_64, r-patched-linux-x86_64, r-patched-solaris-sparc, r-patched-solaris-x86, r-release-osx-x86_64-mavericks