CRAN Package Check Results for Package fUnitRoots

Last updated on 2015-01-26 16:46:41.

Flavor Version Tinstall Tcheck Ttotal Status Flags
r-devel-linux-x86_64-debian-clang 3010.78 3.51 35.80 39.30 NOTE
r-devel-linux-x86_64-debian-gcc 3010.78 3.57 33.54 37.11 NOTE
r-devel-linux-x86_64-fedora-clang 3010.78 90.15 NOTE
r-devel-linux-x86_64-fedora-gcc 3010.78 87.55 NOTE
r-devel-osx-x86_64-clang 3010.78 79.68 NOTE
r-devel-windows-ix86+x86_64 3010.78 15.00 60.00 75.00 NOTE
r-patched-linux-x86_64 3010.78 3.69 38.36 42.04 NOTE
r-patched-solaris-sparc 3010.78 479.20 NOTE
r-patched-solaris-x86 3010.78 106.90 NOTE
r-release-linux-ix86 3010.78 4.40 45.46 49.86 OK
r-release-linux-x86_64 3010.78 3.76 38.25 42.01 OK
r-release-osx-x86_64-mavericks 3010.78 NOTE
r-release-windows-ix86+x86_64 3010.78 12.00 67.00 79.00 OK
r-oldrel-windows-ix86+x86_64 3010.78 16.00 68.00 84.00 OK

Check Details

Version: 3010.78
Check: line endings in Makefiles
Result: NOTE
    Found the following Makefile(s) without a final LF:
     inst/unitTests/Makefile
    Some ‘make’ programs ignore lines not ending in LF.
Flavors: r-devel-linux-x86_64-debian-clang, r-devel-linux-x86_64-debian-gcc, r-devel-linux-x86_64-fedora-clang, r-devel-linux-x86_64-fedora-gcc, r-devel-osx-x86_64-clang, r-devel-windows-ix86+x86_64, r-patched-linux-x86_64, r-patched-solaris-sparc, r-patched-solaris-x86, r-release-osx-x86_64-mavericks