CRAN Package Check Results for Package fUnitRoots

Last updated on 2014-04-23 12:48:18.

Flavor Version Tinstall Tcheck Ttotal Status Flags
r-devel-linux-x86_64-debian-clang 3010.78 4.30 41.33 45.62 OK
r-devel-linux-x86_64-debian-gcc 3010.78 3.90 40.97 44.86 OK
r-devel-linux-x86_64-fedora-clang 3010.78 94.58 OK
r-devel-linux-x86_64-fedora-gcc 3010.78 88.43 OK
r-devel-osx-x86_64-clang 3010.78 75.59 OK
r-devel-osx-x86_64-gcc 3010.78 OK
r-devel-windows-ix86+x86_64 3010.78 14.00 68.00 82.00 OK
r-patched-linux-x86_64 3010.78 3.93 40.06 43.99 OK
r-patched-solaris-sparc 3010.78 493.10 OK
r-patched-solaris-x86 3010.78 112.10 OK
r-release-linux-ix86 3010.78 7.00 66.00 73.00 OK
r-release-linux-x86_64 3010.78 3.92 39.97 43.89 OK
r-release-osx-x86_64-mavericks 3010.78 WARN
r-release-windows-ix86+x86_64 3010.78 13.00 75.00 88.00 OK
r-oldrel-windows-ix86+x86_64 3010.78 12.00 74.00 86.00 OK

Check Details

Version: 3010.78
Check: PDF version of manual
Result: WARNING
    LaTeX errors when creating PDF version.
    This typically indicates Rd problems.
    LaTeX errors found:
    ! LaTeX Error: File `upquote.sty' not found.
    
    Type X to quit or <RETURN> to proceed,
    or enter new name. (Default extension: sty)
    
    e9f4b4a/Rd2.tex:8: ==> Fatal error occurred, no output PDF file produced!
Flavor: r-release-osx-x86_64-mavericks