CRAN Package Check Results for Package fUnitRoots

Last updated on 2015-04-18 21:49:01.

Flavor Version Tinstall Tcheck Ttotal Status Flags
r-devel-linux-x86_64-debian-clang 3010.78 3.18 31.34 34.52 NOTE
r-devel-linux-x86_64-debian-gcc 3010.78 3.09 32.27 35.36 NOTE
r-devel-linux-x86_64-fedora-clang 3010.78 67.49 NOTE
r-devel-linux-x86_64-fedora-gcc 3010.78 62.39 NOTE
r-devel-osx-x86_64-clang 3010.78 63.24 NOTE
r-patched-linux-x86_64 3010.78 2.87 31.23 34.10 NOTE
r-patched-solaris-sparc 3010.78 375.40 NOTE
r-patched-solaris-x86 3010.78 82.10 NOTE
r-release-linux-x86_64 3010.78 2.88 31.40 34.28 NOTE
r-release-osx-x86_64-mavericks 3010.78 NOTE
r-release-osx-x86_64-snowleopard 3010.78 NOTE
r-release-windows-ix86+x86_64 3010.78 10.00 67.00 77.00 NOTE
r-oldrel-windows-ix86+x86_64 3010.78 13.00 89.00 102.00 OK

Check Details

Version: 3010.78
Check: DESCRIPTION meta-information
Result: NOTE
    Malformed Description field: should contain one or more complete sentences.
Flavors: r-devel-linux-x86_64-debian-clang, r-devel-linux-x86_64-debian-gcc, r-devel-linux-x86_64-fedora-clang, r-devel-linux-x86_64-fedora-gcc, r-devel-osx-x86_64-clang, r-patched-linux-x86_64, r-patched-solaris-sparc, r-patched-solaris-x86, r-release-linux-x86_64, r-release-osx-x86_64-mavericks, r-release-osx-x86_64-snowleopard, r-release-windows-ix86+x86_64

Version: 3010.78
Check: line endings in Makefiles
Result: NOTE
    Found the following Makefile(s) without a final LF:
     inst/unitTests/Makefile
    Some ‘make’ programs ignore lines not ending in LF.
Flavors: r-devel-linux-x86_64-debian-clang, r-devel-linux-x86_64-debian-gcc, r-devel-linux-x86_64-fedora-clang, r-devel-linux-x86_64-fedora-gcc, r-devel-osx-x86_64-clang, r-patched-linux-x86_64, r-patched-solaris-sparc, r-patched-solaris-x86, r-release-linux-x86_64, r-release-osx-x86_64-mavericks, r-release-osx-x86_64-snowleopard, r-release-windows-ix86+x86_64