CRAN Package Check Results for Package fUnitRoots

Last updated on 2016-12-02 18:47:33.

Flavor Version Tinstall Tcheck Ttotal Status Flags
r-devel-linux-x86_64-debian-clang 3010.78 3.31 35.45 38.76 WARN
r-devel-linux-x86_64-debian-gcc 3010.78 3.17 35.02 38.19 WARN
r-devel-linux-x86_64-fedora-clang 3010.78 72.69 WARN
r-devel-linux-x86_64-fedora-gcc 3010.78 67.40 WARN
r-devel-macos-x86_64-clang 3010.78 58.74 WARN
r-devel-windows-ix86+x86_64 3010.78 11.00 68.00 79.00 WARN
r-patched-linux-x86_64 3010.78 2.92 31.51 34.42 NOTE
r-patched-solaris-sparc 3010.78 369.30 NOTE
r-patched-solaris-x86 3010.78 77.60 NOTE
r-release-linux-x86_64 3010.78 2.96 31.22 34.18 NOTE
r-release-osx-x86_64-mavericks 3010.78 NOTE
r-release-windows-ix86+x86_64 3010.78 15.00 93.00 108.00 NOTE
r-oldrel-windows-ix86+x86_64 3010.78 15.00 92.00 107.00 NOTE

Check Details

Version: 3010.78
Check: whether package can be installed
Result: WARN
    Found the following significant warnings:
     Warning: GNU Extension: Nonstandard type declaration REAL*8 at (1)
Flavors: r-devel-linux-x86_64-debian-clang, r-devel-linux-x86_64-debian-gcc, r-devel-linux-x86_64-fedora-clang, r-devel-linux-x86_64-fedora-gcc, r-devel-macos-x86_64-clang, r-devel-windows-ix86+x86_64

Version: 3010.78
Check: DESCRIPTION meta-information
Result: NOTE
    Malformed Description field: should contain one or more complete sentences.
Flavors: r-devel-linux-x86_64-debian-clang, r-devel-linux-x86_64-debian-gcc, r-devel-linux-x86_64-fedora-clang, r-devel-linux-x86_64-fedora-gcc, r-devel-macos-x86_64-clang, r-devel-windows-ix86+x86_64, r-patched-linux-x86_64, r-patched-solaris-sparc, r-patched-solaris-x86, r-release-linux-x86_64, r-release-osx-x86_64-mavericks, r-release-windows-ix86+x86_64, r-oldrel-windows-ix86+x86_64

Version: 3010.78
Check: R code for possible problems
Result: NOTE
    .adfPlot: no visible global function definition for ‘persp’
    adfTest: no visible global function definition for ‘embed’
    adfTest: no visible global function definition for ‘lm’
    adfTest: no visible global function definition for ‘approx’
    padf: no visible global function definition for ‘approx’
    qadf: no visible global function definition for ‘approx’
    unitrootTest: no visible global function definition for ‘embed’
    unitrootTest: no visible global function definition for ‘lm’
    urdfTest: no visible global function definition for ‘capture.output’
    urersTest: no visible global function definition for ‘capture.output’
    urkpssTest: no visible global function definition for ‘capture.output’
    urppTest: no visible global function definition for ‘capture.output’
    urspTest: no visible global function definition for ‘capture.output’
    urzaTest: no visible global function definition for ‘capture.output’
    Undefined global functions or variables:
     approx capture.output embed lm persp
    Consider adding
     importFrom("graphics", "persp")
     importFrom("stats", "approx", "embed", "lm")
     importFrom("utils", "capture.output")
    to your NAMESPACE file.
Flavors: r-devel-linux-x86_64-debian-clang, r-devel-linux-x86_64-debian-gcc, r-devel-linux-x86_64-fedora-clang, r-devel-linux-x86_64-fedora-gcc, r-devel-macos-x86_64-clang, r-devel-windows-ix86+x86_64, r-patched-linux-x86_64, r-patched-solaris-sparc, r-patched-solaris-x86, r-release-linux-x86_64, r-release-osx-x86_64-mavericks, r-release-windows-ix86+x86_64

Version: 3010.78
Check: line endings in Makefiles
Result: NOTE
    Found the following Makefile(s) without a final LF:
     inst/unitTests/Makefile
    Some ‘make’ programs ignore lines not ending in LF.
Flavors: r-devel-linux-x86_64-debian-clang, r-devel-linux-x86_64-debian-gcc, r-devel-linux-x86_64-fedora-clang, r-devel-linux-x86_64-fedora-gcc, r-devel-macos-x86_64-clang, r-devel-windows-ix86+x86_64, r-patched-linux-x86_64, r-patched-solaris-sparc, r-patched-solaris-x86, r-release-linux-x86_64, r-release-osx-x86_64-mavericks, r-release-windows-ix86+x86_64, r-oldrel-windows-ix86+x86_64