Last updated on 2023-12-07 13:48:28 CET.
Flavor | Version | Tinstall | Tcheck | Ttotal | Status | Flags |
---|---|---|---|---|---|---|
r-devel-linux-x86_64-debian-clang | 1.0 | 17.23 | 75.04 | 92.27 | NOTE | |
r-devel-linux-x86_64-debian-gcc | 1.0 | 13.10 | 55.16 | 68.26 | NOTE | |
r-devel-linux-x86_64-fedora-clang | 1.0 | 118.80 | NOTE | |||
r-devel-linux-x86_64-fedora-gcc | 1.0 | 111.61 | OK | |||
r-devel-windows-x86_64 | 1.0 | 15.00 | 75.00 | 90.00 | OK | |
r-patched-linux-x86_64 | 1.0 | 14.31 | 71.05 | 85.36 | OK | |
r-release-linux-x86_64 | 1.0 | 12.65 | 69.24 | 81.89 | OK | |
r-release-macos-arm64 | 1.0 | 31.00 | OK | |||
r-release-macos-x86_64 | 1.0 | 93.00 | OK | |||
r-release-windows-x86_64 | 1.0 | 21.00 | 85.00 | 106.00 | OK | |
r-oldrel-macos-arm64 | 1.0 | 34.00 | OK | |||
r-oldrel-macos-x86_64 | 1.0 | 50.00 | OK | |||
r-oldrel-windows-x86_64 | 1.0 | 20.00 | 87.00 | 107.00 | OK |
Version: 1.0
Check: Rd files
Result: NOTE
checkRd: (-1) fmCov.Rd:37: Lost braces; missing escapes or markup?
37 | where, \code{alpha(i)} is the intercept, \code{f(t)} is a {K x 1} vector of
| ^
checkRd: (-1) plot.ffm.Rd:82: Lost braces; missing escapes or markup?
82 | \item{las}{one of {0, 1, 2, 3} to set the direction of axis labels, same as
| ^
checkRd: (-1) summary.ffm.Rd:39: Lost braces; missing escapes or markup?
39 | Returned object is of class {summary.ffm}.
| ^
Flavors: r-devel-linux-x86_64-debian-clang, r-devel-linux-x86_64-debian-gcc
Version: 1.0
Check: Rd cross-references
Result: NOTE
Undeclared package ‘strucchange’ in Rd xrefs
Flavor: r-devel-linux-x86_64-fedora-clang