CRAN Package Check Results for Package factorQR

Last updated on 2017-01-18 23:51:53.

Flavor Version Tinstall Tcheck Ttotal Status Flags
r-devel-linux-x86_64-debian-clang 0.1-4 3.21 13.17 16.37 NOTE
r-devel-linux-x86_64-debian-gcc 0.1-4 3.13 12.83 15.97 NOTE
r-devel-linux-x86_64-fedora-clang 0.1-4 26.20 NOTE --no-stop-on-test-error
r-devel-linux-x86_64-fedora-gcc 0.1-4 23.22 NOTE --no-stop-on-test-error
r-devel-macos-x86_64-clang 0.1-4 22.77 NOTE --no-stop-on-test-error
r-devel-windows-ix86+x86_64 0.1-4 18.00 32.00 50.00 NOTE
r-patched-linux-x86_64 0.1-4 2.66 10.73 13.39 NOTE
r-patched-solaris-sparc 0.1-4 132.60 NOTE
r-patched-solaris-x86 0.1-4 32.50 NOTE
r-release-linux-x86_64 0.1-4 2.63 10.87 13.49 NOTE
r-release-osx-x86_64-mavericks 0.1-4 NOTE
r-release-windows-ix86+x86_64 0.1-4 9.00 40.00 49.00 NOTE
r-oldrel-windows-ix86+x86_64 0.1-4 12.00 39.00 51.00 NOTE

Check Details

Version: 0.1-4
Check: R code for possible problems
Result: NOTE
    bayesQR : captureFormula: warning in match.call(expand = FALSE):
     partial argument match of ‘expand’ to ‘expand.dots’
    bayesQR: warning in matrix(beta, nc = 1): partial argument match of
     ‘nc’ to ‘ncol’
    factorQR : captureFormula: warning in match.call(expand = FALSE):
     partial argument match of ‘expand’ to ‘expand.dots’
    factorQR: warning in matrix(rnorm(nObs * nFact), nr = nObs): partial
     argument match of ‘nr’ to ‘nrow’
    factorQR: warning in matrix(0, nr = nFact + xBetLen + numManInd, nc =
     nFact + xBetLen + numManInd): partial argument match of ‘nr’ to
     ‘nrow’
    factorQR: warning in matrix(0, nr = nFact + xBetLen + numManInd, nc =
     nFact + xBetLen + numManInd): partial argument match of ‘nc’ to
     ‘ncol’
    factorQR: warning in matrix(0, nr = nFact + xBetLen + 1, nc = nFact +
     xBetLen + 1): partial argument match of ‘nr’ to ‘nrow’
    factorQR: warning in matrix(0, nr = nFact + xBetLen + 1, nc = nFact +
     xBetLen + 1): partial argument match of ‘nc’ to ‘ncol’
    factorQR: warning in matrix(0, nr = xLength, nc = nFact): partial
     argument match of ‘nr’ to ‘nrow’
    factorQR: warning in matrix(0, nr = xLength, nc = nFact): partial
     argument match of ‘nc’ to ‘ncol’
    makeData: warning in matrix(0, nr = xLength, nc = nFact): partial
     argument match of ‘nr’ to ‘nrow’
    makeData: warning in matrix(0, nr = xLength, nc = nFact): partial
     argument match of ‘nc’ to ‘ncol’
    makeData: warning in matrix(rnorm(N * nFact), nc = nFact): partial
     argument match of ‘nc’ to ‘ncol’
    makeData: warning in matrix(rnorm(N * xLength), nc = xLength): partial
     argument match of ‘nc’ to ‘ncol’
    plot.bayesQR: warning in matrix(sampledVals, nc = 1): partial argument
     match of ‘nc’ to ‘ncol’
    plot.factorQR: warning in matrix(sampledVals, nc = 1): partial argument
     match of ‘nc’ to ‘ncol’
    bayesQR: no visible global function definition for ‘model.response’
    bayesQR: no visible global function definition for
     ‘model.matrix.default’
    factorQR: no visible global function definition for ‘model.response’
    factorQR: no visible global function definition for
     ‘model.matrix.default’
    factorQR: no visible binding for global variable ‘sd’
    factorQR: no visible global function definition for ‘rnorm’
    makeData : ralap: no visible global function definition for ‘runif’
    makeData: no visible global function definition for ‘rnorm’
    print.summary.bayesQR: no visible global function definition for
     ‘printCoefmat’
    print.summary.factorQR: no visible global function definition for
     ‘printCoefmat’
    summary.bayesQR: no visible binding for global variable ‘sd’
    summary.bayesQR: no visible binding for global variable ‘quantile’
    summary.factorQR: no visible binding for global variable ‘sd’
    summary.factorQR: no visible binding for global variable ‘quantile’
    Undefined global functions or variables:
     model.matrix.default model.response printCoefmat quantile rnorm runif
     sd
    Consider adding
     importFrom("stats", "model.matrix.default", "model.response",
     "printCoefmat", "quantile", "rnorm", "runif", "sd")
    to your NAMESPACE file.
Flavors: r-devel-linux-x86_64-debian-clang, r-devel-linux-x86_64-debian-gcc, r-devel-windows-ix86+x86_64, r-patched-linux-x86_64, r-patched-solaris-sparc, r-patched-solaris-x86, r-release-linux-x86_64, r-release-osx-x86_64-mavericks, r-release-windows-ix86+x86_64

Version: 0.1-4
Flags: --no-stop-on-test-error
Check: R code for possible problems
Result: NOTE
    bayesQR : captureFormula: warning in match.call(expand = FALSE):
     partial argument match of 'expand' to 'expand.dots'
    bayesQR: warning in matrix(beta, nc = 1): partial argument match of
     'nc' to 'ncol'
    factorQR : captureFormula: warning in match.call(expand = FALSE):
     partial argument match of 'expand' to 'expand.dots'
    factorQR: warning in matrix(rnorm(nObs * nFact), nr = nObs): partial
     argument match of 'nr' to 'nrow'
    factorQR: warning in matrix(0, nr = nFact + xBetLen + numManInd, nc =
     nFact + xBetLen + numManInd): partial argument match of 'nr' to
     'nrow'
    factorQR: warning in matrix(0, nr = nFact + xBetLen + numManInd, nc =
     nFact + xBetLen + numManInd): partial argument match of 'nc' to
     'ncol'
    factorQR: warning in matrix(0, nr = nFact + xBetLen + 1, nc = nFact +
     xBetLen + 1): partial argument match of 'nr' to 'nrow'
    factorQR: warning in matrix(0, nr = nFact + xBetLen + 1, nc = nFact +
     xBetLen + 1): partial argument match of 'nc' to 'ncol'
    factorQR: warning in matrix(0, nr = xLength, nc = nFact): partial
     argument match of 'nr' to 'nrow'
    factorQR: warning in matrix(0, nr = xLength, nc = nFact): partial
     argument match of 'nc' to 'ncol'
    makeData: warning in matrix(0, nr = xLength, nc = nFact): partial
     argument match of 'nr' to 'nrow'
    makeData: warning in matrix(0, nr = xLength, nc = nFact): partial
     argument match of 'nc' to 'ncol'
    makeData: warning in matrix(rnorm(N * nFact), nc = nFact): partial
     argument match of 'nc' to 'ncol'
    makeData: warning in matrix(rnorm(N * xLength), nc = xLength): partial
     argument match of 'nc' to 'ncol'
    plot.bayesQR: warning in matrix(sampledVals, nc = 1): partial argument
     match of 'nc' to 'ncol'
    plot.factorQR: warning in matrix(sampledVals, nc = 1): partial argument
     match of 'nc' to 'ncol'
    bayesQR: no visible global function definition for ‘model.response’
    bayesQR: no visible global function definition for
     ‘model.matrix.default’
    factorQR: no visible global function definition for ‘model.response’
    factorQR: no visible global function definition for
     ‘model.matrix.default’
    factorQR: no visible binding for global variable ‘sd’
    factorQR: no visible global function definition for ‘rnorm’
    makeData : ralap: no visible global function definition for ‘runif’
    makeData: no visible global function definition for ‘rnorm’
    print.summary.bayesQR: no visible global function definition for
     ‘printCoefmat’
    print.summary.factorQR: no visible global function definition for
     ‘printCoefmat’
    summary.bayesQR: no visible binding for global variable ‘sd’
    summary.bayesQR: no visible binding for global variable ‘quantile’
    summary.factorQR: no visible binding for global variable ‘sd’
    summary.factorQR: no visible binding for global variable ‘quantile’
    Undefined global functions or variables:
     model.matrix.default model.response printCoefmat quantile rnorm runif
     sd
    Consider adding
     importFrom("stats", "model.matrix.default", "model.response",
     "printCoefmat", "quantile", "rnorm", "runif", "sd")
    to your NAMESPACE file.
Flavors: r-devel-linux-x86_64-fedora-clang, r-devel-linux-x86_64-fedora-gcc, r-devel-macos-x86_64-clang

Version: 0.1-4
Check: R code for possible problems
Result: NOTE
    bayesQR : captureFormula: warning in match.call(expand = FALSE):
     partial argument match of 'expand' to 'expand.dots'
    bayesQR: warning in matrix(beta, nc = 1): partial argument match of
     'nc' to 'ncol'
    factorQR : captureFormula: warning in match.call(expand = FALSE):
     partial argument match of 'expand' to 'expand.dots'
    factorQR: warning in matrix(rnorm(nObs * nFact), nr = nObs): partial
     argument match of 'nr' to 'nrow'
    factorQR: warning in matrix(0, nr = nFact + xBetLen + numManInd, nc =
     nFact + xBetLen + numManInd): partial argument match of 'nr' to
     'nrow'
    factorQR: warning in matrix(0, nr = nFact + xBetLen + numManInd, nc =
     nFact + xBetLen + numManInd): partial argument match of 'nc' to
     'ncol'
    factorQR: warning in matrix(0, nr = nFact + xBetLen + 1, nc = nFact +
     xBetLen + 1): partial argument match of 'nr' to 'nrow'
    factorQR: warning in matrix(0, nr = nFact + xBetLen + 1, nc = nFact +
     xBetLen + 1): partial argument match of 'nc' to 'ncol'
    factorQR: warning in matrix(0, nr = xLength, nc = nFact): partial
     argument match of 'nr' to 'nrow'
    factorQR: warning in matrix(0, nr = xLength, nc = nFact): partial
     argument match of 'nc' to 'ncol'
    makeData: warning in matrix(0, nr = xLength, nc = nFact): partial
     argument match of 'nr' to 'nrow'
    makeData: warning in matrix(0, nr = xLength, nc = nFact): partial
     argument match of 'nc' to 'ncol'
    makeData: warning in matrix(rnorm(N * nFact), nc = nFact): partial
     argument match of 'nc' to 'ncol'
    makeData: warning in matrix(rnorm(N * xLength), nc = xLength): partial
     argument match of 'nc' to 'ncol'
    plot.bayesQR: warning in matrix(sampledVals, nc = 1): partial argument
     match of 'nc' to 'ncol'
    plot.factorQR: warning in matrix(sampledVals, nc = 1): partial argument
     match of 'nc' to 'ncol'
Flavor: r-oldrel-windows-ix86+x86_64