CRAN Package Check Results for Package factorQR

Last updated on 2014-10-01 11:47:46.

Flavor Version Tinstall Tcheck Ttotal Status Flags
r-devel-linux-x86_64-debian-clang 0.1-4 2.30 11.56 13.85 NOTE
r-devel-linux-x86_64-debian-gcc 0.1-4 2.50 11.48 13.98 NOTE
r-devel-linux-x86_64-fedora-clang 0.1-4 27.55 NOTE
r-devel-linux-x86_64-fedora-gcc 0.1-4 24.70 NOTE
r-devel-osx-x86_64-clang 0.1-4 26.83 NOTE
r-devel-windows-ix86+x86_64 0.1-4 9.00 23.00 32.00 NOTE
r-patched-linux-x86_64 0.1-4 2.55 11.72 14.27 NOTE
r-patched-solaris-sparc 0.1-4 156.70 NOTE
r-patched-solaris-x86 0.1-4 42.40 NOTE
r-release-linux-ix86 0.1-4 2.67 17.50 20.18 NOTE
r-release-linux-x86_64 0.1-4 2.52 12.48 15.00 NOTE
r-release-osx-x86_64-mavericks 0.1-4 NOTE
r-release-windows-ix86+x86_64 0.1-4 11.00 24.00 35.00 NOTE
r-oldrel-windows-ix86+x86_64 0.1-4 10.00 26.00 36.00 NOTE

Check Details

Version: 0.1-4
Check: R code for possible problems
Result: NOTE
    bayesQR : captureFormula: warning in match.call(expand = FALSE):
     partial argument match of ‘expand’ to ‘expand.dots’
    bayesQR: warning in matrix(beta, nc = 1): partial argument match of
     ‘nc’ to ‘ncol’
    factorQR : captureFormula: warning in match.call(expand = FALSE):
     partial argument match of ‘expand’ to ‘expand.dots’
    factorQR: warning in matrix(rnorm(nObs * nFact), nr = nObs): partial
     argument match of ‘nr’ to ‘nrow’
    factorQR: warning in matrix(0, nr = nFact + xBetLen + numManInd, nc =
     nFact + xBetLen + numManInd): partial argument match of ‘nr’ to
     ‘nrow’
    factorQR: warning in matrix(0, nr = nFact + xBetLen + numManInd, nc =
     nFact + xBetLen + numManInd): partial argument match of ‘nc’ to
     ‘ncol’
    factorQR: warning in matrix(0, nr = nFact + xBetLen + 1, nc = nFact +
     xBetLen + 1): partial argument match of ‘nr’ to ‘nrow’
    factorQR: warning in matrix(0, nr = nFact + xBetLen + 1, nc = nFact +
     xBetLen + 1): partial argument match of ‘nc’ to ‘ncol’
    factorQR: warning in matrix(0, nr = xLength, nc = nFact): partial
     argument match of ‘nr’ to ‘nrow’
    factorQR: warning in matrix(0, nr = xLength, nc = nFact): partial
     argument match of ‘nc’ to ‘ncol’
    makeData: warning in matrix(0, nr = xLength, nc = nFact): partial
     argument match of ‘nr’ to ‘nrow’
    makeData: warning in matrix(0, nr = xLength, nc = nFact): partial
     argument match of ‘nc’ to ‘ncol’
    makeData: warning in matrix(rnorm(N * nFact), nc = nFact): partial
     argument match of ‘nc’ to ‘ncol’
    makeData: warning in matrix(rnorm(N * xLength), nc = xLength): partial
     argument match of ‘nc’ to ‘ncol’
    plot.bayesQR: warning in matrix(sampledVals, nc = 1): partial argument
     match of ‘nc’ to ‘ncol’
    plot.factorQR: warning in matrix(sampledVals, nc = 1): partial argument
     match of ‘nc’ to ‘ncol’
Flavors: r-devel-linux-x86_64-debian-clang, r-devel-linux-x86_64-debian-gcc, r-devel-linux-x86_64-fedora-clang, r-devel-linux-x86_64-fedora-gcc, r-devel-osx-x86_64-clang, r-devel-windows-ix86+x86_64, r-patched-linux-x86_64, r-patched-solaris-sparc, r-patched-solaris-x86, r-release-linux-ix86, r-release-linux-x86_64, r-release-osx-x86_64-mavericks, r-release-windows-ix86+x86_64, r-oldrel-windows-ix86+x86_64