CRAN Package Check Results for Package factorQR

Last updated on 2017-04-27 10:48:20.

Flavor Version Tinstall Tcheck Ttotal Status Flags
r-devel-linux-x86_64-debian-clang 0.1-4 2.96 13.36 16.32 NOTE
r-devel-linux-x86_64-debian-gcc 0.1-4 3.14 13.11 16.25 NOTE
r-devel-linux-x86_64-fedora-clang 0.1-4 26.11 NOTE --no-stop-on-test-error
r-devel-linux-x86_64-fedora-gcc 0.1-4 23.96 NOTE --no-stop-on-test-error
r-devel-windows-ix86+x86_64 0.1-4 10.00 44.00 54.00 NOTE
r-patched-linux-x86_64 0.1-4 3.17 12.96 16.13 NOTE
r-patched-solaris-sparc 0.1-4 153.90 NOTE
r-patched-solaris-x86 0.1-4 37.40 NOTE
r-release-linux-x86_64 0.1-4 3.00 13.34 16.34 NOTE
r-release-windows-ix86+x86_64 0.1-4 12.00 34.00 46.00 NOTE
r-release-osx-x86_64 0.1-4 NOTE
r-oldrel-windows-ix86+x86_64 0.1-4 11.00 42.00 53.00 NOTE
r-oldrel-osx-x86_64 0.1-4 NOTE

Check Details

Version: 0.1-4
Check: R code for possible problems
Result: NOTE
    bayesQR : captureFormula: warning in match.call(expand = FALSE):
     partial argument match of ‘expand’ to ‘expand.dots’
    bayesQR: warning in matrix(beta, nc = 1): partial argument match of
     ‘nc’ to ‘ncol’
    factorQR : captureFormula: warning in match.call(expand = FALSE):
     partial argument match of ‘expand’ to ‘expand.dots’
    factorQR: warning in matrix(rnorm(nObs * nFact), nr = nObs): partial
     argument match of ‘nr’ to ‘nrow’
    factorQR: warning in matrix(0, nr = nFact + xBetLen + numManInd, nc =
     nFact + xBetLen + numManInd): partial argument match of ‘nr’ to
     ‘nrow’
    factorQR: warning in matrix(0, nr = nFact + xBetLen + numManInd, nc =
     nFact + xBetLen + numManInd): partial argument match of ‘nc’ to
     ‘ncol’
    factorQR: warning in matrix(0, nr = nFact + xBetLen + 1, nc = nFact +
     xBetLen + 1): partial argument match of ‘nr’ to ‘nrow’
    factorQR: warning in matrix(0, nr = nFact + xBetLen + 1, nc = nFact +
     xBetLen + 1): partial argument match of ‘nc’ to ‘ncol’
    factorQR: warning in matrix(0, nr = xLength, nc = nFact): partial
     argument match of ‘nr’ to ‘nrow’
    factorQR: warning in matrix(0, nr = xLength, nc = nFact): partial
     argument match of ‘nc’ to ‘ncol’
    makeData: warning in matrix(0, nr = xLength, nc = nFact): partial
     argument match of ‘nr’ to ‘nrow’
    makeData: warning in matrix(0, nr = xLength, nc = nFact): partial
     argument match of ‘nc’ to ‘ncol’
    makeData: warning in matrix(rnorm(N * nFact), nc = nFact): partial
     argument match of ‘nc’ to ‘ncol’
    makeData: warning in matrix(rnorm(N * xLength), nc = xLength): partial
     argument match of ‘nc’ to ‘ncol’
    plot.bayesQR: warning in matrix(sampledVals, nc = 1): partial argument
     match of ‘nc’ to ‘ncol’
    plot.factorQR: warning in matrix(sampledVals, nc = 1): partial argument
     match of ‘nc’ to ‘ncol’
    bayesQR: no visible global function definition for ‘model.response’
    bayesQR: no visible global function definition for
     ‘model.matrix.default’
    factorQR: no visible global function definition for ‘model.response’
    factorQR: no visible global function definition for
     ‘model.matrix.default’
    factorQR: no visible binding for global variable ‘sd’
    factorQR: no visible global function definition for ‘rnorm’
    makeData : ralap: no visible global function definition for ‘runif’
    makeData: no visible global function definition for ‘rnorm’
    print.summary.bayesQR: no visible global function definition for
     ‘printCoefmat’
    print.summary.factorQR: no visible global function definition for
     ‘printCoefmat’
    summary.bayesQR: no visible binding for global variable ‘sd’
    summary.bayesQR: no visible binding for global variable ‘quantile’
    summary.factorQR: no visible binding for global variable ‘sd’
    summary.factorQR: no visible binding for global variable ‘quantile’
    Undefined global functions or variables:
     model.matrix.default model.response printCoefmat quantile rnorm runif
     sd
    Consider adding
     importFrom("stats", "model.matrix.default", "model.response",
     "printCoefmat", "quantile", "rnorm", "runif", "sd")
    to your NAMESPACE file.
Flavors: r-devel-linux-x86_64-debian-clang, r-devel-linux-x86_64-debian-gcc, r-devel-windows-ix86+x86_64, r-patched-linux-x86_64, r-patched-solaris-sparc, r-patched-solaris-x86, r-release-linux-x86_64, r-release-windows-ix86+x86_64, r-release-osx-x86_64, r-oldrel-windows-ix86+x86_64, r-oldrel-osx-x86_64

Version: 0.1-4
Check: compiled code
Result: NOTE
    File ‘factorQR/libs/factorQR.so’:
     Found no calls to: ‘R_registerRoutines’, ‘R_useDynamicSymbols’
    
    It is good practice to register native routines and to disable symbol
    search.
    
    See ‘Writing portable packages’ in the ‘Writing R Extensions’ manual.
Flavors: r-devel-linux-x86_64-debian-clang, r-devel-linux-x86_64-debian-gcc, r-patched-linux-x86_64, r-release-linux-x86_64

Version: 0.1-4
Flags: --no-stop-on-test-error
Check: R code for possible problems
Result: NOTE
    bayesQR : captureFormula: warning in match.call(expand = FALSE):
     partial argument match of 'expand' to 'expand.dots'
    bayesQR: warning in matrix(beta, nc = 1): partial argument match of
     'nc' to 'ncol'
    factorQR : captureFormula: warning in match.call(expand = FALSE):
     partial argument match of 'expand' to 'expand.dots'
    factorQR: warning in matrix(rnorm(nObs * nFact), nr = nObs): partial
     argument match of 'nr' to 'nrow'
    factorQR: warning in matrix(0, nr = nFact + xBetLen + numManInd, nc =
     nFact + xBetLen + numManInd): partial argument match of 'nr' to
     'nrow'
    factorQR: warning in matrix(0, nr = nFact + xBetLen + numManInd, nc =
     nFact + xBetLen + numManInd): partial argument match of 'nc' to
     'ncol'
    factorQR: warning in matrix(0, nr = nFact + xBetLen + 1, nc = nFact +
     xBetLen + 1): partial argument match of 'nr' to 'nrow'
    factorQR: warning in matrix(0, nr = nFact + xBetLen + 1, nc = nFact +
     xBetLen + 1): partial argument match of 'nc' to 'ncol'
    factorQR: warning in matrix(0, nr = xLength, nc = nFact): partial
     argument match of 'nr' to 'nrow'
    factorQR: warning in matrix(0, nr = xLength, nc = nFact): partial
     argument match of 'nc' to 'ncol'
    makeData: warning in matrix(0, nr = xLength, nc = nFact): partial
     argument match of 'nr' to 'nrow'
    makeData: warning in matrix(0, nr = xLength, nc = nFact): partial
     argument match of 'nc' to 'ncol'
    makeData: warning in matrix(rnorm(N * nFact), nc = nFact): partial
     argument match of 'nc' to 'ncol'
    makeData: warning in matrix(rnorm(N * xLength), nc = xLength): partial
     argument match of 'nc' to 'ncol'
    plot.bayesQR: warning in matrix(sampledVals, nc = 1): partial argument
     match of 'nc' to 'ncol'
    plot.factorQR: warning in matrix(sampledVals, nc = 1): partial argument
     match of 'nc' to 'ncol'
    bayesQR: no visible global function definition for ‘model.response’
    bayesQR: no visible global function definition for
     ‘model.matrix.default’
    factorQR: no visible global function definition for ‘model.response’
    factorQR: no visible global function definition for
     ‘model.matrix.default’
    factorQR: no visible binding for global variable ‘sd’
    factorQR: no visible global function definition for ‘rnorm’
    makeData : ralap: no visible global function definition for ‘runif’
    makeData: no visible global function definition for ‘rnorm’
    print.summary.bayesQR: no visible global function definition for
     ‘printCoefmat’
    print.summary.factorQR: no visible global function definition for
     ‘printCoefmat’
    summary.bayesQR: no visible binding for global variable ‘sd’
    summary.bayesQR: no visible binding for global variable ‘quantile’
    summary.factorQR: no visible binding for global variable ‘sd’
    summary.factorQR: no visible binding for global variable ‘quantile’
    Undefined global functions or variables:
     model.matrix.default model.response printCoefmat quantile rnorm runif
     sd
    Consider adding
     importFrom("stats", "model.matrix.default", "model.response",
     "printCoefmat", "quantile", "rnorm", "runif", "sd")
    to your NAMESPACE file.
Flavors: r-devel-linux-x86_64-fedora-clang, r-devel-linux-x86_64-fedora-gcc

Version: 0.1-4
Flags: --no-stop-on-test-error
Check: compiled code
Result: NOTE
    File ‘factorQR/libs/factorQR.so’:
     Found no calls to: ‘R_registerRoutines’, ‘R_useDynamicSymbols’
    
    It is good practice to register native routines and to disable symbol
    search.
    
    See ‘Writing portable packages’ in the ‘Writing R Extensions’ manual.
Flavors: r-devel-linux-x86_64-fedora-clang, r-devel-linux-x86_64-fedora-gcc