CRAN Package Check Results for Package factorQR

Last updated on 2014-04-24 21:47:40.

Flavor Version Tinstall Tcheck Ttotal Status Flags
r-devel-linux-x86_64-debian-clang 0.1-4 1.76 12.02 13.78 NOTE
r-devel-linux-x86_64-debian-gcc 0.1-4 2.26 11.86 14.12 NOTE
r-devel-linux-x86_64-fedora-clang 0.1-4 26.36 NOTE
r-devel-linux-x86_64-fedora-gcc 0.1-4 25.11 NOTE
r-devel-osx-x86_64-clang 0.1-4 25.78 NOTE
r-devel-osx-x86_64-gcc 0.1-4 NOTE
r-devel-windows-ix86+x86_64 0.1-4 10.00 23.00 33.00 NOTE
r-patched-linux-x86_64 0.1-4 2.13 11.83 13.96 NOTE
r-patched-solaris-sparc 0.1-4 149.90 NOTE
r-patched-solaris-x86 0.1-4 41.00 NOTE
r-release-linux-ix86 0.1-4 4.00 25.00 29.00 NOTE
r-release-linux-x86_64 0.1-4 2.18 11.89 14.07 NOTE
r-release-osx-x86_64-mavericks 0.1-4 WARN
r-release-windows-ix86+x86_64 0.1-4 10.00 23.00 33.00 NOTE
r-oldrel-windows-ix86+x86_64 0.1-4 11.00 23.00 34.00 NOTE

Check Details

Version: 0.1-4
Check: R code for possible problems
Result: NOTE
    bayesQR : captureFormula: warning in match.call(expand = FALSE):
     partial argument match of 'expand' to 'expand.dots'
    bayesQR: warning in matrix(beta, nc = 1): partial argument match of
     'nc' to 'ncol'
    factorQR : captureFormula: warning in match.call(expand = FALSE):
     partial argument match of 'expand' to 'expand.dots'
    factorQR: warning in matrix(rnorm(nObs * nFact), nr = nObs): partial
     argument match of 'nr' to 'nrow'
    factorQR: warning in matrix(0, nr = nFact + xBetLen + numManInd, nc =
     nFact + xBetLen + numManInd): partial argument match of 'nr' to
     'nrow'
    factorQR: warning in matrix(0, nr = nFact + xBetLen + numManInd, nc =
     nFact + xBetLen + numManInd): partial argument match of 'nc' to
     'ncol'
    factorQR: warning in matrix(0, nr = nFact + xBetLen + 1, nc = nFact +
     xBetLen + 1): partial argument match of 'nr' to 'nrow'
    factorQR: warning in matrix(0, nr = nFact + xBetLen + 1, nc = nFact +
     xBetLen + 1): partial argument match of 'nc' to 'ncol'
    factorQR: warning in matrix(0, nr = xLength, nc = nFact): partial
     argument match of 'nr' to 'nrow'
    factorQR: warning in matrix(0, nr = xLength, nc = nFact): partial
     argument match of 'nc' to 'ncol'
    makeData: warning in matrix(0, nr = xLength, nc = nFact): partial
     argument match of 'nr' to 'nrow'
    makeData: warning in matrix(0, nr = xLength, nc = nFact): partial
     argument match of 'nc' to 'ncol'
    makeData: warning in matrix(rnorm(N * nFact), nc = nFact): partial
     argument match of 'nc' to 'ncol'
    makeData: warning in matrix(rnorm(N * xLength), nc = xLength): partial
     argument match of 'nc' to 'ncol'
    plot.bayesQR: warning in matrix(sampledVals, nc = 1): partial argument
     match of 'nc' to 'ncol'
    plot.factorQR: warning in matrix(sampledVals, nc = 1): partial argument
     match of 'nc' to 'ncol'
Flavors: r-devel-linux-x86_64-debian-clang, r-devel-linux-x86_64-debian-gcc, r-devel-linux-x86_64-fedora-clang, r-devel-linux-x86_64-fedora-gcc, r-devel-osx-x86_64-clang, r-devel-osx-x86_64-gcc, r-devel-windows-ix86+x86_64, r-patched-linux-x86_64, r-patched-solaris-sparc, r-patched-solaris-x86, r-release-linux-ix86, r-release-linux-x86_64, r-release-osx-x86_64-mavericks, r-release-windows-ix86+x86_64, r-oldrel-windows-ix86+x86_64

Version: 0.1-4
Check: PDF version of manual
Result: WARNING
    LaTeX errors when creating PDF version.
    This typically indicates Rd problems.
    LaTeX errors found:
    ! LaTeX Error: File `upquote.sty' not found.
    
    Type X to quit or <RETURN> to proceed,
    or enter new name. (Default extension: sty)
    
    4960f87f/Rd2.tex:8: ==> Fatal error occurred, no output PDF file produced!
Flavor: r-release-osx-x86_64-mavericks