CRAN Package Check Results for Package factorplot

Last updated on 2015-07-08 06:47:53.

Flavor Version Tinstall Tcheck Ttotal Status Flags
r-devel-linux-x86_64-debian-clang 1.1-1 0.78 14.45 15.23 NOTE
r-devel-linux-x86_64-debian-gcc 1.1-1 0.78 14.34 15.12 NOTE
r-devel-linux-x86_64-fedora-clang 1.1-1 29.10 NOTE
r-devel-linux-x86_64-fedora-gcc 1.1-1 27.50 NOTE
r-devel-osx-x86_64-clang 1.1-1 27.18 NOTE
r-devel-windows-ix86+x86_64 1.1-1 4.00 26.00 30.00 NOTE
r-patched-linux-x86_64 1.1-1 0.79 15.05 15.84 NOTE
r-patched-solaris-sparc 1.1-1 170.60 NOTE
r-patched-solaris-x86 1.1-1 41.90 NOTE
r-release-linux-x86_64 1.1-1 0.81 14.65 15.46 NOTE
r-release-osx-x86_64-mavericks 1.1-1 NOTE
r-release-windows-ix86+x86_64 1.1-1 5.00 25.00 30.00 NOTE
r-oldrel-windows-ix86+x86_64 1.1-1 5.00 34.00 39.00 OK

Check Details

Version: 1.1-1
Check: DESCRIPTION meta-information
Result: NOTE
    Malformed Description field: should contain one or more complete sentences.
Flavors: r-devel-linux-x86_64-debian-clang, r-devel-linux-x86_64-debian-gcc, r-devel-linux-x86_64-fedora-clang, r-devel-linux-x86_64-fedora-gcc, r-devel-osx-x86_64-clang, r-devel-windows-ix86+x86_64, r-patched-linux-x86_64, r-patched-solaris-sparc, r-patched-solaris-x86, r-release-linux-x86_64, r-release-osx-x86_64-mavericks, r-release-windows-ix86+x86_64

Version: 1.1-1
Check: R code for possible problems
Result: NOTE
    factorplot.default: no visible global function definition for ‘combn’
    factorplot.default: no visible global function definition for ‘pt’
    factorplot.default: no visible global function definition for
     ‘p.adjust’
    factorplot.glm: no visible global function definition for ‘terms’
    factorplot.glm: no visible global function definition for ‘menu’
    factorplot.glm: no visible global function definition for
     ‘model.matrix’
    factorplot.glm: no visible global function definition for ‘contrasts’
    factorplot.glm: no visible global function definition for ‘coef’
    factorplot.glm: no visible global function definition for ‘vcov’
    factorplot.glm: no visible global function definition for ‘combn’
    factorplot.glm: no visible global function definition for ‘pt’
    factorplot.glm: no visible global function definition for ‘p.adjust’
    factorplot.lm: no visible global function definition for ‘terms’
    factorplot.lm: no visible global function definition for ‘menu’
    factorplot.lm: no visible global function definition for ‘model.matrix’
    factorplot.lm: no visible global function definition for ‘contrasts’
    factorplot.lm: no visible global function definition for ‘coef’
    factorplot.lm: no visible global function definition for ‘vcov’
    factorplot.lm: no visible global function definition for ‘combn’
    factorplot.lm: no visible global function definition for ‘pt’
    factorplot.lm: no visible global function definition for ‘p.adjust’
    factorplot.multinom: no visible global function definition for ‘vcov’
    factorplot.multinom: no visible global function definition for ‘coef’
    factorplot.multinom: no visible global function definition for ‘combn’
    factorplot.multinom: no visible global function definition for ‘pt’
    factorplot.multinom: no visible global function definition for
     ‘p.adjust’
    plot.factorplot: no visible global function definition for ‘strwidth’
    plot.factorplot: no visible global function definition for ‘par’
    plot.factorplot: no visible global function definition for ‘plot’
    plot.factorplot: no visible global function definition for ‘axis’
    plot.factorplot: no visible global function definition for ‘text’
    plot.factorplot: no visible global function definition for ‘legend’
    print.factorplot: no visible global function definition for ‘na.omit’
    squares: no visible global function definition for ‘polygon’
    Undefined global functions or variables:
     axis coef combn contrasts legend menu model.matrix na.omit p.adjust
     par plot polygon pt strwidth terms text vcov
Flavors: r-devel-linux-x86_64-debian-clang, r-devel-linux-x86_64-debian-gcc, r-devel-linux-x86_64-fedora-clang, r-devel-linux-x86_64-fedora-gcc, r-devel-windows-ix86+x86_64