CRAN Package Check Results for Package factorplot

Last updated on 2015-04-18 13:48:45.

Flavor Version Tinstall Tcheck Ttotal Status Flags
r-devel-linux-x86_64-debian-clang 1.1-1 0.81 13.42 14.23 NOTE
r-devel-linux-x86_64-debian-gcc 1.1-1 0.80 13.28 14.08 NOTE
r-devel-linux-x86_64-fedora-clang 1.1-1 27.34 NOTE
r-devel-linux-x86_64-fedora-gcc 1.1-1 26.94 NOTE
r-devel-osx-x86_64-clang 1.1-1 28.74 NOTE
r-patched-linux-x86_64 1.1-1 0.86 13.48 14.34 NOTE
r-patched-solaris-sparc 1.1-1 156.70 NOTE
r-patched-solaris-x86 1.1-1 38.10 NOTE
r-release-linux-x86_64 1.1-1 0.80 14.03 14.83 NOTE
r-release-osx-x86_64-mavericks 1.1-1 ERROR
r-release-osx-x86_64-snowleopard 1.1-1 OK
r-release-windows-ix86+x86_64 1.1-1 7.00 42.00 49.00 OK
r-oldrel-windows-ix86+x86_64 1.1-1 6.00 45.00 51.00 OK

Check Details

Version: 1.1-1
Check: DESCRIPTION meta-information
Result: NOTE
    Malformed Description field: should contain one or more complete sentences.
Flavors: r-devel-linux-x86_64-debian-clang, r-devel-linux-x86_64-debian-gcc, r-devel-linux-x86_64-fedora-clang, r-devel-linux-x86_64-fedora-gcc, r-devel-osx-x86_64-clang, r-patched-linux-x86_64, r-patched-solaris-sparc, r-patched-solaris-x86, r-release-linux-x86_64

Version: 1.1-1
Check: package dependencies
Result: ERROR
    Package required but not available: ‘multcomp’
    
    See section ‘The DESCRIPTION file’ in the ‘Writing R Extensions’
    manual.
Flavor: r-release-osx-x86_64-mavericks