CRAN Package Check Results for Package factorplot

Last updated on 2015-03-26 23:47:42.

Flavor Version Tinstall Tcheck Ttotal Status Flags
r-devel-linux-x86_64-debian-clang 1.1-1 0.81 13.54 14.36 NOTE
r-devel-linux-x86_64-debian-gcc 1.1-1 0.78 13.28 14.06 NOTE
r-devel-linux-x86_64-fedora-clang 1.1-1 27.11 NOTE
r-devel-linux-x86_64-fedora-gcc 1.1-1 25.57 NOTE
r-devel-osx-x86_64-clang 1.1-1 31.80 NOTE
r-prerel-windows-ix86+x86_64 1.1-1 3.00 24.00 27.00 NOTE
r-prerel-linux-x86_64 1.1-1 0.81 13.52 14.33 NOTE
r-prerel-solaris-sparc 1.1-1 156.70 NOTE
r-prerel-solaris-x86 1.1-1 37.50 NOTE
r-release-linux-x86_64 1.1-1 1.17 17.85 19.02 OK
r-release-osx-x86_64-mavericks 1.1-1 OK
r-release-osx-x86_64-snowleopard 1.1-1 OK
r-release-windows-ix86+x86_64 1.1-1 6.00 36.00 42.00 OK
r-oldrel-windows-ix86+x86_64 1.1-1 6.00 34.00 40.00 OK

Check Details

Version: 1.1-1
Check: DESCRIPTION meta-information
Result: NOTE
    Malformed Description field: should contain one or more complete sentences.
Flavors: r-devel-linux-x86_64-debian-clang, r-devel-linux-x86_64-debian-gcc, r-devel-linux-x86_64-fedora-clang, r-devel-linux-x86_64-fedora-gcc, r-devel-osx-x86_64-clang, r-prerel-windows-ix86+x86_64, r-prerel-linux-x86_64, r-prerel-solaris-sparc, r-prerel-solaris-x86