CRAN Package Check Results for Package factorplot

Last updated on 2015-09-01 21:46:59.

Flavor Version Tinstall Tcheck Ttotal Status Flags
r-devel-linux-x86_64-debian-clang 1.1-1 0.74 14.54 15.27 NOTE
r-devel-linux-x86_64-debian-gcc 1.1-1 0.74 13.80 14.54 NOTE
r-devel-linux-x86_64-fedora-clang 1.1-1 29.38 NOTE
r-devel-linux-x86_64-fedora-gcc 1.1-1 28.02 NOTE
r-devel-osx-x86_64-clang 1.1-1 26.15 NOTE
r-devel-windows-ix86+x86_64 1.1-1 4.00 49.00 53.00 NOTE
r-patched-linux-x86_64 1.1-1 0.80 15.20 16.00 NOTE
r-patched-solaris-sparc 1.1-1 186.10 NOTE
r-patched-solaris-x86 1.1-1 43.10 NOTE
r-release-linux-x86_64 1.1-1 0.79 14.98 15.76 NOTE
r-release-osx-x86_64-mavericks 1.1-1 NOTE
r-release-windows-ix86+x86_64 1.1-1 4.00 25.00 29.00 NOTE
r-oldrel-windows-ix86+x86_64 1.1-1 8.00 57.00 65.00 OK

Check Details

Version: 1.1-1
Check: DESCRIPTION meta-information
Result: NOTE
    Malformed Description field: should contain one or more complete sentences.
Flavors: r-devel-linux-x86_64-debian-clang, r-devel-linux-x86_64-debian-gcc, r-devel-linux-x86_64-fedora-clang, r-devel-linux-x86_64-fedora-gcc, r-devel-osx-x86_64-clang, r-devel-windows-ix86+x86_64, r-patched-linux-x86_64, r-patched-solaris-sparc, r-patched-solaris-x86, r-release-linux-x86_64, r-release-osx-x86_64-mavericks, r-release-windows-ix86+x86_64

Version: 1.1-1
Check: R code for possible problems
Result: NOTE
    factorplot.default: no visible global function definition for ‘combn’
    factorplot.default: no visible global function definition for ‘pt’
    factorplot.default: no visible global function definition for
     ‘p.adjust’
    factorplot.glm: no visible global function definition for ‘terms’
    factorplot.glm: no visible global function definition for ‘menu’
    factorplot.glm: no visible global function definition for
     ‘model.matrix’
    factorplot.glm: no visible global function definition for ‘contrasts’
    factorplot.glm: no visible global function definition for ‘coef’
    factorplot.glm: no visible global function definition for ‘vcov’
    factorplot.glm: no visible global function definition for ‘combn’
    factorplot.glm: no visible global function definition for ‘pt’
    factorplot.glm: no visible global function definition for ‘p.adjust’
    factorplot.lm: no visible global function definition for ‘terms’
    factorplot.lm: no visible global function definition for ‘menu’
    factorplot.lm: no visible global function definition for ‘model.matrix’
    factorplot.lm: no visible global function definition for ‘contrasts’
    factorplot.lm: no visible global function definition for ‘coef’
    factorplot.lm: no visible global function definition for ‘vcov’
    factorplot.lm: no visible global function definition for ‘combn’
    factorplot.lm: no visible global function definition for ‘pt’
    factorplot.lm: no visible global function definition for ‘p.adjust’
    factorplot.multinom: no visible global function definition for ‘vcov’
    factorplot.multinom: no visible global function definition for ‘coef’
    factorplot.multinom: no visible global function definition for ‘combn’
    factorplot.multinom: no visible global function definition for ‘pt’
    factorplot.multinom: no visible global function definition for
     ‘p.adjust’
    plot.factorplot: no visible global function definition for ‘strwidth’
    plot.factorplot: no visible global function definition for ‘par’
    plot.factorplot: no visible global function definition for ‘plot’
    plot.factorplot: no visible global function definition for ‘axis’
    plot.factorplot: no visible global function definition for ‘text’
    plot.factorplot: no visible global function definition for ‘legend’
    print.factorplot: no visible global function definition for ‘na.omit’
    squares: no visible global function definition for ‘polygon’
    Undefined global functions or variables:
     axis coef combn contrasts legend menu model.matrix na.omit p.adjust
     par plot polygon pt strwidth terms text vcov
    Consider adding
     importFrom("graphics", "axis", "legend", "par", "plot", "polygon",
     "strwidth", "text")
     importFrom("stats", "coef", "contrasts", "model.matrix", "na.omit",
     "p.adjust", "pt", "terms", "vcov")
     importFrom("utils", "combn", "menu")
    to your NAMESPACE.
Flavors: r-devel-linux-x86_64-debian-clang, r-devel-linux-x86_64-debian-gcc, r-devel-linux-x86_64-fedora-clang, r-devel-linux-x86_64-fedora-gcc, r-devel-windows-ix86+x86_64