CRAN Package Check Results for Package factorplot

Last updated on 2015-05-23 17:48:41.

Flavor Version Tinstall Tcheck Ttotal Status Flags
r-devel-linux-x86_64-debian-clang 1.1-1 0.92 13.36 14.29 NOTE
r-devel-linux-x86_64-debian-gcc 1.1-1 0.82 13.61 14.42 NOTE
r-devel-linux-x86_64-fedora-clang 1.1-1 27.48 NOTE
r-devel-linux-x86_64-fedora-gcc 1.1-1 26.37 NOTE
r-devel-osx-x86_64-clang 1.1-1 28.41 NOTE
r-devel-windows-ix86+x86_64 1.1-1 4.00 21.00 25.00 NOTE
r-patched-linux-x86_64 1.1-1 0.79 14.11 14.90 NOTE
r-patched-solaris-sparc 1.1-1 170.60 NOTE
r-patched-solaris-x86 1.1-1 37.90 NOTE
r-release-linux-x86_64 1.1-1 0.82 13.54 14.35 NOTE
r-release-osx-x86_64-mavericks 1.1-1 NOTE
r-release-osx-x86_64-snowleopard 1.1-1 ERROR
r-release-windows-ix86+x86_64 1.1-1 4.00 24.00 28.00 NOTE
r-oldrel-windows-ix86+x86_64 1.1-1 5.00 37.00 42.00 OK

Check Details

Version: 1.1-1
Check: DESCRIPTION meta-information
Result: NOTE
    Malformed Description field: should contain one or more complete sentences.
Flavors: r-devel-linux-x86_64-debian-clang, r-devel-linux-x86_64-debian-gcc, r-devel-linux-x86_64-fedora-clang, r-devel-linux-x86_64-fedora-gcc, r-devel-osx-x86_64-clang, r-devel-windows-ix86+x86_64, r-patched-linux-x86_64, r-patched-solaris-sparc, r-patched-solaris-x86, r-release-linux-x86_64, r-release-osx-x86_64-mavericks, r-release-windows-ix86+x86_64

Version: 1.1-1
Check: package dependencies
Result: ERROR
    Package required but not available: ‘multcomp’
    
    See section ‘The DESCRIPTION file’ in the ‘Writing R Extensions’
    manual.
Flavor: r-release-osx-x86_64-snowleopard