Last updated on 2023-03-30 03:52:33 CEST.
Flavor | Version | Tinstall | Tcheck | Ttotal | Status | Flags |
---|---|---|---|---|---|---|
r-devel-linux-x86_64-debian-clang | 1.0.6 | 2.85 | 34.51 | 37.36 | OK | |
r-devel-linux-x86_64-debian-gcc | 1.0.6 | 2.61 | 27.04 | 29.65 | OK | |
r-devel-linux-x86_64-fedora-clang | 1.0.6 | 47.31 | NOTE | |||
r-devel-linux-x86_64-fedora-gcc | 1.0.6 | 44.98 | NOTE | |||
r-devel-windows-x86_64 | 1.0.6 | 114.00 | 0.00 | 114.00 | OK | |
r-patched-linux-x86_64 | 1.0.6 | 2.73 | 33.02 | 35.75 | OK | |
r-release-linux-x86_64 | 1.0.6 | 2.57 | 34.07 | 36.64 | OK | |
r-release-macos-arm64 | 1.0.6 | 23.00 | NOTE | |||
r-release-macos-x86_64 | 1.0.6 | 26.00 | NOTE | |||
r-release-windows-x86_64 | 1.0.6 | 270.00 | 69.00 | 339.00 | OK | |
r-oldrel-macos-arm64 | 1.0.6 | 26.00 | NOTE | |||
r-oldrel-macos-x86_64 | 1.0.6 | 31.00 | NOTE | |||
r-oldrel-windows-ix86+x86_64 | 1.0.6 | 9.00 | 59.00 | 68.00 | OK |
Version: 1.0.6
Check: dependencies in R code
Result: NOTE
Namespace in Imports field not imported from: ‘R6’
All declared Imports should be used.
Flavors: r-devel-linux-x86_64-fedora-clang, r-devel-linux-x86_64-fedora-gcc, r-release-macos-arm64, r-release-macos-x86_64, r-oldrel-macos-arm64, r-oldrel-macos-x86_64