CRAN Package Check Results for Package factualR

Last updated on 2015-08-01 10:46:52.

Flavor Version Tinstall Tcheck Ttotal Status Flags
r-devel-linux-x86_64-debian-clang 0.5 0.86 13.28 14.15 NOTE
r-devel-linux-x86_64-debian-gcc 0.5 1.06 13.29 14.34 NOTE
r-devel-linux-x86_64-fedora-clang 0.5 27.54 NOTE
r-devel-linux-x86_64-fedora-gcc 0.5 25.91 NOTE
r-devel-osx-x86_64-clang 0.5 25.90 NOTE
r-devel-windows-ix86+x86_64 0.5 4.00 24.00 28.00 NOTE
r-patched-linux-x86_64 0.5 0.85 13.04 13.89 NOTE
r-patched-solaris-sparc 0.5 167.00 NOTE
r-patched-solaris-x86 0.5 40.80 NOTE
r-release-linux-x86_64 0.5 0.88 13.09 13.97 NOTE
r-release-osx-x86_64-mavericks 0.5 NOTE
r-release-windows-ix86+x86_64 0.5 3.00 21.00 24.00 NOTE
r-oldrel-windows-ix86+x86_64 0.5 4.00 26.00 30.00 NOTE

Check Details

Version: 0.5
Check: dependencies in R code
Result: NOTE
    Packages in Depends field not imported from:
     ‘RCurl’ ‘RJSONIO’ ‘methods’
     These packages need to be imported from (in the NAMESPACE file)
     for when this namespace is loaded but not attached.
Flavors: r-devel-linux-x86_64-debian-clang, r-devel-linux-x86_64-debian-gcc, r-devel-linux-x86_64-fedora-clang, r-devel-linux-x86_64-fedora-gcc, r-devel-osx-x86_64-clang, r-devel-windows-ix86+x86_64, r-patched-linux-x86_64, r-patched-solaris-sparc, r-patched-solaris-x86, r-release-linux-x86_64, r-release-osx-x86_64-mavericks, r-release-windows-ix86+x86_64, r-oldrel-windows-ix86+x86_64

Version: 0.5
Check: R code for possible problems
Result: NOTE
    createFactualConnection: no visible global function definition for
     ‘new’
    factualGetSchema: no visible global function definition for ‘fromJSON’
    factualRead: no visible global function definition for ‘curlEscape’
    factualRead: no visible global function definition for ‘fromJSON’
    processFactualReadJSON: no visible global function definition for ‘new’
    processFactualSchemaJSON: no visible global function definition for
     ‘new’
    Undefined global functions or variables:
     curlEscape fromJSON new
    Consider adding
     importFrom("methods", "new")
    to your NAMESPACE.
Flavors: r-devel-linux-x86_64-debian-clang, r-devel-linux-x86_64-debian-gcc, r-devel-linux-x86_64-fedora-clang, r-devel-linux-x86_64-fedora-gcc, r-devel-windows-ix86+x86_64

Version: 0.5
Check: Rd line widths
Result: NOTE
    Rd file 'factualR.Rd':
     \usage lines wider than 90 characters:
     factualRead(connection , tableID , sort = NULL , limit = NULL , offset = NULL , filters = NULL , subject_key = NULL , reformatNames , v ... [TRUNCATED]
    
    These lines will be truncated in the PDF manual.
Flavors: r-devel-linux-x86_64-debian-clang, r-devel-linux-x86_64-debian-gcc, r-devel-linux-x86_64-fedora-clang, r-devel-linux-x86_64-fedora-gcc, r-patched-linux-x86_64, r-release-linux-x86_64

Version: 0.5
Check: R code for possible problems
Result: NOTE
    factualGetSchema: no visible global function definition for ‘fromJSON’
    factualRead: no visible global function definition for ‘curlEscape’
    factualRead: no visible global function definition for ‘fromJSON’
    Undefined global functions or variables:
     curlEscape fromJSON
Flavor: r-devel-osx-x86_64-clang

Version: 0.5
Check: R code for possible problems
Result: NOTE
    factualGetSchema: no visible global function definition for ‘fromJSON’
    factualRead: no visible global function definition for ‘curlEscape’
    factualRead: no visible global function definition for ‘fromJSON’
Flavors: r-patched-linux-x86_64, r-patched-solaris-sparc, r-patched-solaris-x86, r-release-linux-x86_64, r-release-osx-x86_64-mavericks, r-release-windows-ix86+x86_64, r-oldrel-windows-ix86+x86_64