CRAN Package Check Results for Package factualR

Last updated on 2014-10-21 21:46:48.

Flavor Version Tinstall Tcheck Ttotal Status Flags
r-devel-linux-x86_64-debian-clang 0.5 1.00 15.00 16.00 NOTE
r-devel-linux-x86_64-debian-gcc 0.5 1.00 14.91 15.91 NOTE
r-devel-linux-x86_64-fedora-clang 0.5 34.01 NOTE
r-devel-linux-x86_64-fedora-gcc 0.5 32.53 NOTE
r-devel-osx-x86_64-clang 0.5 35.70 NOTE
r-devel-windows-ix86+x86_64 0.5 4.00 25.00 29.00 NOTE
r-patched-linux-x86_64 0.5 1.03 15.14 16.16 NOTE
r-patched-solaris-sparc 0.5 188.60 NOTE
r-patched-solaris-x86 0.5 47.90 NOTE
r-release-linux-ix86 0.5 1.44 21.46 22.91 NOTE
r-release-linux-x86_64 0.5 1.20 15.30 16.50 NOTE
r-release-osx-x86_64-mavericks 0.5 NOTE
r-release-windows-ix86+x86_64 0.5 4.00 35.00 39.00 NOTE
r-oldrel-windows-ix86+x86_64 0.5 7.00 36.00 43.00 NOTE

Check Details

Version: 0.5
Check: dependencies in R code
Result: NOTE
    Packages in Depends field not imported from:
     ‘RCurl’ ‘RJSONIO’ ‘methods’
     These packages need to be imported from (in the NAMESPACE file)
     for when this namespace is loaded but not attached.
    See the information on DESCRIPTION files in the chapter ‘Creating R
    packages’ of the ‘Writing R Extensions’ manual.
Flavors: r-devel-linux-x86_64-debian-clang, r-devel-linux-x86_64-debian-gcc, r-devel-linux-x86_64-fedora-clang, r-devel-linux-x86_64-fedora-gcc, r-devel-osx-x86_64-clang, r-devel-windows-ix86+x86_64, r-patched-linux-x86_64, r-patched-solaris-sparc, r-patched-solaris-x86, r-release-linux-ix86, r-release-linux-x86_64, r-release-osx-x86_64-mavericks, r-release-windows-ix86+x86_64, r-oldrel-windows-ix86+x86_64

Version: 0.5
Check: R code for possible problems
Result: NOTE
    factualGetSchema: no visible global function definition for ‘fromJSON’
    factualRead: no visible global function definition for ‘curlEscape’
    factualRead: no visible global function definition for ‘fromJSON’
Flavors: r-devel-linux-x86_64-debian-clang, r-devel-linux-x86_64-debian-gcc, r-devel-linux-x86_64-fedora-clang, r-devel-linux-x86_64-fedora-gcc, r-devel-osx-x86_64-clang, r-devel-windows-ix86+x86_64, r-patched-linux-x86_64, r-patched-solaris-sparc, r-patched-solaris-x86

Version: 0.5
Check: Rd line widths
Result: NOTE
    Rd file 'factualR.Rd':
     \usage lines wider than 90 characters:
     factualRead(connection , tableID , sort = NULL , limit = NULL , offset = NULL , filters = NULL , subject_key = NULL , reformatNames , v ... [TRUNCATED]
    
    These lines will be truncated in the PDF manual.
Flavors: r-devel-linux-x86_64-debian-clang, r-devel-linux-x86_64-debian-gcc, r-devel-linux-x86_64-fedora-clang, r-devel-linux-x86_64-fedora-gcc, r-patched-linux-x86_64, r-release-linux-x86_64