CRAN Package Check Results for Package factualR

Last updated on 2014-12-22 12:49:44.

Flavor Version Tinstall Tcheck Ttotal Status Flags
r-devel-linux-x86_64-debian-clang 0.5 1.08 15.51 16.59 NOTE
r-devel-linux-x86_64-debian-gcc 0.5 0.99 14.82 15.81 NOTE
r-devel-linux-x86_64-fedora-clang 0.5 34.89 NOTE
r-devel-linux-x86_64-fedora-gcc 0.5 33.41 NOTE
r-devel-osx-x86_64-clang 0.5 35.19 NOTE
r-devel-windows-ix86+x86_64 0.5 4.00 40.00 44.00 NOTE
r-patched-linux-x86_64 0.5 1.04 15.16 16.20 NOTE
r-patched-solaris-sparc 0.5 201.10 NOTE
r-patched-solaris-x86 0.5 47.00 NOTE
r-release-linux-ix86 0.5 1.33 20.82 22.16 NOTE
r-release-linux-x86_64 0.5 1.02 15.47 16.49 NOTE
r-release-osx-x86_64-mavericks 0.5 NOTE
r-release-windows-ix86+x86_64 0.5 4.00 24.00 28.00 NOTE
r-oldrel-windows-ix86+x86_64 0.5 4.00 26.00 30.00 NOTE

Check Details

Version: 0.5
Check: dependencies in R code
Result: NOTE
    Packages in Depends field not imported from:
     ‘RCurl’ ‘RJSONIO’ ‘methods’
     These packages need to be imported from (in the NAMESPACE file)
     for when this namespace is loaded but not attached.
    See the information on DESCRIPTION files in the chapter ‘Creating R
    packages’ of the ‘Writing R Extensions’ manual.
Flavors: r-devel-linux-x86_64-debian-clang, r-devel-linux-x86_64-debian-gcc, r-devel-linux-x86_64-fedora-clang, r-devel-linux-x86_64-fedora-gcc, r-devel-osx-x86_64-clang, r-devel-windows-ix86+x86_64, r-patched-linux-x86_64, r-patched-solaris-sparc, r-patched-solaris-x86, r-release-linux-ix86, r-release-linux-x86_64, r-release-osx-x86_64-mavericks, r-release-windows-ix86+x86_64, r-oldrel-windows-ix86+x86_64

Version: 0.5
Check: R code for possible problems
Result: NOTE
    factualGetSchema: no visible global function definition for ‘fromJSON’
    factualRead: no visible global function definition for ‘curlEscape’
    factualRead: no visible global function definition for ‘fromJSON’
Flavors: r-devel-linux-x86_64-debian-clang, r-devel-linux-x86_64-debian-gcc, r-devel-linux-x86_64-fedora-clang, r-devel-linux-x86_64-fedora-gcc, r-devel-osx-x86_64-clang, r-devel-windows-ix86+x86_64, r-patched-linux-x86_64, r-patched-solaris-sparc, r-patched-solaris-x86, r-release-linux-ix86, r-release-linux-x86_64, r-release-windows-ix86+x86_64

Version: 0.5
Check: Rd line widths
Result: NOTE
    Rd file 'factualR.Rd':
     \usage lines wider than 90 characters:
     factualRead(connection , tableID , sort = NULL , limit = NULL , offset = NULL , filters = NULL , subject_key = NULL , reformatNames , v ... [TRUNCATED]
    
    These lines will be truncated in the PDF manual.
Flavors: r-devel-linux-x86_64-debian-clang, r-devel-linux-x86_64-debian-gcc, r-devel-linux-x86_64-fedora-clang, r-devel-linux-x86_64-fedora-gcc, r-patched-linux-x86_64, r-release-linux-x86_64