CRAN Package Check Results for Package factualR

Last updated on 2016-06-30 09:49:34.

Flavor Version Tinstall Tcheck Ttotal Status Flags
r-devel-linux-x86_64-debian-gcc 0.5 0.91 13.31 14.22 NOTE
r-devel-linux-x86_64-fedora-clang 0.5 23.28 NOTE
r-devel-linux-x86_64-fedora-gcc 0.5 22.00 NOTE
r-devel-osx-x86_64-clang 0.5 20.44 NOTE
r-devel-windows-ix86+x86_64 0.5 3.00 30.00 33.00 NOTE
r-patched-linux-x86_64 0.5 0.86 13.45 14.30 NOTE
r-patched-solaris-sparc 0.5 136.70 NOTE
r-patched-solaris-x86 0.5 31.90 NOTE
r-release-linux-x86_64 0.5 0.90 12.32 13.22 NOTE
r-release-osx-x86_64-mavericks 0.5 NOTE
r-release-windows-ix86+x86_64 0.5 4.00 39.00 43.00 NOTE
r-oldrel-windows-ix86+x86_64 0.5 3.00 31.00 34.00 NOTE

Check Details

Version: 0.5
Check: dependencies in R code
Result: NOTE
    Packages in Depends field not imported from:
     ‘RCurl’ ‘RJSONIO’ ‘methods’
     These packages need to be imported from (in the NAMESPACE file)
     for when this namespace is loaded but not attached.
Flavors: r-devel-linux-x86_64-debian-gcc, r-devel-linux-x86_64-fedora-clang, r-devel-linux-x86_64-fedora-gcc, r-devel-osx-x86_64-clang, r-devel-windows-ix86+x86_64, r-patched-linux-x86_64, r-patched-solaris-sparc, r-patched-solaris-x86, r-release-linux-x86_64, r-release-osx-x86_64-mavericks, r-release-windows-ix86+x86_64, r-oldrel-windows-ix86+x86_64

Version: 0.5
Check: R code for possible problems
Result: NOTE
    createFactualConnection: no visible global function definition for
     ‘new’
    factualGetSchema: no visible global function definition for ‘fromJSON’
    factualRead: no visible global function definition for ‘curlEscape’
    factualRead: no visible global function definition for ‘fromJSON’
    processFactualReadJSON: no visible global function definition for ‘new’
    processFactualSchemaJSON: no visible global function definition for
     ‘new’
    Undefined global functions or variables:
     curlEscape fromJSON new
    Consider adding
     importFrom("methods", "new")
    to your NAMESPACE file (and ensure that your DESCRIPTION Imports field
    contains 'methods').
Flavors: r-devel-linux-x86_64-debian-gcc, r-devel-linux-x86_64-fedora-clang, r-devel-linux-x86_64-fedora-gcc, r-devel-osx-x86_64-clang, r-devel-windows-ix86+x86_64, r-patched-linux-x86_64, r-patched-solaris-sparc, r-patched-solaris-x86, r-release-linux-x86_64, r-release-osx-x86_64-mavericks, r-release-windows-ix86+x86_64

Version: 0.5
Check: Rd line widths
Result: NOTE
    Rd file 'factualR.Rd':
     \usage lines wider than 90 characters:
     factualRead(connection , tableID , sort = NULL , limit = NULL , offset = NULL , filters = NULL , subject_key = NULL , reformatNames , v ... [TRUNCATED]
    
    These lines will be truncated in the PDF manual.
Flavors: r-devel-linux-x86_64-debian-gcc, r-devel-linux-x86_64-fedora-clang, r-devel-linux-x86_64-fedora-gcc, r-patched-linux-x86_64, r-release-linux-x86_64

Version: 0.5
Check: R code for possible problems
Result: NOTE
    factualGetSchema: no visible global function definition for 'fromJSON'
    factualRead: no visible global function definition for 'curlEscape'
    factualRead: no visible global function definition for 'fromJSON'
Flavor: r-oldrel-windows-ix86+x86_64