Last updated on 2021-01-27 14:47:02 CET.
Flavor | Version | Tinstall | Tcheck | Ttotal | Status | Flags |
---|---|---|---|---|---|---|
r-devel-linux-x86_64-debian-clang | 1.15 | 1.62 | 23.56 | 25.18 | NOTE | |
r-devel-linux-x86_64-debian-gcc | 1.15 | NOTE | ||||
r-devel-linux-x86_64-fedora-clang | 1.15 | 40.49 | NOTE | |||
r-devel-linux-x86_64-fedora-gcc | 1.15 | 29.41 | NOTE | |||
r-devel-windows-ix86+x86_64 | 1.15 | 4.00 | 32.00 | 36.00 | NOTE | |
r-patched-linux-x86_64 | 1.15 | 1.52 | 21.99 | 23.51 | NOTE | |
r-patched-solaris-x86 | 1.15 | 43.20 | NOTE | |||
r-release-linux-x86_64 | 1.15 | 1.83 | 22.30 | 24.13 | NOTE | |
r-release-macos-x86_64 | 1.15 | NOTE | ||||
r-release-windows-ix86+x86_64 | 1.15 | 4.00 | 25.00 | 29.00 | NOTE | |
r-oldrel-macos-x86_64 | 1.15 | NOTE | ||||
r-oldrel-windows-ix86+x86_64 | 1.15 | 4.00 | 48.00 | 52.00 | NOTE |
Version: 1.15
Check: R code for possible problems
Result: NOTE
faisalconjoint: no visible global function definition for 'barplot'
faisalconjoint: no visible global function definition for 'text'
faisalconjoint: no visible global function definition for 'jpeg'
faisalconjoint: no visible global function definition for 'dev.off'
Undefined global functions or variables:
barplot dev.off jpeg text
Consider adding
importFrom("grDevices", "dev.off", "jpeg")
importFrom("graphics", "barplot", "text")
to your NAMESPACE file.
Flavors: r-devel-linux-x86_64-debian-clang, r-devel-linux-x86_64-debian-gcc, r-devel-linux-x86_64-fedora-clang, r-devel-linux-x86_64-fedora-gcc, r-devel-windows-ix86+x86_64, r-patched-linux-x86_64, r-patched-solaris-x86, r-release-linux-x86_64, r-release-macos-x86_64, r-release-windows-ix86+x86_64, r-oldrel-macos-x86_64, r-oldrel-windows-ix86+x86_64
Version: 1.15
Check: for non-standard things in the check directory
Result: NOTE
Found the following files/directories:
'FCMgraph.jpg'
Flavors: r-devel-linux-x86_64-debian-clang, r-devel-linux-x86_64-debian-gcc, r-devel-linux-x86_64-fedora-clang, r-devel-linux-x86_64-fedora-gcc, r-patched-linux-x86_64, r-patched-solaris-x86, r-release-linux-x86_64