CRAN Package Check Results for Package fake

Last updated on 2024-06-13 16:49:06 CEST.

Flavor Version Tinstall Tcheck Ttotal Status Flags
r-devel-linux-x86_64-debian-clang 1.4.0 3.78 77.79 81.57 OK
r-devel-linux-x86_64-debian-gcc 1.4.0 0.28 1.55 1.83 ERROR
r-devel-linux-x86_64-fedora-clang 1.4.0 103.87 OK
r-devel-linux-x86_64-fedora-gcc 1.4.0 95.62 OK
r-devel-windows-x86_64 1.4.0 5.00 90.00 95.00 OK
r-patched-linux-x86_64 1.4.0 6.22 75.35 81.57 OK
r-release-linux-x86_64 1.4.0 3.18 73.15 76.33 OK
r-release-macos-arm64 1.4.0 32.00 OK
r-release-macos-x86_64 1.4.0 48.00 OK
r-release-windows-x86_64 1.4.0 5.00 94.00 99.00 OK
r-oldrel-macos-arm64 1.4.0 37.00 OK
r-oldrel-macos-x86_64 1.4.0 70.00 OK
r-oldrel-windows-x86_64 1.4.0 6.00 104.00 110.00 OK

Check Details

Version: 1.4.0
Check: package dependencies
Result: ERROR Packages required but not available: 'huge', 'igraph' Package suggested but not available for checking: ‘testthat’ See section ‘The DESCRIPTION file’ in the ‘Writing R Extensions’ manual. Flavor: r-devel-linux-x86_64-debian-gcc