CRAN Package Check Results for Package falcon

Last updated on 2024-03-05 10:52:49 CET.

Flavor Version Tinstall Tcheck Ttotal Status Flags
r-devel-linux-x86_64-debian-clang 0.2 4.15 27.59 31.74 OK
r-devel-linux-x86_64-debian-gcc 0.2 3.19 21.38 24.57 OK
r-devel-linux-x86_64-fedora-clang 0.2 40.06 NOTE
r-devel-linux-x86_64-fedora-gcc 0.2 37.49 NOTE
r-devel-windows-x86_64 0.2 5.00 41.00 46.00 OK
r-patched-linux-x86_64 0.2 3.84 27.15 30.99 OK
r-release-linux-x86_64 0.2 3.74 27.27 31.01 OK
r-release-macos-arm64 0.2 18.00 OK
r-release-macos-x86_64 0.2 23.00 OK
r-release-windows-x86_64 0.2 5.00 42.00 47.00 OK
r-oldrel-macos-arm64 0.2 18.00 OK
r-oldrel-windows-x86_64 0.2 9.00 55.00 64.00 OK

Check Details

Version: 0.2
Check: compiled code
Result: NOTE File ‘falcon/libs/falcon.so’: Found no calls to: ‘R_registerRoutines’, ‘R_useDynamicSymbols’ It is good practice to register native routines and to disable symbol search. See ‘Writing portable packages’ in the ‘Writing R Extensions’ manual. Flavors: r-devel-linux-x86_64-fedora-clang, r-devel-linux-x86_64-fedora-gcc