CRAN Package Check Results for Package fame

Last updated on 2015-07-31 08:49:55.

Flavor Version Tinstall Tcheck Ttotal Status Flags
r-devel-linux-x86_64-debian-clang 2.21 1.11 11.48 12.59 NOTE
r-devel-linux-x86_64-debian-gcc 2.21 1.40 11.52 12.92 NOTE
r-devel-linux-x86_64-fedora-clang 2.21 24.77 NOTE
r-devel-linux-x86_64-fedora-gcc 2.21 23.42 NOTE
r-devel-osx-x86_64-clang 2.21 25.26 NOTE
r-devel-windows-ix86+x86_64 2.21 13.00 26.00 39.00 NOTE
r-patched-linux-x86_64 2.21 1.06 12.45 13.51 NOTE
r-patched-solaris-sparc 2.21 151.60 NOTE
r-patched-solaris-x86 2.21 33.70 NOTE
r-release-linux-x86_64 2.21 1.11 11.78 12.88 NOTE
r-release-osx-x86_64-mavericks 2.21 NOTE
r-release-windows-ix86+x86_64 2.21 12.00 43.00 55.00 NOTE
r-oldrel-windows-ix86+x86_64 2.21 8.00 43.00 51.00 NOTE

Check Details

Version: 2.21
Check: R code for possible problems
Result: NOTE
    File ‘fame/R/windows/zzz.R’:
     .onLoad calls:
     packageStartupMessage("FAME environment variable not set; assuming ", defaultDir)
     packageStartupMessage("FAME directory ", fameDir, " not found.\n", "If you have FAME installed, specify it's location ", "via the FAME environment variable.\n", "Otherwise, this package is pretty useless.\n")
    
    See section ‘Good practice’ in '?.onAttach'.
Flavors: r-devel-linux-x86_64-debian-clang, r-devel-linux-x86_64-debian-gcc, r-devel-linux-x86_64-fedora-clang, r-devel-linux-x86_64-fedora-gcc, r-devel-osx-x86_64-clang, r-devel-windows-ix86+x86_64, r-patched-linux-x86_64, r-patched-solaris-sparc, r-patched-solaris-x86, r-release-linux-x86_64, r-release-osx-x86_64-mavericks, r-release-windows-ix86+x86_64, r-oldrel-windows-ix86+x86_64