CRAN Package Check Results for Package fame

Last updated on 2016-07-24 22:46:52.

Flavor Version Tinstall Tcheck Ttotal Status Flags
r-devel-linux-x86_64-debian-clang 2.21 1.52 13.30 14.82 NOTE
r-devel-linux-x86_64-debian-gcc 2.21 1.40 14.48 15.87 NOTE
r-devel-linux-x86_64-fedora-clang 2.21 20.96 NOTE
r-devel-linux-x86_64-fedora-gcc 2.21 19.63 NOTE
r-devel-osx-x86_64-clang 2.21 19.76 NOTE
r-devel-windows-ix86+x86_64 2.21 7.00 32.00 39.00 NOTE
r-patched-linux-x86_64 2.21 1.29 13.27 14.57 NOTE
r-patched-solaris-sparc 2.21 135.20 NOTE
r-patched-solaris-x86 2.21 29.10 NOTE
r-release-linux-x86_64 2.21 1.39 13.95 15.34 NOTE
r-release-osx-x86_64-mavericks 2.21 NOTE
r-release-windows-ix86+x86_64 2.21 9.00 42.00 51.00 NOTE
r-oldrel-windows-ix86+x86_64 2.21 11.00 34.00 45.00 NOTE

Check Details

Version: 2.21
Check: R code for possible problems
Result: NOTE
    File ‘fame/R/windows/zzz.R’:
     .onLoad calls:
     packageStartupMessage("FAME environment variable not set; assuming ", defaultDir)
     packageStartupMessage("FAME directory ", fameDir, " not found.\n", "If you have FAME installed, specify it's location ", "via the FAME environment variable.\n", "Otherwise, this package is pretty useless.\n")
    
    See section ‘Good practice’ in '?.onAttach'.
Flavors: r-devel-linux-x86_64-debian-clang, r-devel-linux-x86_64-debian-gcc, r-devel-linux-x86_64-fedora-clang, r-devel-linux-x86_64-fedora-gcc, r-devel-osx-x86_64-clang, r-devel-windows-ix86+x86_64, r-patched-linux-x86_64, r-patched-solaris-sparc, r-patched-solaris-x86, r-release-linux-x86_64, r-release-osx-x86_64-mavericks, r-release-windows-ix86+x86_64, r-oldrel-windows-ix86+x86_64