CRAN Package Check Results for Package fame

Last updated on 2017-01-22 16:48:32.

Flavor Version Tinstall Tcheck Ttotal Status Flags
r-devel-linux-x86_64-debian-clang 2.21 1.22 13.86 15.08 NOTE
r-devel-linux-x86_64-debian-gcc 2.21 1.30 14.54 15.84 NOTE
r-devel-linux-x86_64-fedora-clang 2.21 24.46 NOTE --no-stop-on-test-error
r-devel-linux-x86_64-fedora-gcc 2.21 26.06 NOTE --no-stop-on-test-error
r-devel-macos-x86_64-clang 2.21 22.39 NOTE --no-stop-on-test-error
r-devel-windows-ix86+x86_64 2.21 9.00 37.00 46.00 NOTE
r-patched-linux-x86_64 2.21 1.12 12.29 13.40 NOTE
r-patched-solaris-sparc 2.21 139.60 NOTE
r-patched-solaris-x86 2.21 28.30 NOTE
r-release-linux-x86_64 2.21 1.08 12.09 13.18 NOTE
r-release-osx-x86_64-mavericks 2.21 NOTE
r-release-windows-ix86+x86_64 2.21 21.00 36.00 57.00 NOTE
r-oldrel-windows-ix86+x86_64 2.21 19.00 42.00 61.00 NOTE

Check Details

Version: 2.21
Check: R code for possible problems
Result: NOTE
    File ‘fame/R/windows/zzz.R’:
     .onLoad calls:
     packageStartupMessage("FAME environment variable not set; assuming ", defaultDir)
     packageStartupMessage("FAME directory ", fameDir, " not found.\n", "If you have FAME installed, specify it's location ", "via the FAME environment variable.\n", "Otherwise, this package is pretty useless.\n")
    
    See section ‘Good practice’ in '?.onAttach'.
Flavors: r-devel-linux-x86_64-debian-clang, r-devel-linux-x86_64-debian-gcc, r-devel-windows-ix86+x86_64, r-patched-linux-x86_64, r-patched-solaris-sparc, r-patched-solaris-x86, r-release-linux-x86_64, r-release-osx-x86_64-mavericks, r-release-windows-ix86+x86_64, r-oldrel-windows-ix86+x86_64

Version: 2.21
Flags: --no-stop-on-test-error
Check: R code for possible problems
Result: NOTE
    File ‘fame/R/windows/zzz.R’:
     .onLoad calls:
     packageStartupMessage("FAME environment variable not set; assuming ", defaultDir)
     packageStartupMessage("FAME directory ", fameDir, " not found.\n", "If you have FAME installed, specify it's location ", "via the FAME environment variable.\n", "Otherwise, this package is pretty useless.\n")
    
    See section ‘Good practice’ in '?.onAttach'.
Flavors: r-devel-linux-x86_64-fedora-clang, r-devel-linux-x86_64-fedora-gcc, r-devel-macos-x86_64-clang