CRAN Package Check Results for Package fame

Last updated on 2016-02-08 19:48:22.

Flavor Version Tinstall Tcheck Ttotal Status Flags
r-devel-linux-x86_64-debian-gcc 2.21 1.24 10.97 12.20 NOTE
r-devel-linux-x86_64-fedora-clang 2.21 21.30 NOTE
r-devel-linux-x86_64-fedora-gcc 2.21 21.21 NOTE
r-devel-osx-x86_64-clang 2.21 26.57 NOTE
r-devel-windows-ix86+x86_64 2.21 10.00 28.00 38.00 NOTE
r-patched-linux-x86_64 2.21 1.16 11.65 12.81 NOTE
r-patched-solaris-sparc 2.21 137.00 NOTE
r-patched-solaris-x86 2.21 29.60 NOTE
r-release-linux-x86_64 2.21 1.26 11.45 12.71 NOTE
r-release-osx-x86_64-mavericks 2.21 NOTE
r-release-windows-ix86+x86_64 2.21 9.00 28.00 37.00 NOTE
r-oldrel-windows-ix86+x86_64 2.21 12.00 41.00 53.00 NOTE

Check Details

Version: 2.21
Check: R code for possible problems
Result: NOTE
    File ‘fame/R/windows/zzz.R’:
     .onLoad calls:
     packageStartupMessage("FAME environment variable not set; assuming ", defaultDir)
     packageStartupMessage("FAME directory ", fameDir, " not found.\n", "If you have FAME installed, specify it's location ", "via the FAME environment variable.\n", "Otherwise, this package is pretty useless.\n")
    
    See section ‘Good practice’ in '?.onAttach'.
Flavors: r-devel-linux-x86_64-debian-gcc, r-devel-linux-x86_64-fedora-clang, r-devel-linux-x86_64-fedora-gcc, r-devel-osx-x86_64-clang, r-devel-windows-ix86+x86_64, r-patched-linux-x86_64, r-patched-solaris-sparc, r-patched-solaris-x86, r-release-linux-x86_64, r-release-osx-x86_64-mavericks, r-release-windows-ix86+x86_64, r-oldrel-windows-ix86+x86_64