CRAN Package Check Results for Package fame

Last updated on 2018-12-18 14:47:18 CET.

Flavor Version Tinstall Tcheck Ttotal Status Flags
r-devel-linux-x86_64-debian-clang 2.21 2.44 22.83 25.27 NOTE
r-devel-linux-x86_64-debian-gcc 2.21 2.46 17.80 20.26 NOTE
r-devel-linux-x86_64-fedora-clang 2.21 29.64 NOTE
r-devel-linux-x86_64-fedora-gcc 2.21 28.01 NOTE
r-devel-windows-ix86+x86_64 2.21 15.00 42.00 57.00 NOTE
r-patched-linux-x86_64 2.21 2.42 20.78 23.20 NOTE
r-patched-solaris-x86 2.21 39.60 NOTE
r-release-linux-x86_64 2.21 2.40 20.90 23.30 NOTE
r-release-windows-ix86+x86_64 2.21 9.00 46.00 55.00 NOTE
r-release-osx-x86_64 2.21 NOTE
r-oldrel-windows-ix86+x86_64 2.21 12.00 50.00 62.00 NOTE
r-oldrel-osx-x86_64 2.21 NOTE

Check Details

Version: 2.21
Check: R code for possible problems
Result: NOTE
    File ‘fame/R/windows/zzz.R’:
     .onLoad calls:
     packageStartupMessage("FAME environment variable not set; assuming ", defaultDir)
     packageStartupMessage("FAME directory ", fameDir, " not found.\n", "If you have FAME installed, specify it's location ", "via the FAME environment variable.\n", "Otherwise, this package is pretty useless.\n")
    
    See section ‘Good practice’ in '?.onAttach'.
Flavors: r-devel-linux-x86_64-debian-clang, r-devel-linux-x86_64-debian-gcc, r-devel-linux-x86_64-fedora-clang, r-devel-linux-x86_64-fedora-gcc, r-devel-windows-ix86+x86_64, r-patched-linux-x86_64, r-patched-solaris-x86, r-release-linux-x86_64, r-release-windows-ix86+x86_64, r-release-osx-x86_64, r-oldrel-windows-ix86+x86_64, r-oldrel-osx-x86_64

Version: 2.21
Check: compiled code
Result: NOTE
    File ‘fame/libs/fame.so’:
     Found no calls to: ‘R_registerRoutines’, ‘R_useDynamicSymbols’
    
    It is good practice to register native routines and to disable symbol
    search.
    
    See ‘Writing portable packages’ in the ‘Writing R Extensions’ manual.
Flavors: r-devel-linux-x86_64-fedora-clang, r-devel-linux-x86_64-fedora-gcc