CRAN Package Check Results for Package fame

Last updated on 2014-04-24 15:50:37.

Flavor Version Tinstall Tcheck Ttotal Status Flags
r-devel-linux-x86_64-debian-clang 2.18 1.24 13.27 14.50 NOTE
r-devel-linux-x86_64-debian-gcc 2.18 1.23 13.76 14.99 NOTE
r-devel-linux-x86_64-fedora-clang 2.18 27.32 NOTE
r-devel-linux-x86_64-fedora-gcc 2.18 26.79 NOTE
r-devel-osx-x86_64-clang 2.18 29.26 NOTE
r-devel-osx-x86_64-gcc 2.18 NOTE
r-devel-windows-ix86+x86_64 2.18 7.00 24.00 31.00 NOTE
r-patched-linux-x86_64 2.18 1.22 13.23 14.44 NOTE
r-patched-solaris-sparc 2.18 155.00 NOTE
r-patched-solaris-x86 2.18 38.50 NOTE
r-release-linux-ix86 2.18 3.00 28.00 31.00 NOTE
r-release-linux-x86_64 2.18 1.18 13.12 14.30 NOTE
r-release-osx-x86_64-mavericks 2.18 WARN
r-release-osx-x86_64-snowleopard 2.18 NOTE
r-release-windows-ix86+x86_64 2.18 6.00 25.00 31.00 NOTE
r-oldrel-windows-ix86+x86_64 2.18 6.00 27.00 33.00 NOTE

Check Details

Version: 2.18
Check: dependencies in R code
Result: NOTE
    Package in Depends field not imported from: ‘tis’
     These packages need to be imported from (in the NAMESPACE file)
     for when this namespace is loaded but not attached.
    See the information on DESCRIPTION files in the chapter ‘Creating R
    packages’ of the ‘Writing R Extensions’ manual.
Flavors: r-devel-linux-x86_64-debian-clang, r-devel-linux-x86_64-debian-gcc, r-devel-linux-x86_64-fedora-clang, r-devel-linux-x86_64-fedora-gcc, r-devel-osx-x86_64-clang, r-devel-osx-x86_64-gcc, r-devel-windows-ix86+x86_64, r-patched-linux-x86_64, r-patched-solaris-sparc, r-patched-solaris-x86, r-release-linux-ix86, r-release-linux-x86_64, r-release-osx-x86_64-mavericks, r-release-windows-ix86+x86_64, r-oldrel-windows-ix86+x86_64

Version: 2.18
Check: R code for possible problems
Result: NOTE
    File ‘fame/R/windows/zzz.R’:
     .onLoad calls:
     packageStartupMessage("FAME environment variable not set; assuming ", defaultDir)
     packageStartupMessage("FAME directory ", fameDir, " not found.\n", "If you have FAME installed, specify it's location ", "via the FAME environment variable.\n", "Otherwise, this package is pretty useless.\n")
    
    See section ‘Good practice’ in '?.onAttach'.
Flavors: r-devel-linux-x86_64-debian-clang, r-devel-linux-x86_64-debian-gcc, r-devel-linux-x86_64-fedora-clang, r-devel-linux-x86_64-fedora-gcc, r-devel-osx-x86_64-clang, r-devel-osx-x86_64-gcc, r-devel-windows-ix86+x86_64, r-patched-linux-x86_64, r-patched-solaris-sparc, r-patched-solaris-x86, r-release-linux-ix86, r-release-linux-x86_64, r-release-osx-x86_64-mavericks, r-release-osx-x86_64-snowleopard, r-release-windows-ix86+x86_64, r-oldrel-windows-ix86+x86_64

Version: 2.18
Check: top-level files
Result: NOTE
    Non-standard file/directory found at top level:
     ‘COPYRIGHTS’
    Copyright information should be in file inst/COPYRIGHTS
Flavors: r-devel-linux-x86_64-fedora-clang, r-devel-linux-x86_64-fedora-gcc

Version: 2.18
Check: Rd line widths
Result: NOTE
    Rd file 'fameAddAttribute.Rd':
     \usage lines wider than 90 characters:
     fameAddAttribute(name, type = c("string", "date", "boolean", "precision", "numeric", "namelist"), db)
    
    These lines will be truncated in the PDF manual.
Flavors: r-devel-linux-x86_64-fedora-clang, r-devel-linux-x86_64-fedora-gcc

Version: 2.18
Check: PDF version of manual
Result: WARNING
    LaTeX errors when creating PDF version.
    This typically indicates Rd problems.
    LaTeX errors found:
    ! LaTeX Error: File `upquote.sty' not found.
    
    Type X to quit or <RETURN> to proceed,
    or enter new name. (Default extension: sty)
    
    b87c8/Rd2.tex:8: ==> Fatal error occurred, no output PDF file produced!
Flavor: r-release-osx-x86_64-mavericks