CRAN Package Check Results for Package fame

Last updated on 2017-11-21 08:57:09 CET.

Flavor Version Tinstall Tcheck Ttotal Status Flags
r-devel-linux-x86_64-debian-clang 2.21 1.20 14.07 15.27 NOTE
r-devel-linux-x86_64-debian-gcc 2.21 1.32 35.98 37.30 NOTE
r-devel-linux-x86_64-fedora-clang 2.21 23.95 NOTE
r-devel-linux-x86_64-fedora-gcc 2.21 25.17 NOTE
r-devel-windows-ix86+x86_64 2.21 12.00 39.00 51.00 NOTE
r-patched-linux-x86_64 2.21 1.42 14.91 16.33 NOTE
r-patched-solaris-x86 2.21 33.30 NOTE
r-release-linux-x86_64 2.21 1.18 14.68 15.86 NOTE
r-release-windows-ix86+x86_64 2.21 7.00 52.00 59.00 NOTE
r-release-osx-x86_64 2.21 NOTE
r-oldrel-windows-ix86+x86_64 2.21 7.00 46.00 53.00 NOTE
r-oldrel-osx-x86_64 2.21 NOTE

Check Details

Version: 2.21
Check: R code for possible problems
Result: NOTE
    File ‘fame/R/windows/zzz.R’:
     .onLoad calls:
     packageStartupMessage("FAME environment variable not set; assuming ", defaultDir)
     packageStartupMessage("FAME directory ", fameDir, " not found.\n", "If you have FAME installed, specify it's location ", "via the FAME environment variable.\n", "Otherwise, this package is pretty useless.\n")
    
    See section ‘Good practice’ in '?.onAttach'.
Flavors: r-devel-linux-x86_64-debian-clang, r-devel-linux-x86_64-debian-gcc, r-devel-linux-x86_64-fedora-clang, r-devel-linux-x86_64-fedora-gcc, r-devel-windows-ix86+x86_64, r-patched-linux-x86_64, r-patched-solaris-x86, r-release-linux-x86_64, r-release-windows-ix86+x86_64, r-release-osx-x86_64, r-oldrel-windows-ix86+x86_64, r-oldrel-osx-x86_64

Version: 2.21
Check: compiled code
Result: NOTE
    File ‘fame/libs/fame.so’:
     Found no calls to: ‘R_registerRoutines’, ‘R_useDynamicSymbols’
    
    It is good practice to register native routines and to disable symbol
    search.
    
    See ‘Writing portable packages’ in the ‘Writing R Extensions’ manual.
Flavors: r-devel-linux-x86_64-debian-clang, r-devel-linux-x86_64-debian-gcc, r-devel-linux-x86_64-fedora-clang, r-devel-linux-x86_64-fedora-gcc, r-patched-linux-x86_64, r-release-linux-x86_64