CRAN Package Check Results for Package fame

Last updated on 2017-05-29 16:48:20.

Flavor Version Tinstall Tcheck Ttotal Status Flags
r-devel-linux-x86_64-debian-clang 2.21 1.35 15.23 16.58 NOTE
r-devel-linux-x86_64-debian-gcc 2.21 1.19 13.78 14.97 NOTE
r-devel-linux-x86_64-fedora-clang 2.21 25.39 NOTE
r-devel-linux-x86_64-fedora-gcc 2.21 23.82 NOTE
r-devel-windows-ix86+x86_64 2.21 8.00 46.00 54.00 NOTE
r-patched-linux-x86_64 2.21 1.20 14.25 15.44 NOTE
r-patched-solaris-sparc 2.21 150.40 NOTE
r-patched-solaris-x86 2.21 32.70 NOTE
r-release-linux-x86_64 2.21 1.26 14.68 15.94 NOTE
r-release-windows-ix86+x86_64 2.21 11.00 37.00 48.00 NOTE
r-release-osx-x86_64 2.21 NOTE
r-oldrel-windows-ix86+x86_64 2.21 7.00 37.00 44.00 NOTE
r-oldrel-osx-x86_64 2.21 NOTE

Check Details

Version: 2.21
Check: R code for possible problems
Result: NOTE
    File ‘fame/R/windows/zzz.R’:
     .onLoad calls:
     packageStartupMessage("FAME environment variable not set; assuming ", defaultDir)
     packageStartupMessage("FAME directory ", fameDir, " not found.\n", "If you have FAME installed, specify it's location ", "via the FAME environment variable.\n", "Otherwise, this package is pretty useless.\n")
    
    See section ‘Good practice’ in '?.onAttach'.
Flavors: r-devel-linux-x86_64-debian-clang, r-devel-linux-x86_64-debian-gcc, r-devel-linux-x86_64-fedora-clang, r-devel-linux-x86_64-fedora-gcc, r-devel-windows-ix86+x86_64, r-patched-linux-x86_64, r-patched-solaris-sparc, r-patched-solaris-x86, r-release-linux-x86_64, r-release-windows-ix86+x86_64, r-release-osx-x86_64, r-oldrel-windows-ix86+x86_64, r-oldrel-osx-x86_64

Version: 2.21
Check: compiled code
Result: NOTE
    File ‘fame/libs/fame.so’:
     Found no calls to: ‘R_registerRoutines’, ‘R_useDynamicSymbols’
    
    It is good practice to register native routines and to disable symbol
    search.
    
    See ‘Writing portable packages’ in the ‘Writing R Extensions’ manual.
Flavors: r-devel-linux-x86_64-debian-clang, r-devel-linux-x86_64-debian-gcc, r-devel-linux-x86_64-fedora-clang, r-devel-linux-x86_64-fedora-gcc, r-patched-linux-x86_64, r-release-linux-x86_64