CRAN Package Check Results for Package fame

Last updated on 2017-03-28 06:47:47.

Flavor Version Tinstall Tcheck Ttotal Status Flags
r-devel-linux-x86_64-debian-clang 2.21 1.34 14.46 15.80 NOTE
r-devel-linux-x86_64-debian-gcc 2.21 1.18 14.51 15.68 NOTE
r-devel-linux-x86_64-fedora-clang 2.21 25.45 NOTE --no-stop-on-test-error
r-devel-linux-x86_64-fedora-gcc 2.21 24.41 NOTE --no-stop-on-test-error
r-devel-macos-x86_64-clang 2.21 22.40 NOTE --no-stop-on-test-error
r-devel-windows-ix86+x86_64 2.21 8.00 36.00 44.00 NOTE
r-patched-linux-x86_64 2.21 1.26 14.04 15.30 NOTE
r-patched-solaris-sparc 2.21 150.40 NOTE
r-patched-solaris-x86 2.21 33.90 NOTE
r-release-linux-x86_64 2.21 1.16 13.16 14.32 NOTE
r-release-osx-x86_64-mavericks 2.21 NOTE
r-release-windows-ix86+x86_64 2.21 12.00 36.00 48.00 NOTE
r-oldrel-windows-ix86+x86_64 2.21 9.00 35.00 44.00 NOTE

Check Details

Version: 2.21
Check: R code for possible problems
Result: NOTE
    File ‘fame/R/windows/zzz.R’:
     .onLoad calls:
     packageStartupMessage("FAME environment variable not set; assuming ", defaultDir)
     packageStartupMessage("FAME directory ", fameDir, " not found.\n", "If you have FAME installed, specify it's location ", "via the FAME environment variable.\n", "Otherwise, this package is pretty useless.\n")
    
    See section ‘Good practice’ in '?.onAttach'.
Flavors: r-devel-linux-x86_64-debian-clang, r-devel-linux-x86_64-debian-gcc, r-devel-windows-ix86+x86_64, r-patched-linux-x86_64, r-patched-solaris-sparc, r-patched-solaris-x86, r-release-linux-x86_64, r-release-osx-x86_64-mavericks, r-release-windows-ix86+x86_64, r-oldrel-windows-ix86+x86_64

Version: 2.21
Check: compiled code
Result: NOTE
    File ‘fame/libs/fame.so’:
     Found no calls to: ‘R_registerRoutines’, ‘R_useDynamicSymbols’
    
    It is good practice to register native routines and to disable symbol
    search.
    
    See ‘Writing portable packages’ in the ‘Writing R Extensions’ manual.
Flavors: r-devel-linux-x86_64-debian-clang, r-devel-linux-x86_64-debian-gcc, r-patched-linux-x86_64

Version: 2.21
Flags: --no-stop-on-test-error
Check: R code for possible problems
Result: NOTE
    File ‘fame/R/windows/zzz.R’:
     .onLoad calls:
     packageStartupMessage("FAME environment variable not set; assuming ", defaultDir)
     packageStartupMessage("FAME directory ", fameDir, " not found.\n", "If you have FAME installed, specify it's location ", "via the FAME environment variable.\n", "Otherwise, this package is pretty useless.\n")
    
    See section ‘Good practice’ in '?.onAttach'.
Flavors: r-devel-linux-x86_64-fedora-clang, r-devel-linux-x86_64-fedora-gcc, r-devel-macos-x86_64-clang

Version: 2.21
Flags: --no-stop-on-test-error
Check: compiled code
Result: NOTE
    File ‘fame/libs/fame.so’:
     Found no calls to: ‘R_registerRoutines’, ‘R_useDynamicSymbols’
    
    It is good practice to register native routines and to disable symbol
    search.
    
    See ‘Writing portable packages’ in the ‘Writing R Extensions’ manual.
Flavors: r-devel-linux-x86_64-fedora-clang, r-devel-linux-x86_64-fedora-gcc, r-devel-macos-x86_64-clang