CRAN Package Check Results for Package fame

Last updated on 2014-07-30 11:49:48.

Flavor Version Tinstall Tcheck Ttotal Status Flags
r-devel-linux-x86_64-debian-clang 2.18 1.12 12.57 13.69 NOTE
r-devel-linux-x86_64-debian-gcc 2.18 1.12 12.50 13.62 NOTE
r-devel-linux-x86_64-fedora-clang 2.18 27.73 NOTE
r-devel-linux-x86_64-fedora-gcc 2.18 26.43 NOTE
r-devel-osx-x86_64-clang 2.18 31.16 NOTE
r-devel-windows-ix86+x86_64 2.18 5.00 25.00 30.00 NOTE
r-patched-linux-x86_64 2.18 1.18 12.74 13.92 NOTE
r-patched-solaris-sparc 2.18 155.00 NOTE
r-patched-solaris-x86 2.18 37.00 NOTE
r-release-linux-ix86 2.18 2.04 19.25 21.30 NOTE
r-release-linux-x86_64 2.18 1.16 12.74 13.90 NOTE
r-release-osx-x86_64-mavericks 2.18 NOTE
r-release-osx-x86_64-snowleopard 2.18 NOTE
r-release-windows-ix86+x86_64 2.18 5.00 26.00 31.00 NOTE
r-oldrel-windows-ix86+x86_64 2.18 6.00 27.00 33.00 NOTE

Check Details

Version: 2.18
Check: dependencies in R code
Result: NOTE
    Package in Depends field not imported from: tis
     These packages need to be imported from (in the NAMESPACE file)
     for when this namespace is loaded but not attached.
    See the information on DESCRIPTION files in the chapter Creating R
    packages of the Writing R Extensions manual.
Flavors: r-devel-linux-x86_64-debian-clang, r-devel-linux-x86_64-debian-gcc, r-devel-linux-x86_64-fedora-clang, r-devel-linux-x86_64-fedora-gcc, r-devel-osx-x86_64-clang, r-devel-windows-ix86+x86_64, r-patched-linux-x86_64, r-patched-solaris-sparc, r-patched-solaris-x86, r-release-linux-ix86, r-release-linux-x86_64, r-release-osx-x86_64-mavericks, r-release-windows-ix86+x86_64, r-oldrel-windows-ix86+x86_64

Version: 2.18
Check: R code for possible problems
Result: NOTE
    File fame/R/windows/zzz.R :
     .onLoad calls:
     packageStartupMessage("FAME environment variable not set; assuming ", defaultDir)
     packageStartupMessage("FAME directory ", fameDir, " not found.\n", "If you have FAME installed, specify it's location ", "via the FAME environment variable.\n", "Otherwise, this package is pretty useless.\n")
    
    See section Good practice in '?.onAttach'.
Flavors: r-devel-linux-x86_64-debian-clang, r-devel-linux-x86_64-debian-gcc, r-devel-linux-x86_64-fedora-clang, r-devel-linux-x86_64-fedora-gcc, r-devel-osx-x86_64-clang, r-devel-windows-ix86+x86_64, r-patched-linux-x86_64, r-patched-solaris-sparc, r-patched-solaris-x86, r-release-linux-ix86, r-release-linux-x86_64, r-release-osx-x86_64-mavericks, r-release-osx-x86_64-snowleopard, r-release-windows-ix86+x86_64, r-oldrel-windows-ix86+x86_64

Version: 2.18
Check: top-level files
Result: NOTE
    Non-standard file/directory found at top level:
     COPYRIGHTS
    Copyright information should be in file inst/COPYRIGHTS
Flavors: r-devel-linux-x86_64-fedora-clang, r-devel-linux-x86_64-fedora-gcc

Version: 2.18
Check: Rd line widths
Result: NOTE
    Rd file 'fameAddAttribute.Rd':
     \usage lines wider than 90 characters:
     fameAddAttribute(name, type = c("string", "date", "boolean", "precision", "numeric", "namelist"), db)
    
    These lines will be truncated in the PDF manual.
Flavors: r-devel-linux-x86_64-fedora-clang, r-devel-linux-x86_64-fedora-gcc