CRAN Package Check Results for Package fame

Last updated on 2016-08-25 06:47:31.

Flavor Version Tinstall Tcheck Ttotal Status Flags
r-devel-linux-x86_64-debian-clang 2.21 1.18 11.54 12.72 NOTE
r-devel-linux-x86_64-debian-gcc 2.21 1.14 11.94 13.09 NOTE
r-devel-linux-x86_64-fedora-clang 2.21 21.73 NOTE
r-devel-linux-x86_64-fedora-gcc 2.21 19.97 NOTE
r-devel-osx-x86_64-clang 2.21 19.86 NOTE
r-devel-windows-ix86+x86_64 2.21 10.00 32.00 42.00 NOTE
r-patched-linux-x86_64 2.21 1.11 11.51 12.62 NOTE
r-patched-solaris-sparc 2.21 135.20 NOTE
r-patched-solaris-x86 2.21 29.20 NOTE
r-release-linux-x86_64 2.21 1.18 11.66 12.84 NOTE
r-release-osx-x86_64-mavericks 2.21 NOTE
r-release-windows-ix86+x86_64 2.21 11.00 44.00 55.00 NOTE
r-oldrel-windows-ix86+x86_64 2.21 7.00 43.00 50.00 NOTE

Check Details

Version: 2.21
Check: R code for possible problems
Result: NOTE
    File ‘fame/R/windows/zzz.R’:
     .onLoad calls:
     packageStartupMessage("FAME environment variable not set; assuming ", defaultDir)
     packageStartupMessage("FAME directory ", fameDir, " not found.\n", "If you have FAME installed, specify it's location ", "via the FAME environment variable.\n", "Otherwise, this package is pretty useless.\n")
    
    See section ‘Good practice’ in '?.onAttach'.
Flavors: r-devel-linux-x86_64-debian-clang, r-devel-linux-x86_64-debian-gcc, r-devel-linux-x86_64-fedora-clang, r-devel-linux-x86_64-fedora-gcc, r-devel-osx-x86_64-clang, r-devel-windows-ix86+x86_64, r-patched-linux-x86_64, r-patched-solaris-sparc, r-patched-solaris-x86, r-release-linux-x86_64, r-release-osx-x86_64-mavericks, r-release-windows-ix86+x86_64, r-oldrel-windows-ix86+x86_64