CRAN Package Check Results for Package fame

Last updated on 2016-05-24 07:47:10.

Flavor Version Tinstall Tcheck Ttotal Status Flags
r-devel-linux-x86_64-debian-gcc 2.21 1.06 11.64 12.70 NOTE
r-devel-linux-x86_64-fedora-clang 2.21 24.49 NOTE
r-devel-linux-x86_64-fedora-gcc 2.21 19.50 NOTE
r-devel-osx-x86_64-clang 2.21 26.60 NOTE
r-devel-windows-ix86+x86_64 2.21 8.00 49.00 57.00 NOTE
r-patched-linux-x86_64 2.21 1.07 11.59 12.66 NOTE
r-patched-solaris-sparc 2.21 135.40 NOTE
r-patched-solaris-x86 2.21 30.10 NOTE
r-release-linux-x86_64 2.21 1.14 11.84 12.98 NOTE
r-release-osx-x86_64-mavericks 2.21 NOTE
r-release-windows-ix86+x86_64 2.21 8.00 49.00 57.00 NOTE
r-oldrel-windows-ix86+x86_64 2.21 31.00 32.00 63.00 NOTE

Check Details

Version: 2.21
Check: R code for possible problems
Result: NOTE
    File ‘fame/R/windows/zzz.R’:
     .onLoad calls:
     packageStartupMessage("FAME environment variable not set; assuming ", defaultDir)
     packageStartupMessage("FAME directory ", fameDir, " not found.\n", "If you have FAME installed, specify it's location ", "via the FAME environment variable.\n", "Otherwise, this package is pretty useless.\n")
    
    See section ‘Good practice’ in '?.onAttach'.
Flavors: r-devel-linux-x86_64-debian-gcc, r-devel-linux-x86_64-fedora-clang, r-devel-linux-x86_64-fedora-gcc, r-devel-osx-x86_64-clang, r-devel-windows-ix86+x86_64, r-patched-linux-x86_64, r-patched-solaris-sparc, r-patched-solaris-x86, r-release-linux-x86_64, r-release-osx-x86_64-mavericks, r-release-windows-ix86+x86_64, r-oldrel-windows-ix86+x86_64