CRAN Package Check Results for Package fanc

Last updated on 2017-12-14 17:48:28 CET.

Flavor Version Tinstall Tcheck Ttotal Status Flags
r-devel-linux-x86_64-debian-clang 2.2 4.87 37.03 41.90 FAIL
r-devel-linux-x86_64-debian-gcc 2.2 4.78 33.39 38.17 FAIL
r-devel-linux-x86_64-fedora-clang 2.2 71.57 NOTE
r-devel-linux-x86_64-fedora-gcc 2.2 69.03 NOTE
r-devel-windows-ix86+x86_64 2.2 19.00 78.00 97.00 OK
r-patched-linux-x86_64 2.2 6.10 53.21 59.31 NOTE
r-patched-solaris-x86 2.2 111.90 OK
r-release-linux-x86_64 2.2 6.77 52.93 59.70 NOTE
r-release-windows-ix86+x86_64 2.2 14.00 107.00 121.00 OK
r-release-osx-x86_64 2.2 OK
r-oldrel-windows-ix86+x86_64 2.2 14.00 95.00 109.00 OK
r-oldrel-osx-x86_64 2.2 OK

Check Details

Version: 2.2
Check: pragmas in C/C++ headers and code
Result: FAIL
    
Flavors: r-devel-linux-x86_64-debian-clang, r-devel-linux-x86_64-debian-gcc

Version: 2.2
Check: compiled code
Result: NOTE
    File ‘fanc/libs/fanc.so’:
     Found no calls to: ‘R_registerRoutines’, ‘R_useDynamicSymbols’
    
    It is good practice to register native routines and to disable symbol
    search.
    
    See ‘Writing portable packages’ in the ‘Writing R Extensions’ manual.
Flavors: r-devel-linux-x86_64-fedora-clang, r-devel-linux-x86_64-fedora-gcc, r-patched-linux-x86_64, r-release-linux-x86_64