CRAN Package Check Results for Package fanc

Last updated on 2017-03-27 13:55:30.

Flavor Version Tinstall Tcheck Ttotal Status Flags
r-devel-linux-x86_64-debian-clang 2.2 3.96 33.80 37.75 NOTE
r-devel-linux-x86_64-debian-gcc 2.2 4.34 32.83 37.17 NOTE
r-devel-linux-x86_64-fedora-clang 2.2 82.03 NOTE --no-stop-on-test-error
r-devel-linux-x86_64-fedora-gcc 2.2 80.00 NOTE --no-stop-on-test-error
r-devel-macos-x86_64-clang 2.2 62.59 NOTE --no-stop-on-test-error
r-devel-windows-ix86+x86_64 2.2 17.00 90.00 107.00 OK
r-patched-linux-x86_64 2.2 4.22 33.35 37.57 NOTE
r-patched-solaris-sparc 2.2 476.90 OK
r-patched-solaris-x86 2.2 111.60 OK
r-release-linux-x86_64 2.2 3.82 30.32 34.14 OK
r-release-osx-x86_64-mavericks 2.2 OK
r-release-windows-ix86+x86_64 2.2 19.00 71.00 90.00 OK
r-oldrel-windows-ix86+x86_64 2.2 15.00 75.00 90.00 OK

Check Details

Version: 2.2
Check: compiled code
Result: NOTE
    File ‘fanc/libs/fanc.so’:
     Found no calls to: ‘R_registerRoutines’, ‘R_useDynamicSymbols’
    
    It is good practice to register native routines and to disable symbol
    search.
    
    See ‘Writing portable packages’ in the ‘Writing R Extensions’ manual.
Flavors: r-devel-linux-x86_64-debian-clang, r-devel-linux-x86_64-debian-gcc, r-patched-linux-x86_64

Version: 2.2
Flags: --no-stop-on-test-error
Check: compiled code
Result: NOTE
    File ‘fanc/libs/fanc.so’:
     Found no calls to: ‘R_registerRoutines’, ‘R_useDynamicSymbols’
    
    It is good practice to register native routines and to disable symbol
    search.
    
    See ‘Writing portable packages’ in the ‘Writing R Extensions’ manual.
Flavors: r-devel-linux-x86_64-fedora-clang, r-devel-linux-x86_64-fedora-gcc, r-devel-macos-x86_64-clang