CRAN Package Check Results for Package fanc

Last updated on 2015-05-26 15:47:28.

Flavor Version Tinstall Tcheck Ttotal Status Flags
r-devel-linux-x86_64-debian-clang 1.23 3.44 34.30 37.75 OK
r-devel-linux-x86_64-debian-gcc 1.23 3.80 33.64 37.44 OK
r-devel-linux-x86_64-fedora-clang 1.23 75.92 OK
r-devel-linux-x86_64-fedora-gcc 1.23 74.54 OK
r-devel-osx-x86_64-clang 1.23 65.07 OK
r-devel-windows-ix86+x86_64 1.23 13.00 81.00 94.00 OK
r-patched-linux-x86_64 1.23 3.91 32.77 36.68 OK
r-patched-solaris-sparc 1.23 494.50 OK
r-patched-solaris-x86 1.23 136.30 OK
r-release-linux-x86_64 1.23 3.84 33.65 37.50 OK
r-release-osx-x86_64-mavericks 1.23 NOTE
r-release-osx-x86_64-snowleopard 1.23 OK
r-release-windows-ix86+x86_64 1.23 13.00 80.00 93.00 OK
r-oldrel-windows-ix86+x86_64 1.23 15.00 124.00 139.00 OK

Check Details

Version: 1.23
Check: package dependencies
Result: NOTE
    Package suggested but not available for checking: ‘RGtk2’
Flavor: r-release-osx-x86_64-mavericks