CRAN Package Check Results for Package fanc

Last updated on 2017-10-21 00:51:41.

Flavor Version Tinstall Tcheck Ttotal Status Flags
r-devel-linux-x86_64-debian-clang 2.2 4.14 34.09 38.23 NOTE
r-devel-linux-x86_64-debian-gcc 2.2 6.10 39.23 45.33 NOTE
r-devel-linux-x86_64-fedora-clang 2.2 84.61 NOTE
r-devel-linux-x86_64-fedora-gcc 2.2 82.16 NOTE
r-devel-windows-ix86+x86_64 2.2 14.00 102.00 116.00 OK
r-patched-linux-x86_64 2.2 4.41 33.84 38.25 NOTE
r-patched-solaris-x86 2.2 112.30 OK
r-release-linux-x86_64 2.2 4.49 33.80 38.29 NOTE
r-release-windows-ix86+x86_64 2.2 19.00 79.00 98.00 OK
r-release-osx-x86_64 2.2 OK
r-oldrel-windows-ix86+x86_64 2.2 13.00 92.00 105.00 OK
r-oldrel-osx-x86_64 2.2 OK

Check Details

Version: 2.2
Check: compiled code
Result: NOTE
    File ‘fanc/libs/fanc.so’:
     Found no calls to: ‘R_registerRoutines’, ‘R_useDynamicSymbols’
    
    It is good practice to register native routines and to disable symbol
    search.
    
    See ‘Writing portable packages’ in the ‘Writing R Extensions’ manual.
Flavors: r-devel-linux-x86_64-debian-clang, r-devel-linux-x86_64-debian-gcc, r-devel-linux-x86_64-fedora-clang, r-devel-linux-x86_64-fedora-gcc, r-patched-linux-x86_64, r-release-linux-x86_64