CRAN Package Check Results for Package fanc

Last updated on 2016-08-27 05:48:40.

Flavor Version Tinstall Tcheck Ttotal Status Flags
r-devel-linux-x86_64-debian-clang 1.25 3.68 32.12 35.79 OK
r-devel-linux-x86_64-debian-gcc 1.25 5.57 40.05 45.62 OK
r-devel-linux-x86_64-fedora-clang 1.25 70.23 OK
r-devel-linux-x86_64-fedora-gcc 1.25 67.13 OK
r-devel-osx-x86_64-clang 1.25 57.08 OK
r-devel-windows-ix86+x86_64 1.25 17.00 73.00 90.00 OK
r-patched-linux-x86_64 1.25 3.68 30.93 34.61 OK
r-patched-solaris-sparc 1.25 401.00 OK
r-patched-solaris-x86 1.25 89.40 OK
r-release-linux-x86_64 1.25 4.06 33.40 37.46 OK
r-release-osx-x86_64-mavericks 1.25 NOTE
r-release-windows-ix86+x86_64 1.25 19.00 76.00 95.00 OK
r-oldrel-windows-ix86+x86_64 1.25 13.00 99.00 112.00 OK

Check Details

Version: 1.25
Check: dependencies in R code
Result: NOTE
    Invalid MIT-MAGIC-COOKIE-1 keyInvalid MIT-MAGIC-COOKIE-1 key
Flavor: r-release-osx-x86_64-mavericks