CRAN Package Check Results for Package fanc

Last updated on 2014-12-26 16:46:38.

Flavor Version Tinstall Tcheck Ttotal Status Flags
r-devel-linux-x86_64-debian-clang 1.13 4.28 33.88 38.16 WARN
r-devel-linux-x86_64-debian-gcc 1.13 4.69 31.99 36.68 NOTE
r-devel-linux-x86_64-fedora-clang 1.13 91.01 WARN
r-devel-linux-x86_64-fedora-gcc 1.13 88.29 NOTE
r-devel-osx-x86_64-clang 1.13 73.81 WARN
r-devel-windows-ix86+x86_64 1.13 15.00 59.00 74.00 NOTE
r-patched-linux-x86_64 1.13 5.00 34.34 39.34 NOTE
r-patched-solaris-sparc 1.13 507.70 NOTE
r-patched-solaris-x86 1.13 122.40 NOTE
r-release-linux-ix86 1.13 6.00 42.10 48.10 NOTE
r-release-linux-x86_64 1.13 6.02 34.10 40.11 NOTE
r-release-osx-x86_64-mavericks 1.13 NOTE
r-release-windows-ix86+x86_64 1.13 14.00 62.00 76.00 NOTE
r-oldrel-windows-ix86+x86_64 1.13 15.00 63.00 78.00 NOTE

Check Details

Version: 1.13
Check: whether package can be installed
Result: WARN
    Found the following significant warnings:
     ./profiling.h:6:9: warning: 'PROFILING_H' is used as a header guard here, followed by #define of a different macro [-Wheader-guard]
Flavors: r-devel-linux-x86_64-debian-clang, r-devel-linux-x86_64-fedora-clang, r-devel-osx-x86_64-clang

Version: 1.13
Check: dependencies in R code
Result: NOTE
    Package in Depends field not imported from: ‘Matrix’
     These packages need to be imported from (in the NAMESPACE file)
     for when this namespace is loaded but not attached.
    See the information on DESCRIPTION files in the chapter ‘Creating R
    packages’ of the ‘Writing R Extensions’ manual.
Flavors: r-devel-linux-x86_64-debian-clang, r-devel-linux-x86_64-debian-gcc, r-devel-linux-x86_64-fedora-clang, r-devel-linux-x86_64-fedora-gcc, r-devel-osx-x86_64-clang, r-devel-windows-ix86+x86_64, r-patched-linux-x86_64, r-patched-solaris-sparc, r-patched-solaris-x86, r-release-linux-ix86, r-release-linux-x86_64, r-release-osx-x86_64-mavericks, r-release-windows-ix86+x86_64, r-oldrel-windows-ix86+x86_64

Version: 1.13
Check: R code for possible problems
Result: NOTE
    fanc: no visible global function definition for ‘sparseMatrix’
    plot.fanc : cbExposeCanvas: no visible global function definition for
     ‘gdkCairoCreate’
    plot.fanc : cbExposeCanvas: no visible global function definition for
     ‘cairoMatrixInit’
    plot.fanc : cbExposeCanvas: no visible global function definition for
     ‘cairoTranslate’
    plot.fanc : cbExposeCanvas: no visible global function definition for
     ‘cairoSetLineWidth’
    plot.fanc : cbExposeCanvas: no visible global function definition for
     ‘cairoScale’
    plot.fanc : cbExposeCanvas: no visible global function definition for
     ‘cairoArc’
    plot.fanc : cbExposeCanvas: no visible global function definition for
     ‘cairoStroke’
    plot.fanc : cbExposeCanvas: no visible global function definition for
     ‘cairoSetFontSize’
    plot.fanc : cbExposeCanvas: no visible global function definition for
     ‘cairoMoveTo’
    plot.fanc : cbExposeCanvas: no visible global function definition for
     ‘cairoShowText’
    plot.fanc : cbExposeCanvas: no visible global function definition for
     ‘cairoGetMatrix’
    plot.fanc : cbExposeCanvas: no visible global function definition for
     ‘cairoMatrixInvert’
    plot.fanc : cbExposeCanvas: no visible global function definition for
     ‘cairoTransform’
    plot.fanc : cbExposeCanvas: no visible global function definition for
     ‘cairoRectangle’
    plot.fanc : cbExposeCanvas: no visible global function definition for
     ‘cairoSetLineJoin’
    plot.fanc : cbExposeCanvas: no visible global function definition for
     ‘cairoSetSourceRgb’
    plot.fanc : cbExposeCanvas: no visible global function definition for
     ‘cairoLineTo’
    plot.fanc : cbExposeLabelLambda: no visible global function definition
     for ‘gdkCairoCreate’
    plot.fanc : cbExposeLabelLambda: no visible global function definition
     for ‘cairoSetFontSize’
    plot.fanc : cbExposeLabelLambda: no visible global function definition
     for ‘cairoMoveTo’
    plot.fanc : cbExposeLabelLambda: no visible global function definition
     for ‘cairoShowText’
    plot.fanc : cbExposeLabelGFI: no visible global function definition for
     ‘gdkCairoCreate’
    plot.fanc : cbExposeLabelGFI: no visible global function definition for
     ‘cairoSetFontSize’
    plot.fanc : cbExposeLabelGFI: no visible global function definition for
     ‘cairoMoveTo’
    plot.fanc : cbExposeLabelGFI: no visible global function definition for
     ‘cairoShowText’
    plot.fanc : cbExposeLabelAGFI: no visible global function definition
     for ‘gdkCairoCreate’
    plot.fanc : cbExposeLabelAGFI: no visible global function definition
     for ‘cairoSetFontSize’
    plot.fanc : cbExposeLabelAGFI: no visible global function definition
     for ‘cairoMoveTo’
    plot.fanc : cbExposeLabelAGFI: no visible global function definition
     for ‘cairoShowText’
    plot.fanc : cbExposeLabelAIC: no visible global function definition for
     ‘gdkCairoCreate’
    plot.fanc : cbExposeLabelAIC: no visible global function definition for
     ‘cairoSetFontSize’
    plot.fanc : cbExposeLabelAIC: no visible global function definition for
     ‘cairoMoveTo’
    plot.fanc : cbExposeLabelAIC: no visible global function definition for
     ‘cairoShowText’
    plot.fanc : cbExposeLabelBIC: no visible global function definition for
     ‘gdkCairoCreate’
    plot.fanc : cbExposeLabelBIC: no visible global function definition for
     ‘cairoSetFontSize’
    plot.fanc : cbExposeLabelBIC: no visible global function definition for
     ‘cairoMoveTo’
    plot.fanc : cbExposeLabelBIC: no visible global function definition for
     ‘cairoShowText’
    plot.fanc : cbExposeLabelCAIC: no visible global function definition
     for ‘gdkCairoCreate’
    plot.fanc : cbExposeLabelCAIC: no visible global function definition
     for ‘cairoSetFontSize’
    plot.fanc : cbExposeLabelCAIC: no visible global function definition
     for ‘cairoMoveTo’
    plot.fanc : cbExposeLabelCAIC: no visible global function definition
     for ‘cairoShowText’
    plot.fanc : cbExposeLabelGamma: no visible global function definition
     for ‘gdkCairoCreate’
    plot.fanc : cbExposeLabelGamma: no visible global function definition
     for ‘cairoSetFontSize’
    plot.fanc : cbExposeLabelGamma: no visible global function definition
     for ‘cairoMoveTo’
    plot.fanc : cbExposeLabelGamma: no visible global function definition
     for ‘cairoShowText’
    plot.fanc : cbValueChangedLambda: no visible global function definition
     for ‘gtkRangeGetValue’
    plot.fanc : cbValueChangedLambda: no visible global function definition
     for ‘gtkWidgetQueueDraw’
    plot.fanc : cbValueChangedGamma: no visible global function definition
     for ‘gtkRangeGetValue’
    plot.fanc : cbValueChangedGamma: no visible global function definition
     for ‘gtkWidgetQueueDraw’
    plot.fanc : cbValueChangedLabelLambda: no visible global function
     definition for ‘gtkWidgetQueueDraw’
    plot.fanc : cbValueChangedLabelGamma: no visible global function
     definition for ‘gtkRangeGetValue’
    plot.fanc : cbValueChangedLabelGamma: no visible global function
     definition for ‘gtkWidgetQueueDraw’
    plot.fanc : MakeInterface: no visible global function definition for
     ‘gtkWindowNew’
    plot.fanc : MakeInterface: no visible global function definition for
     ‘gtkWindowSetTitle’
    plot.fanc : MakeInterface: no visible global function definition for
     ‘gtkWidgetSetSizeRequest’
    plot.fanc : MakeInterface: no visible global function definition for
     ‘gtkContainerSetBorderWidth’
    plot.fanc : MakeInterface: no visible global function definition for
     ‘gtkVBoxNew’
    plot.fanc : MakeInterface: no visible global function definition for
     ‘gtkContainerAdd’
    plot.fanc : MakeInterface: no visible global function definition for
     ‘gtkAlignmentNew’
    plot.fanc : MakeInterface: no visible global function definition for
     ‘gtkBoxPackStart’
    plot.fanc : MakeInterface: no visible global function definition for
     ‘gtkDrawingAreaNew’
    plot.fanc : MakeInterface: no visible global function definition for
     ‘gSignalConnect’
    plot.fanc : MakeInterface: no visible global function definition for
     ‘gtkHBoxNew’
    plot.fanc : MakeInterface: no visible global function definition for
     ‘gtkHScaleNewWithRange’
    plot.fanc : MakeInterface: no visible global function definition for
     ‘gtkScaleSetDigits’
    plot.fanc : MakeInterface: no visible global function definition for
     ‘gtkScaleSetDrawValue’
Flavors: r-devel-linux-x86_64-debian-clang, r-devel-linux-x86_64-debian-gcc, r-devel-linux-x86_64-fedora-clang, r-devel-linux-x86_64-fedora-gcc, r-devel-osx-x86_64-clang, r-devel-windows-ix86+x86_64, r-patched-linux-x86_64, r-patched-solaris-sparc, r-patched-solaris-x86, r-release-linux-ix86, r-release-linux-x86_64, r-release-windows-ix86+x86_64

Version: 1.13
Check: package dependencies
Result: NOTE
    Package suggested but not available for checking: ‘RGtk2’
Flavor: r-release-osx-x86_64-mavericks

Version: 1.13
Check: R code for possible problems
Result: NOTE
    plot.fanc : cbExposeCanvas: no visible global function definition for
     ‘gdkCairoCreate’
    plot.fanc : cbExposeCanvas: no visible global function definition for
     ‘cairoMatrixInit’
    plot.fanc : cbExposeCanvas: no visible global function definition for
     ‘cairoTranslate’
    plot.fanc : cbExposeCanvas: no visible global function definition for
     ‘cairoSetLineWidth’
    plot.fanc : cbExposeCanvas: no visible global function definition for
     ‘cairoScale’
    plot.fanc : cbExposeCanvas: no visible global function definition for
     ‘cairoArc’
    plot.fanc : cbExposeCanvas: no visible global function definition for
     ‘cairoStroke’
    plot.fanc : cbExposeCanvas: no visible global function definition for
     ‘cairoSetFontSize’
    plot.fanc : cbExposeCanvas: no visible global function definition for
     ‘cairoMoveTo’
    plot.fanc : cbExposeCanvas: no visible global function definition for
     ‘cairoShowText’
    plot.fanc : cbExposeCanvas: no visible global function definition for
     ‘cairoGetMatrix’
    plot.fanc : cbExposeCanvas: no visible global function definition for
     ‘cairoMatrixInvert’
    plot.fanc : cbExposeCanvas: no visible global function definition for
     ‘cairoTransform’
    plot.fanc : cbExposeCanvas: no visible global function definition for
     ‘cairoRectangle’
    plot.fanc : cbExposeCanvas: no visible global function definition for
     ‘cairoSetLineJoin’
    plot.fanc : cbExposeCanvas: no visible global function definition for
     ‘cairoSetSourceRgb’
    plot.fanc : cbExposeCanvas: no visible global function definition for
     ‘cairoLineTo’
    plot.fanc : cbExposeLabelLambda: no visible global function definition
     for ‘gdkCairoCreate’
    plot.fanc : cbExposeLabelLambda: no visible global function definition
     for ‘cairoSetFontSize’
    plot.fanc : cbExposeLabelLambda: no visible global function definition
     for ‘cairoMoveTo’
    plot.fanc : cbExposeLabelLambda: no visible global function definition
     for ‘cairoShowText’
    plot.fanc : cbExposeLabelGFI: no visible global function definition for
     ‘gdkCairoCreate’
    plot.fanc : cbExposeLabelGFI: no visible global function definition for
     ‘cairoSetFontSize’
    plot.fanc : cbExposeLabelGFI: no visible global function definition for
     ‘cairoMoveTo’
    plot.fanc : cbExposeLabelGFI: no visible global function definition for
     ‘cairoShowText’
    plot.fanc : cbExposeLabelAGFI: no visible global function definition
     for ‘gdkCairoCreate’
    plot.fanc : cbExposeLabelAGFI: no visible global function definition
     for ‘cairoSetFontSize’
    plot.fanc : cbExposeLabelAGFI: no visible global function definition
     for ‘cairoMoveTo’
    plot.fanc : cbExposeLabelAGFI: no visible global function definition
     for ‘cairoShowText’
    plot.fanc : cbExposeLabelAIC: no visible global function definition for
     ‘gdkCairoCreate’
    plot.fanc : cbExposeLabelAIC: no visible global function definition for
     ‘cairoSetFontSize’
    plot.fanc : cbExposeLabelAIC: no visible global function definition for
     ‘cairoMoveTo’
    plot.fanc : cbExposeLabelAIC: no visible global function definition for
     ‘cairoShowText’
    plot.fanc : cbExposeLabelBIC: no visible global function definition for
     ‘gdkCairoCreate’
    plot.fanc : cbExposeLabelBIC: no visible global function definition for
     ‘cairoSetFontSize’
    plot.fanc : cbExposeLabelBIC: no visible global function definition for
     ‘cairoMoveTo’
    plot.fanc : cbExposeLabelBIC: no visible global function definition for
     ‘cairoShowText’
    plot.fanc : cbExposeLabelCAIC: no visible global function definition
     for ‘gdkCairoCreate’
    plot.fanc : cbExposeLabelCAIC: no visible global function definition
     for ‘cairoSetFontSize’
    plot.fanc : cbExposeLabelCAIC: no visible global function definition
     for ‘cairoMoveTo’
    plot.fanc : cbExposeLabelCAIC: no visible global function definition
     for ‘cairoShowText’
    plot.fanc : cbExposeLabelGamma: no visible global function definition
     for ‘gdkCairoCreate’
    plot.fanc : cbExposeLabelGamma: no visible global function definition
     for ‘cairoSetFontSize’
    plot.fanc : cbExposeLabelGamma: no visible global function definition
     for ‘cairoMoveTo’
    plot.fanc : cbExposeLabelGamma: no visible global function definition
     for ‘cairoShowText’
    plot.fanc : cbValueChangedLambda: no visible global function definition
     for ‘gtkRangeGetValue’
    plot.fanc : cbValueChangedLambda: no visible global function definition
     for ‘gtkWidgetQueueDraw’
    plot.fanc : cbValueChangedGamma: no visible global function definition
     for ‘gtkRangeGetValue’
    plot.fanc : cbValueChangedGamma: no visible global function definition
     for ‘gtkWidgetQueueDraw’
    plot.fanc : cbValueChangedLabelLambda: no visible global function
     definition for ‘gtkWidgetQueueDraw’
    plot.fanc : cbValueChangedLabelGamma: no visible global function
     definition for ‘gtkRangeGetValue’
    plot.fanc : cbValueChangedLabelGamma: no visible global function
     definition for ‘gtkWidgetQueueDraw’
    plot.fanc : MakeInterface: no visible global function definition for
     ‘gtkWindowNew’
    plot.fanc : MakeInterface: no visible global function definition for
     ‘gtkWindowSetTitle’
    plot.fanc : MakeInterface: no visible global function definition for
     ‘gtkWidgetSetSizeRequest’
    plot.fanc : MakeInterface: no visible global function definition for
     ‘gtkContainerSetBorderWidth’
    plot.fanc : MakeInterface: no visible global function definition for
     ‘gtkVBoxNew’
    plot.fanc : MakeInterface: no visible global function definition for
     ‘gtkContainerAdd’
    plot.fanc : MakeInterface: no visible global function definition for
     ‘gtkAlignmentNew’
    plot.fanc : MakeInterface: no visible global function definition for
     ‘gtkBoxPackStart’
    plot.fanc : MakeInterface: no visible global function definition for
     ‘gtkDrawingAreaNew’
    plot.fanc : MakeInterface: no visible global function definition for
     ‘gSignalConnect’
    plot.fanc : MakeInterface: no visible global function definition for
     ‘gtkHBoxNew’
    plot.fanc : MakeInterface: no visible global function definition for
     ‘gtkHScaleNewWithRange’
    plot.fanc : MakeInterface: no visible global function definition for
     ‘gtkScaleSetDigits’
    plot.fanc : MakeInterface: no visible global function definition for
     ‘gtkScaleSetDrawValue’
Flavor: r-release-osx-x86_64-mavericks