CRAN Package Check Results for Package fanc

Last updated on 2015-08-03 05:47:42.

Flavor Version Tinstall Tcheck Ttotal Status Flags
r-devel-linux-x86_64-debian-clang 1.23 3.45 33.70 37.15 NOTE
r-devel-linux-x86_64-debian-gcc 1.23 3.98 32.59 36.57 NOTE
r-devel-linux-x86_64-fedora-clang 1.23 78.94 NOTE
r-devel-linux-x86_64-fedora-gcc 1.23 75.10 NOTE
r-devel-osx-x86_64-clang 1.23 65.16 OK
r-devel-windows-ix86+x86_64 1.23 14.00 88.00 102.00 NOTE
r-patched-linux-x86_64 1.23 4.01 32.72 36.72 OK
r-patched-solaris-sparc 1.23 461.10 OK
r-patched-solaris-x86 1.23 105.90 OK
r-release-linux-x86_64 1.23 3.85 33.33 37.18 OK
r-release-osx-x86_64-mavericks 1.23 NOTE
r-release-windows-ix86+x86_64 1.23 18.00 116.00 134.00 OK
r-oldrel-windows-ix86+x86_64 1.23 22.00 102.00 124.00 OK

Check Details

Version: 1.23
Check: R code for possible problems
Result: NOTE
    fanc: no visible global function definition for ‘cov’
    fanc : <anonymous>: no visible global function definition for ‘var’
    plot.fanc: no visible global function definition for ‘install.packages’
    plot.fanc: no visible global function definition for ‘rgb’
    Undefined global functions or variables:
     cov install.packages rgb var
    Consider adding
     importFrom("grDevices", "rgb")
     importFrom("stats", "cov", "var")
     importFrom("utils", "install.packages")
    to your NAMESPACE.
Flavors: r-devel-linux-x86_64-debian-clang, r-devel-linux-x86_64-debian-gcc, r-devel-linux-x86_64-fedora-clang, r-devel-linux-x86_64-fedora-gcc, r-devel-windows-ix86+x86_64

Version: 1.23
Check: package dependencies
Result: NOTE
    Package suggested but not available for checking: ‘RGtk2’
Flavor: r-release-osx-x86_64-mavericks