CRAN Package Check Results for Package fanc

Last updated on 2015-09-03 23:47:30.

Flavor Version Tinstall Tcheck Ttotal Status Flags
r-devel-linux-x86_64-debian-clang 1.23 3.30 32.64 35.94 NOTE
r-devel-linux-x86_64-debian-gcc 1.23 3.72 31.08 34.80 NOTE
r-devel-linux-x86_64-fedora-clang 1.23 72.40 NOTE
r-devel-linux-x86_64-fedora-gcc 1.23 71.05 NOTE
r-devel-osx-x86_64-clang 1.23 59.99 OK
r-devel-windows-ix86+x86_64 1.23 13.00 109.00 122.00 NOTE
r-patched-linux-x86_64 1.23 4.00 33.56 37.56 OK
r-patched-solaris-sparc 1.23 461.10 OK
r-patched-solaris-x86 1.23 102.70 OK
r-release-linux-x86_64 1.23 3.86 32.96 36.82 OK
r-release-osx-x86_64-mavericks 1.23 NOTE
r-release-windows-ix86+x86_64 1.23 17.00 89.00 106.00 OK
r-oldrel-windows-ix86+x86_64 1.23 21.00 101.00 122.00 OK

Check Details

Version: 1.23
Check: R code for possible problems
Result: NOTE
    fanc: no visible global function definition for ‘cov’
    fanc : <anonymous>: no visible global function definition for ‘var’
    plot.fanc: no visible global function definition for ‘install.packages’
    plot.fanc: no visible global function definition for ‘rgb’
    Undefined global functions or variables:
     cov install.packages rgb var
    Consider adding
     importFrom("grDevices", "rgb")
     importFrom("stats", "cov", "var")
     importFrom("utils", "install.packages")
    to your NAMESPACE.
Flavors: r-devel-linux-x86_64-debian-clang, r-devel-linux-x86_64-debian-gcc, r-devel-linux-x86_64-fedora-clang, r-devel-linux-x86_64-fedora-gcc, r-devel-windows-ix86+x86_64

Version: 1.23
Check: package dependencies
Result: NOTE
    Package suggested but not available for checking: ‘RGtk2’
Flavor: r-release-osx-x86_64-mavericks