CRAN Package Check Results for Package fanc

Last updated on 2016-07-29 08:48:07.

Flavor Version Tinstall Tcheck Ttotal Status Flags
r-devel-linux-x86_64-debian-clang 1.25 3.88 32.09 35.97 OK
r-devel-linux-x86_64-debian-gcc 1.25 4.83 36.43 41.26 OK
r-devel-linux-x86_64-fedora-clang 1.25 70.97 OK
r-devel-linux-x86_64-fedora-gcc 1.25 66.21 OK
r-devel-osx-x86_64-clang 1.25 56.45 OK
r-devel-windows-ix86+x86_64 1.25 18.00 75.00 93.00 OK
r-patched-linux-x86_64 1.25 4.46 34.54 39.01 OK
r-patched-solaris-sparc 1.25 401.00 OK
r-patched-solaris-x86 1.25 88.60 OK
r-release-linux-x86_64 1.25 4.73 35.17 39.90 OK
r-release-osx-x86_64-mavericks 1.25 NOTE
r-release-windows-ix86+x86_64 1.25 17.00 95.00 112.00 OK
r-oldrel-windows-ix86+x86_64 1.25 18.00 98.00 116.00 OK

Check Details

Version: 1.25
Check: dependencies in R code
Result: NOTE
    Invalid MIT-MAGIC-COOKIE-1 keyInvalid MIT-MAGIC-COOKIE-1 key
Flavor: r-release-osx-x86_64-mavericks