CRAN Package Check Results for Package fanc

Last updated on 2016-09-27 23:49:03.

Flavor Version Tinstall Tcheck Ttotal Status Flags
r-devel-linux-x86_64-debian-clang 1.25 3.33 27.91 31.24 OK
r-devel-linux-x86_64-debian-gcc 1.25 3.82 27.93 31.75 OK
r-devel-linux-x86_64-fedora-clang 1.25 66.89 OK
r-devel-linux-x86_64-fedora-gcc 1.25 64.73 OK
r-devel-macos-x86_64-clang 1.25 51.74 OK
r-devel-windows-ix86+x86_64 1.25 14.00 87.00 101.00 OK
r-patched-linux-x86_64 1.25 3.55 28.09 31.64 OK
r-patched-solaris-sparc 1.25 401.00 OK
r-patched-solaris-x86 1.25 87.90 OK
r-release-linux-x86_64 1.25 3.56 28.57 32.13 OK
r-release-osx-x86_64-mavericks 1.25 NOTE
r-release-windows-ix86+x86_64 1.25 17.00 68.00 85.00 OK
r-oldrel-windows-ix86+x86_64 1.25 19.00 90.00 109.00 OK

Check Details

Version: 1.25
Check: dependencies in R code
Result: NOTE
    Invalid MIT-MAGIC-COOKIE-1 keyInvalid MIT-MAGIC-COOKIE-1 key
Flavor: r-release-osx-x86_64-mavericks