CRAN Package Check Results for Package fanc

Last updated on 2017-08-20 14:46:51.

Flavor Version Tinstall Tcheck Ttotal Status Flags
r-devel-linux-x86_64-debian-clang 2.2 4.01 33.85 37.86 NOTE
r-devel-linux-x86_64-debian-gcc 2.2 4.14 33.43 37.57 NOTE
r-devel-linux-x86_64-fedora-clang 2.2 80.92 NOTE
r-devel-linux-x86_64-fedora-gcc 2.2 82.88 NOTE
r-devel-windows-ix86+x86_64 2.2 14.00 70.00 84.00 OK
r-patched-linux-x86_64 2.2 4.36 33.32 37.67 NOTE
r-patched-solaris-x86 2.2 109.50 OK
r-release-linux-x86_64 2.2 4.36 34.09 38.45 NOTE
r-release-windows-ix86+x86_64 2.2 21.00 96.00 117.00 OK
r-release-osx-x86_64 2.2 OK
r-oldrel-windows-ix86+x86_64 2.2 14.00 66.00 80.00 OK
r-oldrel-osx-x86_64 2.2 OK

Check Details

Version: 2.2
Check: compiled code
Result: NOTE
    File ‘fanc/libs/fanc.so’:
     Found no calls to: ‘R_registerRoutines’, ‘R_useDynamicSymbols’
    
    It is good practice to register native routines and to disable symbol
    search.
    
    See ‘Writing portable packages’ in the ‘Writing R Extensions’ manual.
Flavors: r-devel-linux-x86_64-debian-clang, r-devel-linux-x86_64-debian-gcc, r-devel-linux-x86_64-fedora-clang, r-devel-linux-x86_64-fedora-gcc, r-patched-linux-x86_64, r-release-linux-x86_64