CRAN Package Check Results for Package fanc

Last updated on 2017-06-23 04:47:01.

Flavor Version Tinstall Tcheck Ttotal Status Flags
r-devel-linux-x86_64-debian-clang 2.2 4.18 34.07 38.25 NOTE
r-devel-linux-x86_64-debian-gcc 2.2 4.36 33.08 37.43 NOTE
r-devel-linux-x86_64-fedora-clang 2.2 81.97 NOTE
r-devel-linux-x86_64-fedora-gcc 2.2 80.46 NOTE
r-devel-windows-ix86+x86_64 2.2 19.00 80.00 99.00 OK
r-patched-linux-x86_64 2.2 4.18 33.20 37.37 NOTE
r-patched-solaris-sparc 2.2 476.90 OK
r-patched-solaris-x86 2.2 107.90 OK
r-release-linux-x86_64 2.2 4.44 33.30 37.73 NOTE
r-release-windows-ix86+x86_64 2.2 20.00 103.00 123.00 OK
r-release-osx-x86_64 2.2 OK
r-oldrel-windows-ix86+x86_64 2.2 19.00 71.00 90.00 OK
r-oldrel-osx-x86_64 2.2 OK

Check Details

Version: 2.2
Check: compiled code
Result: NOTE
    File ‘fanc/libs/fanc.so’:
     Found no calls to: ‘R_registerRoutines’, ‘R_useDynamicSymbols’
    
    It is good practice to register native routines and to disable symbol
    search.
    
    See ‘Writing portable packages’ in the ‘Writing R Extensions’ manual.
Flavors: r-devel-linux-x86_64-debian-clang, r-devel-linux-x86_64-debian-gcc, r-devel-linux-x86_64-fedora-clang, r-devel-linux-x86_64-fedora-gcc, r-patched-linux-x86_64, r-release-linux-x86_64