CRAN Package Check Results for Package fanc

Last updated on 2014-04-20 11:46:53.

Flavor Version Tinstall Tcheck Ttotal Status Flags
r-devel-linux-x86_64-debian-clang 1.13 4.28 37.46 41.75 NOTE
r-devel-linux-x86_64-debian-gcc 1.13 5.13 37.57 42.70 NOTE
r-devel-linux-x86_64-fedora-clang 1.13 96.99 NOTE
r-devel-linux-x86_64-fedora-gcc 1.13 95.79 NOTE
r-devel-macosx-x86_64-clang 1.13 71.19 NOTE
r-devel-macosx-x86_64-gcc 1.13 NOTE
r-devel-windows-ix86+x86_64 1.13 15.00 66.00 81.00 NOTE
r-patched-linux-x86_64 1.13 4.96 37.41 42.37 NOTE
r-patched-solaris-sparc 1.13 513.40 NOTE
r-patched-solaris-x86 1.13 133.60 NOTE
r-release-linux-ix86 NOTE
r-release-linux-x86_64 1.13 5.09 37.40 42.49 NOTE
r-release-windows-ix86+x86_64 1.13 20.00 63.00 83.00 NOTE
r-oldrel-windows-ix86+x86_64 1.13 14.00 61.00 75.00 NOTE

Check Details

Version: 1.13
Check: dependencies in R code
Result: NOTE
    Package in Depends field not imported from: ‘Matrix’
     These packages need to be imported from (in the NAMESPACE file)
     for when this namespace is loaded but not attached.
    See the information on DESCRIPTION files in the chapter ‘Creating R
    packages’ of the ‘Writing R Extensions’ manual.
Flavors: r-devel-linux-x86_64-debian-clang, r-devel-linux-x86_64-debian-gcc, r-devel-linux-x86_64-fedora-clang, r-devel-linux-x86_64-fedora-gcc, r-devel-macosx-x86_64-clang, r-devel-macosx-x86_64-gcc, r-devel-windows-ix86+x86_64, r-patched-linux-x86_64, r-patched-solaris-sparc, r-patched-solaris-x86, r-release-linux-ix86, r-release-linux-x86_64, r-release-windows-ix86+x86_64, r-oldrel-windows-ix86+x86_64