CRAN Package Check Results for Package fanc

Last updated on 2015-07-04 19:47:36.

Flavor Version Tinstall Tcheck Ttotal Status Flags
r-devel-linux-x86_64-debian-clang 1.23 3.37 32.86 36.23 NOTE
r-devel-linux-x86_64-debian-gcc 1.23 3.76 32.64 36.39 NOTE
r-devel-linux-x86_64-fedora-clang 1.23 73.24 NOTE
r-devel-linux-x86_64-fedora-gcc 1.23 71.46 NOTE
r-devel-osx-x86_64-clang 1.23 61.90 OK
r-devel-windows-ix86+x86_64 1.23 21.00 84.00 105.00 NOTE
r-patched-linux-x86_64 1.23 4.01 32.74 36.75 OK
r-patched-solaris-sparc 1.23 494.50 OK
r-patched-solaris-x86 1.23 104.40 OK
r-release-linux-x86_64 1.23 3.84 32.63 36.47 OK
r-release-osx-x86_64-mavericks 1.23 NOTE
r-release-windows-ix86+x86_64 1.23 19.00 86.00 105.00 OK
r-oldrel-windows-ix86+x86_64 1.23 15.00 122.00 137.00 OK

Check Details

Version: 1.23
Check: R code for possible problems
Result: NOTE
    fanc: no visible global function definition for ‘cov’
    fanc : <anonymous>: no visible global function definition for ‘var’
    plot.fanc: no visible global function definition for ‘install.packages’
    plot.fanc: no visible global function definition for ‘rgb’
    Undefined global functions or variables:
     cov install.packages rgb var
Flavors: r-devel-linux-x86_64-debian-clang, r-devel-linux-x86_64-debian-gcc, r-devel-linux-x86_64-fedora-clang, r-devel-linux-x86_64-fedora-gcc, r-devel-windows-ix86+x86_64

Version: 1.23
Check: package dependencies
Result: NOTE
    Package suggested but not available for checking: ‘RGtk2’
Flavor: r-release-osx-x86_64-mavericks