CRAN Package Check Results for Package fanc

Last updated on 2017-02-21 20:49:02.

Flavor Version Tinstall Tcheck Ttotal Status Flags
r-devel-linux-x86_64-debian-clang 2.2 3.92 33.02 36.94 NOTE
r-devel-linux-x86_64-debian-gcc 2.2 4.25 33.00 37.25 NOTE
r-devel-linux-x86_64-fedora-clang 2.2 80.08 NOTE --no-stop-on-test-error
r-devel-linux-x86_64-fedora-gcc 2.2 78.87 NOTE --no-stop-on-test-error
r-devel-macos-x86_64-clang 2.2 63.10 NOTE --no-stop-on-test-error
r-devel-windows-ix86+x86_64 2.2 24.00 136.00 160.00 OK
r-patched-linux-x86_64 2.2 3.81 30.14 33.95 OK
r-patched-solaris-sparc 2.2 428.50 OK
r-patched-solaris-x86 2.2 94.20 OK
r-release-linux-x86_64 2.2 4.11 30.13 34.24 OK
r-release-osx-x86_64-mavericks 2.2 OK
r-release-windows-ix86+x86_64 2.2 21.00 94.00 115.00 OK
r-oldrel-windows-ix86+x86_64 2.2 19.00 99.00 118.00 OK

Check Details

Version: 2.2
Check: compiled code
Result: NOTE
    File ‘fanc/libs/fanc.so’:
     Found no calls to: ‘R_registerRoutines’, ‘R_useDynamicSymbols’
    
    It is good practice to register native routines and to disable symbol
    search.
    
    See ‘Writing portable packages’ in the ‘Writing R Extensions’ manual.
Flavors: r-devel-linux-x86_64-debian-clang, r-devel-linux-x86_64-debian-gcc

Version: 2.2
Flags: --no-stop-on-test-error
Check: compiled code
Result: NOTE
    File ‘fanc/libs/fanc.so’:
     Found no calls to: ‘R_registerRoutines’, ‘R_useDynamicSymbols’
    
    It is good practice to register native routines and to disable symbol
    search.
    
    See ‘Writing portable packages’ in the ‘Writing R Extensions’ manual.
Flavors: r-devel-linux-x86_64-fedora-clang, r-devel-linux-x86_64-fedora-gcc, r-devel-macos-x86_64-clang