CRAN Package Check Results for Package fanc

Last updated on 2016-06-27 15:47:32.

Flavor Version Tinstall Tcheck Ttotal Status Flags
r-devel-linux-x86_64-debian-gcc 1.25 4.46 30.50 34.97 OK
r-devel-linux-x86_64-fedora-clang 1.25 68.41 OK
r-devel-linux-x86_64-fedora-gcc 1.25 64.42 OK
r-devel-osx-x86_64-clang 1.25 54.05 OK
r-devel-windows-ix86+x86_64 1.25 12.00 99.00 111.00 OK
r-patched-linux-x86_64 1.25 3.92 32.44 36.36 OK
r-patched-solaris-sparc 1.25 401.00 OK
r-patched-solaris-x86 1.25 89.60 OK
r-release-linux-x86_64 1.25 3.83 31.27 35.10 OK
r-release-osx-x86_64-mavericks 1.25 NOTE
r-release-windows-ix86+x86_64 1.25 11.00 69.00 80.00 OK
r-oldrel-windows-ix86+x86_64 1.25 19.00 102.00 121.00 OK

Check Details

Version: 1.25
Check: dependencies in R code
Result: NOTE
    Invalid MIT-MAGIC-COOKIE-1 keyInvalid MIT-MAGIC-COOKIE-1 key
Flavor: r-release-osx-x86_64-mavericks