CRAN Package Check Results for Package fanovaGraph

Last updated on 2017-11-23 00:47:09 CET.

Flavor Version Tinstall Tcheck Ttotal Status Flags
r-devel-linux-x86_64-debian-clang 1.4.8 1.11 70.28 71.39 OK
r-devel-linux-x86_64-debian-gcc 1.4.8 1.52 100.72 102.24 OK
r-devel-linux-x86_64-fedora-clang 1.4.8 83.28 OK
r-devel-linux-x86_64-fedora-gcc 1.4.8 119.86 OK
r-devel-windows-ix86+x86_64 1.4.8 5.00 81.00 86.00 OK
r-patched-linux-x86_64 1.4.8 1.47 53.36 54.83 OK
r-patched-solaris-x86 1.4.8 126.70 OK
r-release-linux-x86_64 1.4.8 1.20 51.70 52.91 OK
r-release-windows-ix86+x86_64 1.4.8 4.00 77.00 81.00 OK
r-release-osx-x86_64 1.4.8 OK
r-oldrel-windows-ix86+x86_64 1.4.8 4.00 74.00 78.00 OK
r-oldrel-osx-x86_64 1.4.8 WARN

Check Details

Version: 1.4.8
Check: dependencies in R code
Result: NOTE
    Invalid MIT-MAGIC-COOKIE-1 key
Flavor: r-oldrel-osx-x86_64

Version: 1.4.8
Check: S3 generic/method consistency
Result: WARN
    Invalid MIT-MAGIC-COOKIE-1 key
    See section ‘Generic functions and methods’ in the ‘Writing R
    Extensions’ manual.
Flavor: r-oldrel-osx-x86_64

Version: 1.4.8
Check: replacement functions
Result: WARN
    Invalid MIT-MAGIC-COOKIE-1 key
    The argument of a replacement function which corresponds to the right
    hand side must be named ‘value’.
Flavor: r-oldrel-osx-x86_64

Version: 1.4.8
Check: foreign function calls
Result: NOTE
    Invalid MIT-MAGIC-COOKIE-1 key
    See chapter ‘System and foreign language interfaces’ in the ‘Writing R
    Extensions’ manual.
Flavor: r-oldrel-osx-x86_64

Version: 1.4.8
Check: R code for possible problems
Result: NOTE
    Invalid MIT-MAGIC-COOKIE-1 key
Flavor: r-oldrel-osx-x86_64

Version: 1.4.8
Check: for missing documentation entries
Result: WARN
    Invalid MIT-MAGIC-COOKIE-1 key
    All user-level objects in a package should have documentation entries.
    See chapter ‘Writing R documentation files’ in the ‘Writing R
    Extensions’ manual.
Flavor: r-oldrel-osx-x86_64

Version: 1.4.8
Check: for code/documentation mismatches
Result: WARN
    Invalid MIT-MAGIC-COOKIE-1 key
    Invalid MIT-MAGIC-COOKIE-1 key
    Invalid MIT-MAGIC-COOKIE-1 key
Flavor: r-oldrel-osx-x86_64

Version: 1.4.8
Check: Rd \usage sections
Result: NOTE
    Invalid MIT-MAGIC-COOKIE-1 key
    The \usage entries for S3 methods should use the \method markup and not
    their full name.
    See chapter ‘Writing R documentation files’ in the ‘Writing R
    Extensions’ manual.
Flavor: r-oldrel-osx-x86_64