CRAN Package Check Results for Package fanovaGraph

Last updated on 2016-05-31 05:47:27.

Flavor Version Tinstall Tcheck Ttotal Status Flags
r-devel-linux-x86_64-debian-gcc 1.4.8 1.12 45.83 46.95 OK
r-devel-linux-x86_64-fedora-clang 1.4.8 87.88 OK
r-devel-linux-x86_64-fedora-gcc 1.4.8 74.61 OK
r-devel-osx-x86_64-clang 1.4.8 84.68 OK
r-devel-windows-ix86+x86_64 1.4.8 5.00 77.00 82.00 OK
r-patched-linux-x86_64 1.4.8 1.07 45.04 46.11 OK
r-patched-solaris-sparc 1.4.8 501.00 OK
r-patched-solaris-x86 1.4.8 109.60 OK
r-release-linux-x86_64 1.4.8 1.19 45.90 47.09 OK
r-release-osx-x86_64-mavericks 1.4.8 WARN
r-release-windows-ix86+x86_64 1.4.8 7.00 80.00 87.00 OK
r-oldrel-windows-ix86+x86_64 1.4.8 4.00 77.00 81.00 OK

Check Details

Version: 1.4.8
Check: dependencies in R code
Result: NOTE
    Invalid MIT-MAGIC-COOKIE-1 key
Flavor: r-release-osx-x86_64-mavericks

Version: 1.4.8
Check: S3 generic/method consistency
Result: WARN
    Invalid MIT-MAGIC-COOKIE-1 key
    See section ‘Generic functions and methods’ in the ‘Writing R
    Extensions’ manual.
Flavor: r-release-osx-x86_64-mavericks

Version: 1.4.8
Check: replacement functions
Result: WARN
    Invalid MIT-MAGIC-COOKIE-1 key
    The argument of a replacement function which corresponds to the right
    hand side must be named ‘value’.
Flavor: r-release-osx-x86_64-mavericks

Version: 1.4.8
Check: foreign function calls
Result: NOTE
    Invalid MIT-MAGIC-COOKIE-1 key
    See chapter ‘System and foreign language interfaces’ in the ‘Writing R
    Extensions’ manual.
Flavor: r-release-osx-x86_64-mavericks

Version: 1.4.8
Check: R code for possible problems
Result: NOTE
    Invalid MIT-MAGIC-COOKIE-1 key
Flavor: r-release-osx-x86_64-mavericks

Version: 1.4.8
Check: for missing documentation entries
Result: WARN
    Invalid MIT-MAGIC-COOKIE-1 key
    All user-level objects in a package should have documentation entries.
    See chapter ‘Writing R documentation files’ in the ‘Writing R
    Extensions’ manual.
Flavor: r-release-osx-x86_64-mavericks

Version: 1.4.8
Check: for code/documentation mismatches
Result: WARN
    Invalid MIT-MAGIC-COOKIE-1 key
    Invalid MIT-MAGIC-COOKIE-1 key
    Invalid MIT-MAGIC-COOKIE-1 key
Flavor: r-release-osx-x86_64-mavericks

Version: 1.4.8
Check: Rd \usage sections
Result: NOTE
    Invalid MIT-MAGIC-COOKIE-1 key
    The \usage entries for S3 methods should use the \method markup and not
    their full name.
    See chapter ‘Writing R documentation files’ in the ‘Writing R
    Extensions’ manual.
Flavor: r-release-osx-x86_64-mavericks