CRAN Package Check Results for Package fanovaGraph

Last updated on 2016-08-26 23:48:51.

Flavor Version Tinstall Tcheck Ttotal Status Flags
r-devel-linux-x86_64-debian-clang 1.4.8 1.01 53.77 54.78 OK
r-devel-linux-x86_64-debian-gcc 1.4.8 1.44 63.19 64.63 OK
r-devel-linux-x86_64-fedora-clang 1.4.8 89.34 OK
r-devel-linux-x86_64-fedora-gcc 1.4.8 83.23 OK
r-devel-osx-x86_64-clang 1.4.8 65.32 OK
r-devel-windows-ix86+x86_64 1.4.8 8.00 74.00 82.00 OK
r-patched-linux-x86_64 1.4.8 1.17 50.72 51.90 OK
r-patched-solaris-sparc 1.4.8 502.70 OK
r-patched-solaris-x86 1.4.8 110.40 OK
r-release-linux-x86_64 1.4.8 1.33 55.52 56.86 OK
r-release-osx-x86_64-mavericks 1.4.8 WARN
r-release-windows-ix86+x86_64 1.4.8 6.00 78.00 84.00 OK
r-oldrel-windows-ix86+x86_64 1.4.8 5.00 78.00 83.00 OK

Check Details

Version: 1.4.8
Check: dependencies in R code
Result: NOTE
    Invalid MIT-MAGIC-COOKIE-1 key
Flavor: r-release-osx-x86_64-mavericks

Version: 1.4.8
Check: S3 generic/method consistency
Result: WARN
    Invalid MIT-MAGIC-COOKIE-1 key
    See section ‘Generic functions and methods’ in the ‘Writing R
    Extensions’ manual.
Flavor: r-release-osx-x86_64-mavericks

Version: 1.4.8
Check: replacement functions
Result: WARN
    Invalid MIT-MAGIC-COOKIE-1 key
    The argument of a replacement function which corresponds to the right
    hand side must be named ‘value’.
Flavor: r-release-osx-x86_64-mavericks

Version: 1.4.8
Check: foreign function calls
Result: NOTE
    Invalid MIT-MAGIC-COOKIE-1 key
    See chapter ‘System and foreign language interfaces’ in the ‘Writing R
    Extensions’ manual.
Flavor: r-release-osx-x86_64-mavericks

Version: 1.4.8
Check: R code for possible problems
Result: NOTE
    Invalid MIT-MAGIC-COOKIE-1 key
Flavor: r-release-osx-x86_64-mavericks

Version: 1.4.8
Check: for missing documentation entries
Result: WARN
    Invalid MIT-MAGIC-COOKIE-1 key
    All user-level objects in a package should have documentation entries.
    See chapter ‘Writing R documentation files’ in the ‘Writing R
    Extensions’ manual.
Flavor: r-release-osx-x86_64-mavericks

Version: 1.4.8
Check: for code/documentation mismatches
Result: WARN
    Invalid MIT-MAGIC-COOKIE-1 key
    Invalid MIT-MAGIC-COOKIE-1 key
    Invalid MIT-MAGIC-COOKIE-1 key
Flavor: r-release-osx-x86_64-mavericks

Version: 1.4.8
Check: Rd \usage sections
Result: NOTE
    Invalid MIT-MAGIC-COOKIE-1 key
    The \usage entries for S3 methods should use the \method markup and not
    their full name.
    See chapter ‘Writing R documentation files’ in the ‘Writing R
    Extensions’ manual.
Flavor: r-release-osx-x86_64-mavericks