CRAN Package Check Results for Package fanovaGraph

Last updated on 2015-02-28 19:51:05.

Flavor Version Tinstall Tcheck Ttotal Status Flags
r-devel-linux-x86_64-debian-clang 1.4.7 0.94 40.86 41.81 NOTE
r-devel-linux-x86_64-debian-gcc 1.4.7 0.96 39.39 40.35 NOTE
r-devel-linux-x86_64-fedora-clang 1.4.7 82.23 NOTE
r-devel-linux-x86_64-fedora-gcc 1.4.7 78.74 NOTE
r-devel-osx-x86_64-clang 1.4.7 68.97 NOTE
r-devel-windows-ix86+x86_64 1.4.7 7.00 64.00 71.00 NOTE
r-patched-linux-x86_64 1.4.7 1.25 46.68 47.93 NOTE
r-patched-solaris-sparc 1.4.7 547.30 NOTE
r-patched-solaris-x86 1.4.7 119.50 NOTE
r-release-linux-ix86 1.4.7 1.48 56.59 58.07 NOTE
r-release-linux-x86_64 1.4.7 1.22 46.19 47.41 NOTE
r-release-osx-x86_64-mavericks 1.4.7 NOTE
r-release-osx-x86_64-snowleopard 1.4.7 NOTE
r-release-windows-ix86+x86_64 1.4.7 4.00 73.00 77.00 NOTE
r-oldrel-windows-ix86+x86_64 1.4.7 6.00 65.00 71.00 OK

Check Details

Version: 1.4.7
Check: dependencies in R code
Result: NOTE
    'library' or 'require' calls in package code:
     ‘manipulate’ ‘tcltk’
     Please use :: or requireNamespace() instead.
     See section 'Suggested packages' in the 'Writing R Extensions' manual.
Flavors: r-devel-linux-x86_64-debian-clang, r-devel-linux-x86_64-debian-gcc, r-devel-linux-x86_64-fedora-clang, r-devel-linux-x86_64-fedora-gcc, r-devel-osx-x86_64-clang, r-devel-windows-ix86+x86_64, r-patched-linux-x86_64, r-patched-solaris-sparc, r-patched-solaris-x86

Version: 1.4.7
Check: S3 generic/method consistency
Result: NOTE
    Found the following apparent S3 methods exported but not registered:
     plot.graphlist print.graphlist
    See section ‘Registering S3 methods’ in the ‘Writing R Extensions’
    manual.
Flavors: r-devel-linux-x86_64-debian-clang, r-devel-linux-x86_64-debian-gcc, r-devel-linux-x86_64-fedora-clang, r-devel-linux-x86_64-fedora-gcc, r-devel-osx-x86_64-clang

Version: 1.4.7
Check: R code for possible problems
Result: NOTE
    plotTk: no visible global function definition for ‘tclVar’
    plotTk : refresh: no visible global function definition for ‘tclvalue’
    plotTk: no visible global function definition for ‘tktoplevel’
    plotTk: no visible global function definition for ‘tkwm.title’
    plotTk: no visible global function definition for ‘tkframe’
    plotTk: no visible global function definition for ‘tkscale’
    plotTk: no visible global function definition for ‘tkpack’
    plotTk: no visible global function definition for ‘tklabel’
Flavors: r-devel-linux-x86_64-debian-clang, r-devel-linux-x86_64-debian-gcc, r-devel-linux-x86_64-fedora-clang, r-devel-linux-x86_64-fedora-gcc, r-devel-osx-x86_64-clang, r-devel-windows-ix86+x86_64, r-patched-linux-x86_64, r-patched-solaris-sparc, r-patched-solaris-x86, r-release-linux-ix86, r-release-linux-x86_64, r-release-osx-x86_64-mavericks, r-release-windows-ix86+x86_64

Version: 1.4.7
Check: package dependencies
Result: NOTE
    Package suggested but not available for checking: ‘manipulate’
Flavor: r-release-osx-x86_64-snowleopard