CRAN Package Check Results for Package fanovaGraph

Last updated on 2015-08-29 17:48:05.

Flavor Version Tinstall Tcheck Ttotal Status Flags
r-devel-linux-x86_64-debian-clang 1.4.7 0.90 39.50 40.40 ERROR
r-devel-linux-x86_64-debian-gcc 1.4.7 0.88 38.68 39.55 ERROR
r-devel-linux-x86_64-fedora-clang 1.4.7 81.87 ERROR
r-devel-linux-x86_64-fedora-gcc 1.4.7 73.87 ERROR
r-devel-osx-x86_64-clang 1.4.7 63.02 ERROR
r-devel-windows-ix86+x86_64 1.4.7 6.00 69.00 75.00 ERROR
r-patched-linux-x86_64 1.4.7 1.00 40.79 41.79 ERROR
r-patched-solaris-sparc 1.4.7 511.80 ERROR
r-patched-solaris-x86 1.4.7 111.10 ERROR
r-release-linux-x86_64 1.4.7 1.01 40.84 41.85 ERROR
r-release-osx-x86_64-mavericks 1.4.7 NOTE
r-release-windows-ix86+x86_64 1.4.7 6.00 98.00 104.00 ERROR
r-oldrel-windows-ix86+x86_64 1.4.7 8.00 97.00 105.00 ERROR

Check Details

Version: 1.4.7
Check: dependencies in R code
Result: NOTE
    'library' or 'require' calls in package code:
     ‘manipulate’ ‘tcltk’
     Please use :: or requireNamespace() instead.
     See section 'Suggested packages' in the 'Writing R Extensions' manual.
Flavors: r-devel-linux-x86_64-debian-clang, r-devel-linux-x86_64-debian-gcc, r-devel-linux-x86_64-fedora-clang, r-devel-linux-x86_64-fedora-gcc, r-devel-osx-x86_64-clang, r-devel-windows-ix86+x86_64, r-patched-linux-x86_64, r-patched-solaris-sparc, r-patched-solaris-x86, r-release-linux-x86_64, r-release-osx-x86_64-mavericks, r-release-windows-ix86+x86_64, r-oldrel-windows-ix86+x86_64

Version: 1.4.7
Check: S3 generic/method consistency
Result: NOTE
    Found the following apparent S3 methods exported but not registered:
     plot.graphlist print.graphlist
    See section ‘Registering S3 methods’ in the ‘Writing R Extensions’
    manual.
Flavors: r-devel-linux-x86_64-debian-clang, r-devel-linux-x86_64-debian-gcc, r-devel-linux-x86_64-fedora-clang, r-devel-linux-x86_64-fedora-gcc, r-devel-osx-x86_64-clang, r-patched-linux-x86_64, r-patched-solaris-sparc, r-patched-solaris-x86, r-release-linux-x86_64

Version: 1.4.7
Check: R code for possible problems
Result: NOTE
    estimateGraph: no visible global function definition for ‘combn’
    estimateGraphFixFast: no visible global function definition for ‘runif’
    estimateGraphFixFast: no visible global function definition for ‘combn’
    estimateGraphLiuOwen: no visible global function definition for ‘combn’
    estimateGraphLiuOwen: no visible global function definition for ‘runif’
    estimateGraphLiuOwen: no visible global function definition for ‘var’
    estimateGraphLiuOwen: no visible global function definition for ‘qnorm’
    estimateGraphPickFreeze: no visible global function definition for
     ‘combn’
    estimateGraphPickFreeze: no visible global function definition for
     ‘runif’
    estimateGraphPickFreeze: no visible global function definition for
     ‘var’
    estimateGraphRBD : RBDt: no visible global function definition for
     ‘combn’
    i2Index: no visible global function definition for ‘combn’
    i2Index: no visible global function definition for ‘runif’
    kmAdditive: no visible global function definition for ‘runif’
    kmAdditive: no visible global function definition for ‘constrOptim’
    mainEffectIndices: no visible global function definition for ‘runif’
    plot.graphlist: no visible global function definition for ‘par’
    plot.graphlist : mycircle : <anonymous>: no visible global function
     definition for ‘symbols’
    plot.graphlist: no visible global function definition for ‘combn’
    plotDeltaJumps: no visible global function definition for ‘par’
    plotDeltaJumps: no visible global function definition for ‘combn’
    plotDeltaJumps: no visible global function definition for ‘lines’
    plotDeltaJumps: no visible global function definition for ‘legend’
    plotDeltaJumps: no visible global function definition for ‘polygon’
    plotDeltaJumps: no visible global function definition for ‘rgb’
    plotDeltaJumps: no visible global function definition for ‘axis’
    plotDeltaJumps: no visible global function definition for ‘title’
    plotGraphChange: no visible global function definition for ‘par’
    plotGraphChange: no visible global function definition for ‘combn’
    plotGraphChange: no visible global function definition for
     ‘devAskNewPage’
    plotGraphChange: no visible global function definition for ‘text’
    plotGraphChange: no visible global function definition for ‘title’
    plotGraphChange: no visible global function definition for ‘rect’
    plotGraphChange: no visible global function definition for ‘lines’
    plotGraphChange: no visible global function definition for ‘points’
    plotManipulate: no visible global function definition for ‘combn’
    plotManipulate : plotting: no visible global function definition for
     ‘title’
    plotTk: no visible global function definition for ‘combn’
    plotTk : plotting: no visible global function definition for ‘title’
    plotTk: no visible global function definition for ‘tclVar’
    plotTk : refresh: no visible global function definition for ‘tclvalue’
    plotTk: no visible global function definition for ‘tktoplevel’
    plotTk: no visible global function definition for ‘tkwm.title’
    plotTk: no visible global function definition for ‘tkframe’
    plotTk: no visible global function definition for ‘tkscale’
    plotTk: no visible global function definition for ‘tkpack’
    plotTk: no visible global function definition for ‘tklabel’
    simAdditive: no visible global function definition for ‘rnorm’
    threshold: no visible global function definition for ‘combn’
    thresholdIdentification: no visible global function definition for
     ‘par’
    thresholdIdentification: no visible global function definition for
     ‘abline’
    totalIndex: no visible global function definition for ‘runif’
    Undefined global functions or variables:
     abline axis combn constrOptim devAskNewPage legend lines par points
     polygon qnorm rect rgb rnorm runif symbols tclVar tclvalue text title
     tkframe tklabel tkpack tkscale tktoplevel tkwm.title var
    Consider adding
     importFrom("grDevices", "devAskNewPage", "rgb")
     importFrom("graphics", "abline", "axis", "legend", "lines", "par",
     "points", "polygon", "rect", "symbols", "text", "title")
     importFrom("stats", "constrOptim", "qnorm", "rnorm", "runif", "var")
     importFrom("utils", "combn")
    to your NAMESPACE.
Flavors: r-devel-linux-x86_64-debian-clang, r-devel-linux-x86_64-debian-gcc, r-devel-linux-x86_64-fedora-clang, r-devel-linux-x86_64-fedora-gcc, r-devel-windows-ix86+x86_64

Version: 1.4.7
Check: tests
Result: ERROR
    Running the tests in ‘tests/run-all.R’ failed.
    Last 13 lines of output:
     F = -9.97537
     final value -9.975373
     converged
     threshold RMSE
     [1,] 0.0 0.3281777
     [2,] 0.4 0.2187619
     [3,] 1.0 0.9907953
     testthat results ================================================================
     OK: 31 SKIPPED: 0 FAILED: 1
     1. Failure (at test_fullexample.R#78): the full example works as before
    
     Error: testthat unit tests failed
     Execution halted
Flavors: r-devel-linux-x86_64-debian-clang, r-devel-linux-x86_64-debian-gcc, r-devel-linux-x86_64-fedora-clang, r-devel-linux-x86_64-fedora-gcc, r-devel-osx-x86_64-clang, r-devel-windows-ix86+x86_64, r-patched-linux-x86_64, r-patched-solaris-sparc, r-patched-solaris-x86, r-release-linux-x86_64, r-release-windows-ix86+x86_64, r-oldrel-windows-ix86+x86_64

Version: 1.4.7
Check: R code for possible problems
Result: NOTE
    plotTk: no visible global function definition for ‘tclVar’
    plotTk : refresh: no visible global function definition for ‘tclvalue’
    plotTk: no visible global function definition for ‘tktoplevel’
    plotTk: no visible global function definition for ‘tkwm.title’
    plotTk: no visible global function definition for ‘tkframe’
    plotTk: no visible global function definition for ‘tkscale’
    plotTk: no visible global function definition for ‘tkpack’
    plotTk: no visible global function definition for ‘tklabel’
    Undefined global functions or variables:
     tclVar tclvalue tkframe tklabel tkpack tkscale tktoplevel tkwm.title
Flavor: r-devel-osx-x86_64-clang

Version: 1.4.7
Check: R code for possible problems
Result: NOTE
    plotTk: no visible global function definition for ‘tclVar’
    plotTk : refresh: no visible global function definition for ‘tclvalue’
    plotTk: no visible global function definition for ‘tktoplevel’
    plotTk: no visible global function definition for ‘tkwm.title’
    plotTk: no visible global function definition for ‘tkframe’
    plotTk: no visible global function definition for ‘tkscale’
    plotTk: no visible global function definition for ‘tkpack’
    plotTk: no visible global function definition for ‘tklabel’
Flavors: r-patched-linux-x86_64, r-patched-solaris-sparc, r-patched-solaris-x86, r-release-linux-x86_64, r-release-osx-x86_64-mavericks, r-release-windows-ix86+x86_64, r-oldrel-windows-ix86+x86_64