CRAN Package Check Results for Package fanovaGraph

Last updated on 2017-09-21 17:48:04.

Flavor Version Tinstall Tcheck Ttotal Status Flags
r-devel-linux-x86_64-debian-clang 1.4.8 1.26 53.99 55.25 OK
r-devel-linux-x86_64-debian-gcc 1.4.8 1.20 50.59 51.79 OK
r-devel-linux-x86_64-fedora-clang 1.4.8 87.96 OK
r-devel-linux-x86_64-fedora-gcc 1.4.8 86.77 OK
r-devel-windows-ix86+x86_64 1.4.8 4.00 80.00 84.00 OK
r-patched-linux-x86_64 1.4.8 1.32 51.80 53.12 OK
r-patched-solaris-x86 1.4.8 123.10 OK
r-release-linux-x86_64 1.4.8 1.19 51.50 52.69 OK
r-release-windows-ix86+x86_64 1.4.8 5.00 82.00 87.00 OK
r-release-osx-x86_64 1.4.8 OK
r-oldrel-windows-ix86+x86_64 1.4.8 4.00 71.00 75.00 OK
r-oldrel-osx-x86_64 1.4.8 WARN

Check Details

Version: 1.4.8
Check: dependencies in R code
Result: NOTE
    Invalid MIT-MAGIC-COOKIE-1 key
Flavor: r-oldrel-osx-x86_64

Version: 1.4.8
Check: S3 generic/method consistency
Result: WARN
    Invalid MIT-MAGIC-COOKIE-1 key
    See section ‘Generic functions and methods’ in the ‘Writing R
    Extensions’ manual.
Flavor: r-oldrel-osx-x86_64

Version: 1.4.8
Check: replacement functions
Result: WARN
    Invalid MIT-MAGIC-COOKIE-1 key
    The argument of a replacement function which corresponds to the right
    hand side must be named ‘value’.
Flavor: r-oldrel-osx-x86_64

Version: 1.4.8
Check: foreign function calls
Result: NOTE
    Invalid MIT-MAGIC-COOKIE-1 key
    See chapter ‘System and foreign language interfaces’ in the ‘Writing R
    Extensions’ manual.
Flavor: r-oldrel-osx-x86_64

Version: 1.4.8
Check: R code for possible problems
Result: NOTE
    Invalid MIT-MAGIC-COOKIE-1 key
Flavor: r-oldrel-osx-x86_64

Version: 1.4.8
Check: for missing documentation entries
Result: WARN
    Invalid MIT-MAGIC-COOKIE-1 key
    All user-level objects in a package should have documentation entries.
    See chapter ‘Writing R documentation files’ in the ‘Writing R
    Extensions’ manual.
Flavor: r-oldrel-osx-x86_64

Version: 1.4.8
Check: for code/documentation mismatches
Result: WARN
    Invalid MIT-MAGIC-COOKIE-1 key
    Invalid MIT-MAGIC-COOKIE-1 key
    Invalid MIT-MAGIC-COOKIE-1 key
Flavor: r-oldrel-osx-x86_64

Version: 1.4.8
Check: Rd \usage sections
Result: NOTE
    Invalid MIT-MAGIC-COOKIE-1 key
    The \usage entries for S3 methods should use the \method markup and not
    their full name.
    See chapter ‘Writing R documentation files’ in the ‘Writing R
    Extensions’ manual.
Flavor: r-oldrel-osx-x86_64