CRAN Package Check Results for Package faoutlier

Last updated on 2014-12-22 14:48:40.

Flavor Version Tinstall Tcheck Ttotal Status Flags
r-devel-linux-x86_64-debian-clang 0.4 1.51 15.10 16.60 NOTE
r-devel-linux-x86_64-debian-gcc 0.4 1.47 14.48 15.94 NOTE
r-devel-linux-x86_64-fedora-clang 0.4 34.23 NOTE
r-devel-linux-x86_64-fedora-gcc 0.4 32.35 NOTE
r-devel-osx-x86_64-clang 0.4 33.82 NOTE
r-devel-windows-ix86+x86_64 0.4 5.00 25.00 30.00 NOTE
r-patched-linux-x86_64 0.4 1.76 14.89 16.65 NOTE
r-patched-solaris-sparc 0.4 209.10 NOTE
r-patched-solaris-x86 0.4 46.80 NOTE
r-release-linux-ix86 0.4 2.00 21.14 23.14 NOTE
r-release-linux-x86_64 0.4 1.60 15.70 17.30 NOTE
r-release-osx-x86_64-mavericks 0.4 OK
r-release-osx-x86_64-snowleopard 0.4 OK
r-release-windows-ix86+x86_64 0.4 6.00 25.00 31.00 NOTE
r-oldrel-windows-ix86+x86_64 0.4 5.00 28.00 33.00 OK

Check Details

Version: 0.4
Check: dependencies in R code
Result: NOTE
    Package in Depends field not imported from: ‘parallel’
     These packages need to be imported from (in the NAMESPACE file)
     for when this namespace is loaded but not attached.
    See the information on DESCRIPTION files in the chapter ‘Creating R
    packages’ of the ‘Writing R Extensions’ manual.
Flavors: r-devel-linux-x86_64-debian-clang, r-devel-linux-x86_64-debian-gcc, r-devel-linux-x86_64-fedora-clang, r-devel-linux-x86_64-fedora-gcc, r-devel-osx-x86_64-clang, r-devel-windows-ix86+x86_64, r-patched-linux-x86_64, r-patched-solaris-sparc, r-patched-solaris-x86, r-release-linux-ix86, r-release-linux-x86_64, r-release-windows-ix86+x86_64

Version: 0.4
Check: R code for possible problems
Result: NOTE
    setCluster: no visible global function definition for ‘stopCluster’
    setCluster: no visible global function definition for ‘detectCores’
    setCluster: no visible global function definition for ‘makeCluster’
Flavors: r-devel-linux-x86_64-debian-clang, r-devel-linux-x86_64-debian-gcc, r-devel-linux-x86_64-fedora-clang, r-devel-linux-x86_64-fedora-gcc, r-devel-osx-x86_64-clang, r-devel-windows-ix86+x86_64, r-patched-linux-x86_64, r-patched-solaris-sparc, r-patched-solaris-x86, r-release-linux-ix86, r-release-linux-x86_64, r-release-windows-ix86+x86_64