CRAN Package Check Results for Package faoutlier

Last updated on 2015-01-31 13:48:22.

Flavor Version Tinstall Tcheck Ttotal Status Flags
r-devel-linux-x86_64-debian-clang 0.4 1.39 12.61 14.00 NOTE
r-devel-linux-x86_64-debian-gcc 0.4 1.50 12.97 14.47 NOTE
r-devel-linux-x86_64-fedora-clang 0.4 31.83 NOTE
r-devel-linux-x86_64-fedora-gcc 0.4 29.79 NOTE
r-devel-osx-x86_64-clang 0.4 34.55 NOTE
r-devel-windows-ix86+x86_64 0.4 7.00 23.00 30.00 NOTE
r-patched-linux-x86_64 0.4 1.76 15.10 16.87 NOTE
r-patched-solaris-sparc 0.4 208.60 NOTE
r-patched-solaris-x86 0.4 46.30 NOTE
r-release-linux-ix86 0.4 2.06 21.72 23.78 NOTE
r-release-linux-x86_64 0.4 1.61 15.28 16.89 NOTE
r-release-osx-x86_64-mavericks 0.4 NOTE
r-release-osx-x86_64-snowleopard 0.4 OK
r-release-windows-ix86+x86_64 0.4 5.00 29.00 34.00 NOTE
r-oldrel-windows-ix86+x86_64 0.4 5.00 26.00 31.00 OK

Check Details

Version: 0.4
Check: dependencies in R code
Result: NOTE
    Package in Depends field not imported from: ‘parallel’
     These packages need to be imported from (in the NAMESPACE file)
     for when this namespace is loaded but not attached.
Flavors: r-devel-linux-x86_64-debian-clang, r-devel-linux-x86_64-debian-gcc, r-devel-linux-x86_64-fedora-clang, r-devel-linux-x86_64-fedora-gcc, r-devel-osx-x86_64-clang, r-devel-windows-ix86+x86_64

Version: 0.4
Check: R code for possible problems
Result: NOTE
    setCluster: no visible global function definition for ‘stopCluster’
    setCluster: no visible global function definition for ‘detectCores’
    setCluster: no visible global function definition for ‘makeCluster’
Flavors: r-devel-linux-x86_64-debian-clang, r-devel-linux-x86_64-debian-gcc, r-devel-linux-x86_64-fedora-clang, r-devel-linux-x86_64-fedora-gcc, r-devel-osx-x86_64-clang, r-devel-windows-ix86+x86_64, r-patched-linux-x86_64, r-patched-solaris-sparc, r-patched-solaris-x86, r-release-linux-ix86, r-release-linux-x86_64, r-release-osx-x86_64-mavericks, r-release-windows-ix86+x86_64

Version: 0.4
Check: dependencies in R code
Result: NOTE
    Package in Depends field not imported from: ‘parallel’
     These packages need to be imported from (in the NAMESPACE file)
     for when this namespace is loaded but not attached.
    See the information on DESCRIPTION files in the chapter ‘Creating R
    packages’ of the ‘Writing R Extensions’ manual.
Flavors: r-patched-linux-x86_64, r-patched-solaris-sparc, r-patched-solaris-x86, r-release-linux-ix86, r-release-linux-x86_64, r-release-osx-x86_64-mavericks, r-release-windows-ix86+x86_64