CRAN Package Check Results for Package faoutlier

Last updated on 2014-09-30 17:48:24.

Flavor Version Tinstall Tcheck Ttotal Status Flags
r-devel-linux-x86_64-debian-clang 0.4 1.48 14.90 16.38 NOTE
r-devel-linux-x86_64-debian-gcc 0.4 1.60 14.79 16.38 NOTE
r-devel-linux-x86_64-fedora-clang 0.4 32.89 NOTE
r-devel-linux-x86_64-fedora-gcc 0.4 30.02 NOTE
r-devel-osx-x86_64-clang 0.4 32.44 NOTE
r-devel-windows-ix86+x86_64 0.4 5.00 26.00 31.00 NOTE
r-patched-linux-x86_64 0.4 1.64 15.35 16.99 NOTE
r-patched-solaris-sparc 0.4 200.00 NOTE
r-patched-solaris-x86 0.4 47.00 NOTE
r-release-linux-ix86 0.4 2.08 22.19 24.26 OK
r-release-linux-x86_64 0.4 1.65 15.30 16.96 OK
r-release-osx-x86_64-mavericks 0.4 OK
r-release-osx-x86_64-snowleopard 0.4 OK
r-release-windows-ix86+x86_64 0.4 5.00 26.00 31.00 OK
r-oldrel-windows-ix86+x86_64 0.4 5.00 26.00 31.00 OK

Check Details

Version: 0.4
Check: dependencies in R code
Result: NOTE
    Package in Depends field not imported from: ‘parallel’
     These packages need to be imported from (in the NAMESPACE file)
     for when this namespace is loaded but not attached.
    See the information on DESCRIPTION files in the chapter ‘Creating R
    packages’ of the ‘Writing R Extensions’ manual.
Flavors: r-devel-linux-x86_64-debian-clang, r-devel-linux-x86_64-debian-gcc, r-devel-linux-x86_64-fedora-clang, r-devel-linux-x86_64-fedora-gcc, r-devel-osx-x86_64-clang, r-devel-windows-ix86+x86_64, r-patched-linux-x86_64, r-patched-solaris-sparc, r-patched-solaris-x86

Version: 0.4
Check: R code for possible problems
Result: NOTE
    setCluster: no visible global function definition for ‘stopCluster’
    setCluster: no visible global function definition for ‘detectCores’
    setCluster: no visible global function definition for ‘makeCluster’
Flavors: r-devel-linux-x86_64-debian-clang, r-devel-linux-x86_64-debian-gcc, r-devel-linux-x86_64-fedora-clang, r-devel-linux-x86_64-fedora-gcc, r-devel-osx-x86_64-clang, r-devel-windows-ix86+x86_64