CRAN Package Check Results for Package faoutlier

Last updated on 2015-08-02 11:47:20.

Flavor Version Tinstall Tcheck Ttotal Status Flags
r-devel-linux-x86_64-debian-clang 0.5 5.29 50.41 55.70 NOTE
r-devel-linux-x86_64-debian-gcc 0.5 5.32 49.69 55.01 NOTE
r-devel-linux-x86_64-fedora-clang 0.5 119.84 NOTE
r-devel-linux-x86_64-fedora-gcc 0.5 113.81 NOTE
r-devel-osx-x86_64-clang 0.5 99.94 OK
r-devel-windows-ix86+x86_64 0.5 14.00 86.00 100.00 NOTE
r-patched-linux-x86_64 0.5 4.90 49.97 54.87 OK
r-patched-solaris-sparc 0.5 697.80 OK
r-patched-solaris-x86 0.5 162.90 OK
r-release-linux-x86_64 0.5 4.92 49.72 54.64 OK
r-release-osx-x86_64-mavericks 0.5 OK
r-release-windows-ix86+x86_64 0.5 20.00 85.00 105.00 OK
r-oldrel-windows-ix86+x86_64 0.5 35.00 127.00 162.00 OK

Check Details

Version: 0.5
Check: R code for possible problems
Result: NOTE
    GOF : f_numeric: no visible global function definition for ‘factanal’
    GOF: no visible global function definition for ‘factanal’
    LD : f_numeric: no visible global function definition for ‘factanal’
    forward.search : <anonymous>: no visible global function definition for
     ‘factanal’
    forward.search : <anonymous>: no visible global function definition for
     ‘is’
    forward.search: no visible global function definition for ‘cor’
    forward.search : <anonymous>: no visible global function definition for
     ‘cor’
    forward.search: no visible global function definition for ‘mahalanobis’
    forward.search: no visible global function definition for ‘cov’
    forward.search: no visible global function definition for
     ‘flush.console’
    forward.search : <anonymous>: no visible global function definition for
     ‘cov’
    gCD : f_numeric: no visible global function definition for ‘cor’
    gCD: no visible global function definition for ‘cor’
    mlfact: no visible global function definition for ‘optim’
    obs.resid: no visible global function definition for ‘cor’
    obs.resid: no visible global function definition for ‘factanal’
    obs.resid: no visible global function definition for ‘cov’
    plot.obs.resid: no visible global function definition for ‘reshape’
    plot.robmah: no visible global function definition for ‘qchisq’
    plot.robmah: no visible global function definition for ‘ppoints’
    print.forward.search: no visible global function definition for ‘tail’
    robustMD: no visible global function definition for ‘mahalanobis’
    robustMD: no visible global function definition for ‘pchisq’
    robustMD: no visible global function definition for ‘cov’
    Undefined global functions or variables:
     cor cov factanal flush.console is mahalanobis optim pchisq ppoints
     qchisq reshape tail
    Consider adding
     importFrom("methods", "is")
     importFrom("stats", "cor", "cov", "factanal", "mahalanobis", "optim",
     "pchisq", "ppoints", "qchisq", "reshape")
     importFrom("utils", "flush.console", "tail")
    to your NAMESPACE.
Flavors: r-devel-linux-x86_64-debian-clang, r-devel-linux-x86_64-debian-gcc, r-devel-linux-x86_64-fedora-clang, r-devel-linux-x86_64-fedora-gcc, r-devel-windows-ix86+x86_64