CRAN Package Check Results for Package far

Last updated on 2014-08-20 08:47:42.

Flavor Version Tinstall Tcheck Ttotal Status Flags
r-devel-linux-x86_64-debian-clang 0.6-3 1.35 17.38 18.73 NOTE
r-devel-linux-x86_64-debian-gcc 0.6-3 1.28 17.17 18.46 NOTE
r-devel-linux-x86_64-fedora-clang 0.6-3 39.23 NOTE
r-devel-linux-x86_64-fedora-gcc 0.6-3 35.91 NOTE
r-devel-osx-x86_64-clang 0.6-3 35.62 NOTE
r-devel-windows-ix86+x86_64 0.6-3 6.00 32.00 38.00 NOTE
r-patched-linux-x86_64 0.6-3 1.29 17.54 18.82 NOTE
r-patched-solaris-sparc 0.6-3 226.40 NOTE
r-patched-solaris-x86 0.6-3 50.30 NOTE
r-release-linux-ix86 0.6-3 1.76 24.85 26.61 NOTE
r-release-linux-x86_64 0.6-3 1.33 17.94 19.27 NOTE
r-release-osx-x86_64-mavericks 0.6-3 NOTE
r-release-osx-x86_64-snowleopard 0.6-3 NOTE
r-release-windows-ix86+x86_64 0.6-3 6.00 35.00 41.00 NOTE
r-oldrel-windows-ix86+x86_64 0.6-3 6.00 36.00 42.00 NOTE

Check Details

Version: 0.6-3
Check: R code for possible problems
Result: NOTE
    File ‘far/R/zzz.R’:
     .onAttach calls:
     cat("far library : Modelization for Functional AutoRegressive processes\n")
     cat("version 0.6-0 (2005-01-10)\n")
    
    Package startup functions should use ‘packageStartupMessage’ to
     generate messages.
    See section ‘Good practice’ in '?.onAttach'.
Flavors: r-devel-linux-x86_64-debian-clang, r-devel-linux-x86_64-debian-gcc, r-devel-linux-x86_64-fedora-clang, r-devel-linux-x86_64-fedora-gcc, r-devel-osx-x86_64-clang, r-devel-windows-ix86+x86_64, r-patched-linux-x86_64, r-patched-solaris-sparc, r-patched-solaris-x86, r-release-linux-ix86, r-release-linux-x86_64, r-release-osx-x86_64-mavericks, r-release-osx-x86_64-snowleopard, r-release-windows-ix86+x86_64, r-oldrel-windows-ix86+x86_64

Version: 0.6-3
Check: Rd \usage sections
Result: NOTE
    S3 methods shown with full name in documentation object 'coef.far':
     ‘coef.far’
    
    S3 methods shown with full name in documentation object 'is.na.fdata':
     ‘is.na.fdata’
    
    S3 methods shown with full name in documentation object 'multplot':
     ‘multplot.fdata’
    
    S3 methods shown with full name in documentation object 'plot.fdata':
     ‘plot.fdata’
    
    S3 methods shown with full name in documentation object 'predict.far':
     ‘predict.far’
    
    S3 methods shown with full name in documentation object 'predict.kerfon':
     ‘predict.kerfon’
    
    The \usage entries for S3 methods should use the \method markup and not
    their full name.
    See the chapter ‘Writing R documentation files’ in the ‘Writing R
    Extensions’ manual.
Flavors: r-devel-linux-x86_64-debian-clang, r-devel-linux-x86_64-debian-gcc, r-devel-linux-x86_64-fedora-clang, r-devel-linux-x86_64-fedora-gcc, r-devel-osx-x86_64-clang, r-devel-windows-ix86+x86_64, r-patched-linux-x86_64, r-patched-solaris-sparc, r-patched-solaris-x86, r-release-linux-ix86, r-release-linux-x86_64, r-release-osx-x86_64-mavericks, r-release-osx-x86_64-snowleopard, r-release-windows-ix86+x86_64, r-oldrel-windows-ix86+x86_64