CRAN Package Check Results for Package far

Last updated on 2017-02-27 23:48:01.

Flavor Version Tinstall Tcheck Ttotal Status Flags
r-devel-linux-x86_64-debian-clang 0.6-5 1.38 21.07 22.45 NOTE
r-devel-linux-x86_64-debian-gcc 0.6-5 1.59 21.21 22.80 NOTE
r-devel-linux-x86_64-fedora-clang 0.6-5 37.45 NOTE --no-stop-on-test-error
r-devel-linux-x86_64-fedora-gcc 0.6-5 36.92 NOTE --no-stop-on-test-error
r-devel-macos-x86_64-clang 0.6-5 33.18 NOTE --no-stop-on-test-error
r-devel-windows-ix86+x86_64 0.6-5 7.00 107.00 114.00 OK
r-patched-linux-x86_64 0.6-5 1.24 17.55 18.79 OK
r-patched-solaris-sparc 0.6-5 207.50 OK
r-patched-solaris-x86 0.6-5 40.80 OK
r-release-linux-x86_64 0.6-5 1.24 17.59 18.83 OK
r-release-osx-x86_64-mavericks 0.6-5 OK
r-release-windows-ix86+x86_64 0.6-5 7.00 53.00 60.00 OK
r-oldrel-windows-ix86+x86_64 0.6-5 7.00 51.00 58.00 OK

Check Details

Version: 0.6-5
Check: compiled code
Result: NOTE
    File ‘far/libs/far.so’:
     Found no calls to: ‘R_registerRoutines’, ‘R_useDynamicSymbols’
    
    It is good practice to register native routines and to disable symbol
    search.
    
    See ‘Writing portable packages’ in the ‘Writing R Extensions’ manual.
Flavors: r-devel-linux-x86_64-debian-clang, r-devel-linux-x86_64-debian-gcc

Version: 0.6-5
Flags: --no-stop-on-test-error
Check: compiled code
Result: NOTE
    File ‘far/libs/far.so’:
     Found no calls to: ‘R_registerRoutines’, ‘R_useDynamicSymbols’
    
    It is good practice to register native routines and to disable symbol
    search.
    
    See ‘Writing portable packages’ in the ‘Writing R Extensions’ manual.
Flavors: r-devel-linux-x86_64-fedora-clang, r-devel-linux-x86_64-fedora-gcc, r-devel-macos-x86_64-clang