CRAN Package Check Results for Package far

Last updated on 2014-04-21 05:48:14.

Flavor Version Tinstall Tcheck Ttotal Status Flags
r-devel-linux-x86_64-debian-clang 0.6-3 1.43 18.73 20.16 NOTE
r-devel-linux-x86_64-debian-gcc 0.6-3 1.37 18.71 20.08 NOTE
r-devel-linux-x86_64-fedora-clang 0.6-3 38.19 NOTE
r-devel-linux-x86_64-fedora-gcc 0.6-3 36.61 NOTE
r-devel-macosx-x86_64-clang 0.6-3 34.50 NOTE
r-devel-macosx-x86_64-gcc 0.6-3 NOTE
r-devel-windows-ix86+x86_64 0.6-3 6.00 35.00 41.00 NOTE
r-patched-linux-x86_64 0.6-3 1.43 19.08 20.50 NOTE
r-patched-solaris-sparc 0.6-3 214.10 NOTE
r-patched-solaris-x86 0.6-3 51.30 NOTE
r-release-linux-ix86 NOTE
r-release-linux-x86_64 0.6-3 1.34 18.84 20.18 NOTE
r-release-macosx-x86_64 0.6-3 NOTE
r-release-windows-ix86+x86_64 0.6-3 7.00 34.00 41.00 NOTE
r-oldrel-windows-ix86+x86_64 0.6-3 6.00 33.00 39.00 NOTE

Check Details

Version: 0.6-3
Check: R code for possible problems
Result: NOTE
    File ‘far/R/zzz.R’:
     .onAttach calls:
     cat("far library : Modelization for Functional AutoRegressive processes\n")
     cat("version 0.6-0 (2005-01-10)\n")
    
    Package startup functions should use ‘packageStartupMessage’ to
     generate messages.
    See section ‘Good practice’ in '?.onAttach'.
Flavors: r-devel-linux-x86_64-debian-clang, r-devel-linux-x86_64-debian-gcc, r-devel-linux-x86_64-fedora-clang, r-devel-linux-x86_64-fedora-gcc, r-devel-macosx-x86_64-clang, r-devel-macosx-x86_64-gcc, r-devel-windows-ix86+x86_64, r-patched-linux-x86_64, r-patched-solaris-sparc, r-patched-solaris-x86, r-release-linux-ix86, r-release-linux-x86_64, r-release-macosx-x86_64, r-release-windows-ix86+x86_64, r-oldrel-windows-ix86+x86_64

Version: 0.6-3
Check: Rd \usage sections
Result: NOTE
    S3 methods shown with full name in documentation object 'coef.far':
     ‘coef.far’
    
    S3 methods shown with full name in documentation object 'is.na.fdata':
     ‘is.na.fdata’
    
    S3 methods shown with full name in documentation object 'multplot':
     ‘multplot.fdata’
    
    S3 methods shown with full name in documentation object 'plot.fdata':
     ‘plot.fdata’
    
    S3 methods shown with full name in documentation object 'predict.far':
     ‘predict.far’
    
    S3 methods shown with full name in documentation object 'predict.kerfon':
     ‘predict.kerfon’
    
    The \usage entries for S3 methods should use the \method markup and not
    their full name.
    See the chapter ‘Writing R documentation files’ in the ‘Writing R
    Extensions’ manual.
Flavors: r-devel-linux-x86_64-debian-clang, r-devel-linux-x86_64-debian-gcc, r-devel-linux-x86_64-fedora-clang, r-devel-linux-x86_64-fedora-gcc, r-devel-macosx-x86_64-clang, r-devel-macosx-x86_64-gcc, r-devel-windows-ix86+x86_64, r-patched-linux-x86_64, r-patched-solaris-sparc, r-patched-solaris-x86, r-release-linux-ix86, r-release-linux-x86_64, r-release-macosx-x86_64, r-release-windows-ix86+x86_64, r-oldrel-windows-ix86+x86_64