CRAN Package Check Results for Package far

Last updated on 2017-06-23 23:50:39.

Flavor Version Tinstall Tcheck Ttotal Status Flags
r-devel-linux-x86_64-debian-clang 0.6-5 1.36 21.70 23.06 NOTE
r-devel-linux-x86_64-debian-gcc 0.6-5 1.42 20.96 22.38 NOTE
r-devel-linux-x86_64-fedora-clang 0.6-5 37.85 NOTE
r-devel-linux-x86_64-fedora-gcc 0.6-5 36.44 NOTE
r-devel-windows-ix86+x86_64 0.6-5 6.00 61.00 67.00 OK
r-patched-linux-x86_64 0.6-5 1.44 21.30 22.74 NOTE
r-patched-solaris-sparc 0.6-5 230.90 OK
r-patched-solaris-x86 0.6-5 47.70 OK
r-release-linux-x86_64 0.6-5 1.46 21.14 22.61 NOTE
r-release-windows-ix86+x86_64 0.6-5 7.00 63.00 70.00 OK
r-release-osx-x86_64 0.6-5 OK
r-oldrel-windows-ix86+x86_64 0.6-5 10.00 59.00 69.00 OK
r-oldrel-osx-x86_64 0.6-5 OK

Check Details

Version: 0.6-5
Check: compiled code
Result: NOTE
    File ‘far/libs/far.so’:
     Found no calls to: ‘R_registerRoutines’, ‘R_useDynamicSymbols’
    
    It is good practice to register native routines and to disable symbol
    search.
    
    See ‘Writing portable packages’ in the ‘Writing R Extensions’ manual.
Flavors: r-devel-linux-x86_64-debian-clang, r-devel-linux-x86_64-debian-gcc, r-devel-linux-x86_64-fedora-clang, r-devel-linux-x86_64-fedora-gcc, r-patched-linux-x86_64, r-release-linux-x86_64