CRAN Package Check Results for Package far

Last updated on 2017-10-23 01:46:39.

Flavor Version Tinstall Tcheck Ttotal Status Flags
r-devel-linux-x86_64-debian-clang 0.6-5 1.50 21.47 22.97 NOTE
r-devel-linux-x86_64-debian-gcc 0.6-5 1.86 23.02 24.88 NOTE
r-devel-linux-x86_64-fedora-clang 0.6-5 40.34 NOTE
r-devel-linux-x86_64-fedora-gcc 0.6-5 39.27 NOTE
r-devel-windows-ix86+x86_64 0.6-5 5.00 68.00 73.00 OK
r-patched-linux-x86_64 0.6-5 1.44 21.70 23.14 NOTE
r-patched-solaris-x86 0.6-5 49.00 OK
r-release-linux-x86_64 0.6-5 1.37 21.26 22.63 NOTE
r-release-windows-ix86+x86_64 0.6-5 8.00 75.00 83.00 OK
r-release-osx-x86_64 0.6-5 OK
r-oldrel-windows-ix86+x86_64 0.6-5 6.00 59.00 65.00 OK
r-oldrel-osx-x86_64 0.6-5 OK

Check Details

Version: 0.6-5
Check: compiled code
Result: NOTE
    File ‘far/libs/far.so’:
     Found no calls to: ‘R_registerRoutines’, ‘R_useDynamicSymbols’
    
    It is good practice to register native routines and to disable symbol
    search.
    
    See ‘Writing portable packages’ in the ‘Writing R Extensions’ manual.
Flavors: r-devel-linux-x86_64-debian-clang, r-devel-linux-x86_64-debian-gcc, r-devel-linux-x86_64-fedora-clang, r-devel-linux-x86_64-fedora-gcc, r-patched-linux-x86_64, r-release-linux-x86_64