CRAN Package Check Results for Package far

Last updated on 2017-08-17 03:48:49.

Flavor Version Tinstall Tcheck Ttotal Status Flags
r-devel-linux-x86_64-debian-clang 0.6-5 1.55 21.63 23.18 NOTE
r-devel-linux-x86_64-debian-gcc 0.6-5 1.35 21.00 22.35 NOTE
r-devel-linux-x86_64-fedora-clang 0.6-5 38.54 NOTE
r-devel-linux-x86_64-fedora-gcc 0.6-5 37.37 NOTE
r-devel-windows-ix86+x86_64 0.6-5 6.00 48.00 54.00 OK
r-patched-linux-x86_64 0.6-5 1.49 21.26 22.75 NOTE
r-patched-solaris-x86 0.6-5 48.00 OK
r-release-linux-x86_64 0.6-5 1.44 21.83 23.26 NOTE
r-release-windows-ix86+x86_64 0.6-5 6.00 49.00 55.00 OK
r-release-osx-x86_64 0.6-5 OK
r-oldrel-windows-ix86+x86_64 0.6-5 8.00 40.00 48.00 OK
r-oldrel-osx-x86_64 0.6-5 OK

Check Details

Version: 0.6-5
Check: compiled code
Result: NOTE
    File ‘far/libs/far.so’:
     Found no calls to: ‘R_registerRoutines’, ‘R_useDynamicSymbols’
    
    It is good practice to register native routines and to disable symbol
    search.
    
    See ‘Writing portable packages’ in the ‘Writing R Extensions’ manual.
Flavors: r-devel-linux-x86_64-debian-clang, r-devel-linux-x86_64-debian-gcc, r-devel-linux-x86_64-fedora-clang, r-devel-linux-x86_64-fedora-gcc, r-patched-linux-x86_64, r-release-linux-x86_64