CRAN Package Check Results for Package far

Last updated on 2018-01-17 03:49:07 CET.

Flavor Version Tinstall Tcheck Ttotal Status Flags
r-devel-linux-x86_64-debian-clang 0.6-5 2.18 34.18 36.36 NOTE
r-devel-linux-x86_64-debian-gcc 0.6-5 1.56 26.60 28.16 NOTE
r-devel-linux-x86_64-fedora-clang 0.6-5 39.36 NOTE
r-devel-linux-x86_64-fedora-gcc 0.6-5 40.90 NOTE
r-devel-windows-ix86+x86_64 0.6-5 10.00 52.00 62.00 OK
r-patched-linux-x86_64 0.6-5 1.85 32.38 34.23 NOTE
r-patched-solaris-x86 0.6-5 54.20 OK
r-release-linux-x86_64 0.6-5 2.06 32.16 34.22 NOTE
r-release-windows-ix86+x86_64 0.6-5 8.00 73.00 81.00 OK
r-release-osx-x86_64 0.6-5 OK
r-oldrel-windows-ix86+x86_64 0.6-5 6.00 46.00 52.00 OK
r-oldrel-osx-x86_64 0.6-5 OK

Check Details

Version: 0.6-5
Check: compiled code
Result: NOTE
    File ‘far/libs/far.so’:
     Found no calls to: ‘R_registerRoutines’, ‘R_useDynamicSymbols’
    
    It is good practice to register native routines and to disable symbol
    search.
    
    See ‘Writing portable packages’ in the ‘Writing R Extensions’ manual.
Flavors: r-devel-linux-x86_64-debian-clang, r-devel-linux-x86_64-debian-gcc, r-devel-linux-x86_64-fedora-clang, r-devel-linux-x86_64-fedora-gcc, r-patched-linux-x86_64, r-release-linux-x86_64