CRAN Package Check Results for Package far

Last updated on 2018-05-22 01:46:34 CEST.

Flavor Version Tinstall Tcheck Ttotal Status Flags
r-devel-linux-x86_64-debian-clang 0.6-5 3.15 27.41 30.56 NOTE
r-devel-linux-x86_64-debian-gcc 0.6-5 3.90 23.73 27.63 NOTE
r-devel-linux-x86_64-fedora-clang 0.6-5 41.70 NOTE
r-devel-linux-x86_64-fedora-gcc 0.6-5 41.90 NOTE
r-devel-windows-ix86+x86_64 0.6-5 14.00 49.00 63.00 OK
r-patched-linux-x86_64 0.6-5 3.71 29.40 33.11 NOTE
r-patched-solaris-x86 0.6-5 58.50 OK
r-release-linux-x86_64 0.6-5 4.92 29.06 33.98 NOTE
r-release-windows-ix86+x86_64 0.6-5 12.00 66.00 78.00 OK
r-release-osx-x86_64 0.6-5 OK
r-oldrel-windows-ix86+x86_64 0.6-5 8.00 55.00 63.00 OK
r-oldrel-osx-x86_64 0.6-5 OK

Check Details

Version: 0.6-5
Check: compiled code
Result: NOTE
    File ‘far/libs/far.so’:
     Found no calls to: ‘R_registerRoutines’, ‘R_useDynamicSymbols’
    
    It is good practice to register native routines and to disable symbol
    search.
    
    See ‘Writing portable packages’ in the ‘Writing R Extensions’ manual.
Flavors: r-devel-linux-x86_64-debian-clang, r-devel-linux-x86_64-debian-gcc, r-devel-linux-x86_64-fedora-clang, r-devel-linux-x86_64-fedora-gcc, r-patched-linux-x86_64, r-release-linux-x86_64