CRAN Package Check Results for Package far

Last updated on 2014-10-20 05:47:14.

Flavor Version Tinstall Tcheck Ttotal Status Flags
r-devel-linux-x86_64-debian-clang 0.6-3 1.44 18.22 19.66 NOTE
r-devel-linux-x86_64-debian-gcc 0.6-3 1.31 18.32 19.63 NOTE
r-devel-linux-x86_64-fedora-clang 0.6-3 37.68 NOTE
r-devel-linux-x86_64-fedora-gcc 0.6-3 37.09 NOTE
r-devel-osx-x86_64-clang 0.6-3 38.77 NOTE
r-devel-windows-ix86+x86_64 0.6-3 7.00 32.00 39.00 NOTE
r-patched-linux-x86_64 0.6-3 1.35 18.32 19.67 NOTE
r-patched-solaris-sparc 0.6-3 219.30 NOTE
r-patched-solaris-x86 0.6-3 50.80 NOTE
r-release-linux-ix86 0.6-3 1.75 25.07 26.82 NOTE
r-release-linux-x86_64 0.6-3 1.34 18.39 19.74 NOTE
r-release-osx-x86_64-mavericks 0.6-3 NOTE
r-release-osx-x86_64-snowleopard 0.6-3 NOTE
r-release-windows-ix86+x86_64 0.6-3 6.00 40.00 46.00 NOTE
r-oldrel-windows-ix86+x86_64 0.6-3 6.00 34.00 40.00 NOTE

Check Details

Version: 0.6-3
Check: R code for possible problems
Result: NOTE
    File ‘far/R/zzz.R’:
     .onAttach calls:
     cat("far library : Modelization for Functional AutoRegressive processes\n")
     cat("version 0.6-0 (2005-01-10)\n")
    
    Package startup functions should use ‘packageStartupMessage’ to
     generate messages.
    See section ‘Good practice’ in '?.onAttach'.
Flavors: r-devel-linux-x86_64-debian-clang, r-devel-linux-x86_64-debian-gcc, r-devel-linux-x86_64-fedora-clang, r-devel-linux-x86_64-fedora-gcc, r-devel-osx-x86_64-clang, r-devel-windows-ix86+x86_64, r-patched-linux-x86_64, r-patched-solaris-sparc, r-patched-solaris-x86, r-release-linux-ix86, r-release-linux-x86_64, r-release-osx-x86_64-mavericks, r-release-osx-x86_64-snowleopard, r-release-windows-ix86+x86_64, r-oldrel-windows-ix86+x86_64

Version: 0.6-3
Check: Rd \usage sections
Result: NOTE
    S3 methods shown with full name in documentation object 'coef.far':
     ‘coef.far’
    
    S3 methods shown with full name in documentation object 'is.na.fdata':
     ‘is.na.fdata’
    
    S3 methods shown with full name in documentation object 'multplot':
     ‘multplot.fdata’
    
    S3 methods shown with full name in documentation object 'plot.fdata':
     ‘plot.fdata’
    
    S3 methods shown with full name in documentation object 'predict.far':
     ‘predict.far’
    
    S3 methods shown with full name in documentation object 'predict.kerfon':
     ‘predict.kerfon’
    
    The \usage entries for S3 methods should use the \method markup and not
    their full name.
    See the chapter ‘Writing R documentation files’ in the ‘Writing R
    Extensions’ manual.
Flavors: r-devel-linux-x86_64-debian-clang, r-devel-linux-x86_64-debian-gcc, r-devel-linux-x86_64-fedora-clang, r-devel-linux-x86_64-fedora-gcc, r-devel-osx-x86_64-clang, r-devel-windows-ix86+x86_64, r-patched-linux-x86_64, r-patched-solaris-sparc, r-patched-solaris-x86, r-release-linux-ix86, r-release-linux-x86_64, r-release-osx-x86_64-mavericks, r-release-osx-x86_64-snowleopard, r-release-windows-ix86+x86_64, r-oldrel-windows-ix86+x86_64