CRAN Package Check Results for Package far

Last updated on 2015-07-03 11:47:02.

Flavor Version Tinstall Tcheck Ttotal Status Flags
r-devel-linux-x86_64-debian-clang 0.6-4 1.16 16.23 17.39 NOTE
r-devel-linux-x86_64-debian-gcc 0.6-4 1.18 15.64 16.82 NOTE
r-devel-linux-x86_64-fedora-clang 0.6-4 32.83 NOTE
r-devel-linux-x86_64-fedora-gcc 0.6-4 31.22 NOTE
r-devel-osx-x86_64-clang 0.6-4 33.40 OK
r-devel-windows-ix86+x86_64 0.6-4 6.00 32.00 38.00 NOTE
r-patched-linux-x86_64 0.6-4 1.22 16.50 17.72 OK
r-patched-solaris-sparc 0.6-4 221.40 OK
r-patched-solaris-x86 0.6-4 46.50 OK
r-release-linux-x86_64 0.6-4 1.24 16.40 17.64 OK
r-release-osx-x86_64-mavericks 0.6-4 OK
r-release-windows-ix86+x86_64 0.6-4 7.00 36.00 43.00 OK
r-oldrel-windows-ix86+x86_64 0.6-4 7.00 37.00 44.00 OK

Check Details

Version: 0.6-4
Check: R code for possible problems
Result: NOTE
    kerfon: no visible global function definition for ‘var’
    kerfon: no visible global function definition for ‘optimize’
    multplot.default: no visible global function definition for ‘matplot’
    multplot.fdata: no visible global function definition for ‘matplot’
    plot.far: no visible global function definition for ‘matplot’
    plot.far: no visible global function definition for ‘par’
    plot.far: no visible global function definition for ‘legend’
    plot.fdata: no visible global function definition for ‘plot’
    plot.fdata: no visible global function definition for ‘lines’
    simul.far: no visible global function definition for ‘rnorm’
    simul.far.sde: no visible global function definition for ‘rnorm’
    simul.far.wiener: no visible global function definition for ‘rnorm’
    simul.farx: no visible global function definition for ‘rnorm’
    simul.wiener: no visible global function definition for ‘rnorm’
    Undefined global functions or variables:
     legend lines matplot optimize par plot rnorm var
Flavors: r-devel-linux-x86_64-debian-clang, r-devel-linux-x86_64-debian-gcc, r-devel-linux-x86_64-fedora-clang, r-devel-linux-x86_64-fedora-gcc, r-devel-windows-ix86+x86_64