CRAN Package Check Results for Package far

Last updated on 2017-04-26 21:47:11.

Flavor Version Tinstall Tcheck Ttotal Status Flags
r-devel-linux-x86_64-debian-clang 0.6-5 1.48 21.57 23.06 NOTE
r-devel-linux-x86_64-debian-gcc 0.6-5 1.39 21.52 22.91 NOTE
r-devel-linux-x86_64-fedora-clang 0.6-5 38.50 NOTE --no-stop-on-test-error
r-devel-linux-x86_64-fedora-gcc 0.6-5 36.53 NOTE --no-stop-on-test-error
r-devel-windows-ix86+x86_64 0.6-5 10.00 47.00 57.00 OK
r-patched-linux-x86_64 0.6-5 1.43 21.24 22.67 NOTE
r-patched-solaris-sparc 0.6-5 230.90 OK
r-patched-solaris-x86 0.6-5 46.90 OK
r-release-linux-x86_64 0.6-5 1.42 21.04 22.46 NOTE
r-release-windows-ix86+x86_64 0.6-5 8.00 48.00 56.00 OK
r-release-osx-x86_64 0.6-5 OK
r-oldrel-windows-ix86+x86_64 0.6-5 5.00 52.00 57.00 OK
r-oldrel-osx-x86_64 0.6-5 OK

Check Details

Version: 0.6-5
Check: compiled code
Result: NOTE
    File ‘far/libs/far.so’:
     Found no calls to: ‘R_registerRoutines’, ‘R_useDynamicSymbols’
    
    It is good practice to register native routines and to disable symbol
    search.
    
    See ‘Writing portable packages’ in the ‘Writing R Extensions’ manual.
Flavors: r-devel-linux-x86_64-debian-clang, r-devel-linux-x86_64-debian-gcc, r-patched-linux-x86_64, r-release-linux-x86_64

Version: 0.6-5
Flags: --no-stop-on-test-error
Check: compiled code
Result: NOTE
    File ‘far/libs/far.so’:
     Found no calls to: ‘R_registerRoutines’, ‘R_useDynamicSymbols’
    
    It is good practice to register native routines and to disable symbol
    search.
    
    See ‘Writing portable packages’ in the ‘Writing R Extensions’ manual.
Flavors: r-devel-linux-x86_64-fedora-clang, r-devel-linux-x86_64-fedora-gcc