CRAN Package Check Results for Package faraway

Last updated on 2015-07-05 22:47:25.

Flavor Version Tinstall Tcheck Ttotal Status Flags
r-devel-linux-x86_64-debian-clang 1.0.6 2.18 14.45 16.63 NOTE
r-devel-linux-x86_64-debian-gcc 1.0.6 2.14 14.69 16.83 NOTE
r-devel-linux-x86_64-fedora-clang 1.0.6 31.67 NOTE
r-devel-linux-x86_64-fedora-gcc 1.0.6 30.48 NOTE
r-devel-osx-x86_64-clang 1.0.6 31.91 NOTE
r-devel-windows-ix86+x86_64 1.0.6 13.00 30.00 43.00 NOTE
r-patched-linux-x86_64 1.0.6 2.20 14.67 16.86 NOTE
r-patched-solaris-sparc 1.0.6 220.50 NOTE
r-patched-solaris-x86 1.0.6 45.60 NOTE
r-release-linux-x86_64 1.0.6 2.18 14.63 16.80 NOTE
r-release-osx-x86_64-mavericks 1.0.6 NOTE
r-release-windows-ix86+x86_64 1.0.6 9.00 30.00 39.00 NOTE
r-oldrel-windows-ix86+x86_64 1.0.6 17.00 29.00 46.00 OK

Check Details

Version: 1.0.6
Check: DESCRIPTION meta-information
Result: NOTE
    Malformed Title field: should not end in a period.
Flavors: r-devel-linux-x86_64-debian-clang, r-devel-linux-x86_64-debian-gcc, r-devel-linux-x86_64-fedora-clang, r-devel-linux-x86_64-fedora-gcc, r-devel-osx-x86_64-clang, r-devel-windows-ix86+x86_64, r-patched-linux-x86_64, r-patched-solaris-sparc, r-patched-solaris-x86, r-release-linux-x86_64, r-release-osx-x86_64-mavericks, r-release-windows-ix86+x86_64

Version: 1.0.6
Check: R code for possible problems
Result: NOTE
    Cpplot: no visible global function definition for ‘plot’
    Cpplot: no visible global function definition for ‘text’
    Cpplot: no visible global function definition for ‘abline’
    halfnorm: no visible global function definition for ‘qnorm’
    halfnorm: no visible global function definition for ‘plot’
    halfnorm: no visible global function definition for ‘points’
    halfnorm: no visible global function definition for ‘text’
    prplot: no visible global function definition for ‘model.matrix’
    prplot: no visible global function definition for ‘plot’
    prplot: no visible global function definition for ‘abline’
    qqnorml: no visible global function definition for ‘qnorm’
    qqnorml: no visible global function definition for ‘plot’
    qqnorml: no visible global function definition for ‘text’
    sumary: no visible global function definition for ‘printCoefmat’
    vif.default: no visible global function definition for ‘lm’
    vif.lm: no visible global function definition for ‘model.matrix’
    vif.lm: no visible global function definition for ‘coef’
    Undefined global functions or variables:
     abline coef lm model.matrix plot points printCoefmat qnorm text
Flavors: r-devel-linux-x86_64-debian-clang, r-devel-linux-x86_64-debian-gcc, r-devel-linux-x86_64-fedora-clang, r-devel-linux-x86_64-fedora-gcc, r-devel-windows-ix86+x86_64