CRAN Package Check Results for Package faraway

Last updated on 2015-02-27 20:49:33.

Flavor Version Tinstall Tcheck Ttotal Status Flags
r-devel-linux-x86_64-debian-clang 1.0.6 2.48 15.04 17.52 NOTE
r-devel-linux-x86_64-debian-gcc 1.0.6 2.19 14.81 17.00 NOTE
r-devel-linux-x86_64-fedora-clang 1.0.6 34.09 NOTE
r-devel-linux-x86_64-fedora-gcc 1.0.6 33.20 NOTE
r-devel-osx-x86_64-clang 1.0.6 36.21 NOTE
r-devel-windows-ix86+x86_64 1.0.6 13.00 30.00 43.00 NOTE
r-patched-linux-x86_64 1.0.6 2.62 15.41 18.04 OK
r-patched-solaris-sparc 1.0.6 239.40 OK
r-release-linux-ix86 1.0.6 3.39 24.83 28.22 OK
r-release-linux-x86_64 1.0.6 2.67 15.50 18.16 OK
r-release-osx-x86_64-mavericks 1.0.6 OK
r-release-osx-x86_64-snowleopard 1.0.6 OK
r-release-windows-ix86+x86_64 1.0.6 11.00 43.00 54.00 OK
r-oldrel-windows-ix86+x86_64 1.0.6 10.00 28.00 38.00 OK

Check Details

Version: 1.0.6
Check: DESCRIPTION meta-information
Result: NOTE
    Malformed Title field: should not end in a period.
Flavors: r-devel-linux-x86_64-debian-clang, r-devel-linux-x86_64-debian-gcc, r-devel-linux-x86_64-fedora-clang, r-devel-linux-x86_64-fedora-gcc, r-devel-osx-x86_64-clang, r-devel-windows-ix86+x86_64