CRAN Package Check Results for Package faraway

Last updated on 2015-03-29 19:48:39.

Flavor Version Tinstall Tcheck Ttotal Status Flags
r-devel-linux-x86_64-debian-clang 1.0.6 2.30 14.92 17.22 NOTE
r-devel-linux-x86_64-debian-gcc 1.0.6 2.22 14.82 17.04 NOTE
r-devel-linux-x86_64-fedora-clang 1.0.6 33.14 NOTE
r-devel-linux-x86_64-fedora-gcc 1.0.6 33.26 NOTE
r-devel-osx-x86_64-clang 1.0.6 39.20 NOTE
r-prerel-windows-ix86+x86_64 1.0.6 15.00 27.00 42.00 NOTE
r-prerel-linux-x86_64 1.0.6 2.38 14.76 17.14 NOTE
r-prerel-solaris-sparc 1.0.6 224.20 NOTE
r-prerel-solaris-x86 1.0.6 45.40 NOTE
r-release-linux-x86_64 1.0.6 2.58 15.86 18.44 OK
r-release-osx-x86_64-mavericks 1.0.6 OK
r-release-osx-x86_64-snowleopard 1.0.6 OK
r-release-windows-ix86+x86_64 1.0.6 17.00 29.00 46.00 OK
r-oldrel-windows-ix86+x86_64 1.0.6 10.00 28.00 38.00 OK

Check Details

Version: 1.0.6
Check: DESCRIPTION meta-information
Result: NOTE
    Malformed Title field: should not end in a period.
Flavors: r-devel-linux-x86_64-debian-clang, r-devel-linux-x86_64-debian-gcc, r-devel-linux-x86_64-fedora-clang, r-devel-linux-x86_64-fedora-gcc, r-devel-osx-x86_64-clang, r-prerel-windows-ix86+x86_64, r-prerel-linux-x86_64, r-prerel-solaris-sparc, r-prerel-solaris-x86