CRAN Package Check Results for Package faraway

Last updated on 2015-05-27 03:48:09.

Flavor Version Tinstall Tcheck Ttotal Status Flags
r-devel-linux-x86_64-debian-clang 1.0.6 2.22 15.20 17.42 NOTE
r-devel-linux-x86_64-debian-gcc 1.0.6 2.22 14.60 16.82 NOTE
r-devel-linux-x86_64-fedora-clang 1.0.6 33.34 NOTE
r-devel-linux-x86_64-fedora-gcc 1.0.6 31.51 NOTE
r-devel-osx-x86_64-clang 1.0.6 35.37 NOTE
r-devel-windows-ix86+x86_64 1.0.6 13.00 29.00 42.00 NOTE
r-patched-linux-x86_64 1.0.6 2.18 15.12 17.30 NOTE
r-patched-solaris-sparc 1.0.6 220.50 NOTE
r-patched-solaris-x86 1.0.6 45.80 NOTE
r-release-linux-x86_64 1.0.6 2.41 14.99 17.40 NOTE
r-release-osx-x86_64-mavericks 1.0.6 NOTE
r-release-osx-x86_64-snowleopard 1.0.6 NOTE
r-release-windows-ix86+x86_64 1.0.6 6.00 29.00 35.00 NOTE
r-oldrel-windows-ix86+x86_64 1.0.6 17.00 29.00 46.00 OK

Check Details

Version: 1.0.6
Check: DESCRIPTION meta-information
Result: NOTE
    Malformed Title field: should not end in a period.
Flavors: r-devel-linux-x86_64-debian-clang, r-devel-linux-x86_64-debian-gcc, r-devel-linux-x86_64-fedora-clang, r-devel-linux-x86_64-fedora-gcc, r-devel-osx-x86_64-clang, r-devel-windows-ix86+x86_64, r-patched-linux-x86_64, r-patched-solaris-sparc, r-patched-solaris-x86, r-release-linux-x86_64, r-release-osx-x86_64-mavericks, r-release-osx-x86_64-snowleopard, r-release-windows-ix86+x86_64