CRAN Package Check Results for Package faraway

Last updated on 2015-09-01 03:48:54.

Flavor Version Tinstall Tcheck Ttotal Status Flags
r-devel-linux-x86_64-debian-clang 1.0.6 2.41 14.95 17.36 NOTE
r-devel-linux-x86_64-debian-gcc 1.0.6 2.13 14.86 17.00 NOTE
r-devel-linux-x86_64-fedora-clang 1.0.6 32.85 NOTE
r-devel-linux-x86_64-fedora-gcc 1.0.6 30.50 NOTE
r-devel-osx-x86_64-clang 1.0.6 32.45 NOTE
r-devel-windows-ix86+x86_64 1.0.6 12.00 50.00 62.00 NOTE
r-patched-linux-x86_64 1.0.6 2.17 14.67 16.84 NOTE
r-patched-solaris-sparc 1.0.6 219.30 NOTE
r-patched-solaris-x86 1.0.6 46.90 NOTE
r-release-linux-x86_64 1.0.6 2.17 14.72 16.88 NOTE
r-release-osx-x86_64-mavericks 1.0.6 NOTE
r-release-windows-ix86+x86_64 1.0.6 10.00 31.00 41.00 NOTE
r-oldrel-windows-ix86+x86_64 1.0.6 17.00 29.00 46.00 OK

Check Details

Version: 1.0.6
Check: DESCRIPTION meta-information
Result: NOTE
    Malformed Title field: should not end in a period.
Flavors: r-devel-linux-x86_64-debian-clang, r-devel-linux-x86_64-debian-gcc, r-devel-linux-x86_64-fedora-clang, r-devel-linux-x86_64-fedora-gcc, r-devel-osx-x86_64-clang, r-devel-windows-ix86+x86_64, r-patched-linux-x86_64, r-patched-solaris-sparc, r-patched-solaris-x86, r-release-linux-x86_64, r-release-osx-x86_64-mavericks, r-release-windows-ix86+x86_64

Version: 1.0.6
Check: R code for possible problems
Result: NOTE
    Cpplot: no visible global function definition for ‘plot’
    Cpplot: no visible global function definition for ‘text’
    Cpplot: no visible global function definition for ‘abline’
    halfnorm: no visible global function definition for ‘qnorm’
    halfnorm: no visible global function definition for ‘plot’
    halfnorm: no visible global function definition for ‘points’
    halfnorm: no visible global function definition for ‘text’
    prplot: no visible global function definition for ‘model.matrix’
    prplot: no visible global function definition for ‘plot’
    prplot: no visible global function definition for ‘abline’
    qqnorml: no visible global function definition for ‘qnorm’
    qqnorml: no visible global function definition for ‘plot’
    qqnorml: no visible global function definition for ‘text’
    sumary: no visible global function definition for ‘printCoefmat’
    vif.default: no visible global function definition for ‘lm’
    vif.lm: no visible global function definition for ‘model.matrix’
    vif.lm: no visible global function definition for ‘coef’
    Undefined global functions or variables:
     abline coef lm model.matrix plot points printCoefmat qnorm text
    Consider adding
     importFrom("graphics", "abline", "plot", "points", "text")
     importFrom("stats", "coef", "lm", "model.matrix", "printCoefmat",
     "qnorm")
    to your NAMESPACE.
Flavors: r-devel-linux-x86_64-debian-clang, r-devel-linux-x86_64-debian-gcc, r-devel-linux-x86_64-fedora-clang, r-devel-linux-x86_64-fedora-gcc, r-devel-windows-ix86+x86_64