CRAN Package Check Results for Package faraway

Last updated on 2014-04-20 01:47:55.

Flavor Version Tinstall Tcheck Ttotal Status Flags
r-devel-linux-x86_64-debian-clang 1.0.5 2.26 13.74 16.00 OK
r-devel-linux-x86_64-debian-gcc 1.0.5 2.29 14.31 16.60 OK
r-devel-linux-x86_64-fedora-clang 1.0.5 31.82 NOTE
r-devel-linux-x86_64-fedora-gcc 1.0.5 30.11 NOTE
r-devel-macosx-x86_64-clang 1.0.5 29.03 OK
r-devel-macosx-x86_64-gcc 1.0.5 OK
r-devel-windows-ix86+x86_64 1.0.5 8.00 21.00 29.00 OK
r-patched-linux-x86_64 1.0.5 2.28 13.96 16.24 OK
r-patched-solaris-sparc 1.0.5 188.80 OK
r-patched-solaris-x86 1.0.5 45.20 OK
r-release-linux-ix86 OK
r-release-linux-x86_64 1.0.5 2.32 13.92 16.24 OK
r-release-windows-ix86+x86_64 1.0.5 13.00 35.00 48.00 OK
r-oldrel-windows-ix86+x86_64 1.0.5 8.00 23.00 31.00 OK

Check Details

Version: 1.0.5
Check: top-level files
Result: NOTE
    Non-standard file/directory found at top level:
     ‘CONTENTS’
Flavors: r-devel-linux-x86_64-fedora-clang, r-devel-linux-x86_64-fedora-gcc