CRAN Package Check Results for Package faraway

Last updated on 2015-04-26 09:46:26.

Flavor Version Tinstall Tcheck Ttotal Status Flags
r-devel-linux-x86_64-debian-clang 1.0.6 2.24 15.88 18.12 NOTE
r-devel-linux-x86_64-debian-gcc 1.0.6 2.17 15.13 17.30 NOTE
r-devel-linux-x86_64-fedora-clang 1.0.6 33.82 NOTE
r-devel-linux-x86_64-fedora-gcc 1.0.6 33.46 NOTE
r-devel-osx-x86_64-clang 1.0.6 35.45 NOTE
r-devel-windows-ix86+x86_64 1.0.6 12.00 27.00 39.00 NOTE
r-patched-linux-x86_64 1.0.6 2.21 14.64 16.85 NOTE
r-patched-solaris-sparc 1.0.6 224.20 NOTE
r-patched-solaris-x86 1.0.6 46.10 NOTE
r-release-linux-x86_64 1.0.6 2.27 14.83 17.10 NOTE
r-release-osx-x86_64-mavericks 1.0.6 NOTE
r-release-osx-x86_64-snowleopard 1.0.6 NOTE
r-release-windows-ix86+x86_64 1.0.6 6.00 29.00 35.00 NOTE
r-oldrel-windows-ix86+x86_64 1.0.6 17.00 29.00 46.00 OK

Check Details

Version: 1.0.6
Check: DESCRIPTION meta-information
Result: NOTE
    Malformed Title field: should not end in a period.
Flavors: r-devel-linux-x86_64-fedora-gcc, r-devel-windows-ix86+x86_64, r-release-windows-ix86+x86_64