CRAN Package Check Results for Package farver

Last updated on 2022-01-22 18:50:54 CET.

Flavor Version Tinstall Tcheck Ttotal Status Flags
r-devel-linux-x86_64-debian-clang 2.1.0 30.27 31.72 61.99 OK
r-devel-linux-x86_64-debian-gcc 2.1.0 29.92 25.13 55.05 OK
r-devel-linux-x86_64-fedora-clang 2.1.0 89.29 NOTE
r-devel-linux-x86_64-fedora-gcc 2.1.0 83.90 OK
r-devel-windows-x86_64-new-UL 2.1.0 80.00 60.00 140.00 OK
r-devel-windows-x86_64-new-TK 2.1.0 OK
r-patched-linux-x86_64 2.1.0 33.66 30.61 64.27 OK
r-release-linux-x86_64 2.1.0 30.92 31.09 62.01 OK
r-release-macos-arm64 2.1.0 NOTE
r-release-macos-x86_64 2.1.0 OK
r-release-windows-ix86+x86_64 2.1.0 89.00 61.00 150.00 OK
r-oldrel-macos-x86_64 2.1.0 OK
r-oldrel-windows-ix86+x86_64 2.1.0 88.00 56.00 144.00 OK

Check Details

Version: 2.1.0
Check: installed package size
Result: NOTE
     installed size is 5.5Mb
     sub-directories of 1Mb or more:
     help 1.6Mb
     libs 3.8Mb
Flavors: r-devel-linux-x86_64-fedora-clang, r-release-macos-arm64