CRAN Package Check Results for Package fast

Last updated on 2014-04-18 17:48:01.

Flavor Version Tinstall Tcheck Ttotal Status Flags
r-devel-linux-x86_64-debian-clang 0.63 0.81 12.03 12.84 OK
r-devel-linux-x86_64-debian-gcc OK
r-devel-linux-x86_64-fedora-clang 0.63 26.17 OK
r-devel-linux-x86_64-fedora-gcc 0.63 23.64 OK
r-devel-macosx-x86_64-clang 0.63 30.79 OK
r-devel-macosx-x86_64-gcc 0.63 ERROR
r-devel-windows-ix86+x86_64 0.63 3.00 20.00 23.00 OK
r-patched-linux-x86_64 0.63 0.88 12.54 13.41 OK
r-patched-solaris-sparc 0.63 144.90 OK
r-patched-solaris-x86 0.63 37.10 OK
r-release-linux-ix86 0.63 2.00 27.00 29.00 OK
r-release-linux-x86_64 0.63 0.79 12.46 13.25 OK
r-release-windows-ix86+x86_64 0.63 3.00 21.00 24.00 OK
r-oldrel-windows-ix86+x86_64 0.63 3.00 22.00 25.00 OK

Check Details

Version: 0.63
Check: package dependencies
Result: ERROR
    Package required but not available: ‘zoo’
    
    See the information on DESCRIPTION files in the chapter ‘Creating R
    packages’ of the ‘Writing R Extensions’ manual.
Flavor: r-devel-macosx-x86_64-gcc