CRAN Package Check Results for Package fast

Last updated on 2015-07-29 08:50:00.

Flavor Version Tinstall Tcheck Ttotal Status Flags
r-devel-linux-x86_64-debian-clang 0.63 0.71 10.92 11.63 NOTE
r-devel-linux-x86_64-debian-gcc 0.63 0.70 10.76 11.46 NOTE
r-devel-linux-x86_64-fedora-clang 0.63 22.13 NOTE
r-devel-linux-x86_64-fedora-gcc 0.63 20.80 NOTE
r-devel-osx-x86_64-clang 0.63 20.28 OK
r-devel-windows-ix86+x86_64 0.63 3.00 19.00 22.00 NOTE
r-patched-linux-x86_64 0.63 0.72 10.85 11.57 OK
r-patched-solaris-sparc 0.63 147.80 OK
r-patched-solaris-x86 0.63 33.10 OK
r-release-linux-x86_64 0.63 0.71 10.93 11.64 OK
r-release-osx-x86_64-mavericks 0.63 OK
r-release-windows-ix86+x86_64 0.63 5.00 20.00 25.00 OK
r-oldrel-windows-ix86+x86_64 0.63 5.00 37.00 42.00 OK

Check Details

Version: 0.63
Check: R code for possible problems
Result: NOTE
    example_model2: no visible global function definition for ‘plot’
    example_model2: no visible global function definition for ‘lines’
    example_model2: no visible global function definition for ‘legend’
    p.sensitivity: no visible global function definition for ‘plot’
    p.sensitivity: no visible global function definition for ‘lowess’
    p.sensitivity: no visible global function definition for ‘lines’
    p.sensitivity: no visible global function definition for ‘abline’
    sensitivity: no visible global function definition for ‘fft’
    sensitivity: no visible global function definition for ‘plot’
    sensitivity: no visible global function definition for ‘points’
    sensitivity: no visible global function definition for ‘legend’
    Undefined global functions or variables:
     abline fft legend lines lowess plot points
    Consider adding
     importFrom("graphics", "abline", "legend", "lines", "plot", "points")
     importFrom("stats", "fft", "lowess")
    to your NAMESPACE.
Flavors: r-devel-linux-x86_64-debian-clang, r-devel-linux-x86_64-debian-gcc, r-devel-linux-x86_64-fedora-clang, r-devel-linux-x86_64-fedora-gcc, r-devel-windows-ix86+x86_64