CRAN Package Check Results for Package fast

Last updated on 2015-05-06 19:47:07.

Flavor Version Tinstall Tcheck Ttotal Status Flags
r-devel-linux-x86_64-debian-clang 0.63 0.72 10.97 11.69 OK
r-devel-linux-x86_64-debian-gcc 0.63 0.71 10.91 11.62 OK
r-devel-linux-x86_64-fedora-clang 0.63 23.02 OK
r-devel-linux-x86_64-fedora-gcc 0.63 21.93 OK
r-devel-osx-x86_64-clang 0.63 25.49 OK
r-devel-windows-ix86+x86_64 0.63 4.00 18.00 22.00 OK
r-patched-linux-x86_64 0.63 0.72 10.94 11.66 OK
r-patched-solaris-sparc 0.63 130.30 OK
r-patched-solaris-x86 0.63 32.80 OK
r-release-linux-x86_64 0.63 0.71 10.80 11.51 OK
r-release-osx-x86_64-mavericks 0.63 OK
r-release-osx-x86_64-snowleopard 0.63 ERROR
r-release-windows-ix86+x86_64 0.63 3.00 18.00 21.00 OK
r-oldrel-windows-ix86+x86_64 0.63 4.00 23.00 27.00 OK

Check Details

Version: 0.63
Check: package dependencies
Result: ERROR
    Package required but not available: ‘zoo’
    
    See section ‘The DESCRIPTION file’ in the ‘Writing R Extensions’
    manual.
Flavor: r-release-osx-x86_64-snowleopard