CRAN Package Check Results for Package fastGHQuad

Last updated on 2016-07-30 12:48:09.

Flavor Version Tinstall Tcheck Ttotal Status Flags
r-devel-linux-x86_64-debian-clang 0.2 4.93 13.69 18.63 NOTE
r-devel-linux-x86_64-debian-gcc 0.2 4.89 13.44 18.33 NOTE
r-devel-linux-x86_64-fedora-clang 0.2 33.04 NOTE
r-devel-linux-x86_64-fedora-gcc 0.2 29.40 NOTE
r-devel-osx-x86_64-clang 0.2 26.63 NOTE
r-devel-windows-ix86+x86_64 0.2 17.00 38.00 55.00 NOTE
r-patched-linux-x86_64 0.2 3.74 13.32 17.06 NOTE
r-patched-solaris-sparc 0.2 299.30 NOTE
r-patched-solaris-x86 0.2 44.60 NOTE
r-release-linux-x86_64 0.2 4.21 15.87 20.07 NOTE
r-release-osx-x86_64-mavericks 0.2 NOTE
r-release-windows-ix86+x86_64 0.2 21.00 47.00 68.00 NOTE
r-oldrel-windows-ix86+x86_64 0.2 21.00 54.00 75.00 NOTE

Check Details

Version: 0.2
Check: DESCRIPTION meta-information
Result: NOTE
    Malformed Description field: should contain one or more complete sentences.
Flavors: r-devel-linux-x86_64-debian-clang, r-devel-linux-x86_64-debian-gcc, r-devel-linux-x86_64-fedora-clang, r-devel-linux-x86_64-fedora-gcc, r-devel-osx-x86_64-clang, r-devel-windows-ix86+x86_64, r-patched-linux-x86_64, r-patched-solaris-sparc, r-patched-solaris-x86, r-release-linux-x86_64, r-release-osx-x86_64-mavericks, r-release-windows-ix86+x86_64, r-oldrel-windows-ix86+x86_64

Version: 0.2
Check: line endings in Makefiles
Result: NOTE
    Found the following Makefile(s) without a final LF:
     src/Makevars
    Some ‘make’ programs ignore lines not ending in LF.
Flavors: r-devel-linux-x86_64-debian-clang, r-devel-linux-x86_64-debian-gcc, r-devel-linux-x86_64-fedora-clang, r-devel-linux-x86_64-fedora-gcc, r-devel-osx-x86_64-clang, r-devel-windows-ix86+x86_64, r-patched-linux-x86_64, r-patched-solaris-sparc, r-patched-solaris-x86, r-release-linux-x86_64, r-release-osx-x86_64-mavericks, r-release-windows-ix86+x86_64, r-oldrel-windows-ix86+x86_64