CRAN Package Check Results for Package fastGHQuad

Last updated on 2015-05-24 15:46:49.

Flavor Version Tinstall Tcheck Ttotal Status Flags
r-devel-linux-x86_64-debian-clang 0.2 4.74 13.94 18.68 NOTE
r-devel-linux-x86_64-debian-gcc 0.2 4.04 13.47 17.52 NOTE
r-devel-linux-x86_64-fedora-clang 0.2 36.49 NOTE
r-devel-linux-x86_64-fedora-gcc 0.2 34.25 NOTE
r-devel-osx-x86_64-clang 0.2 34.57 NOTE
r-devel-windows-ix86+x86_64 0.2 17.00 37.00 54.00 NOTE
r-patched-linux-x86_64 0.2 4.26 13.57 17.84 NOTE
r-patched-solaris-sparc 0.2 323.80 NOTE
r-patched-solaris-x86 0.2 52.10 NOTE
r-release-linux-x86_64 0.2 4.19 13.91 18.10 NOTE
r-release-osx-x86_64-mavericks 0.2 NOTE
r-release-osx-x86_64-snowleopard 0.2 NOTE
r-release-windows-ix86+x86_64 0.2 16.00 41.00 57.00 NOTE
r-oldrel-windows-ix86+x86_64 0.2 14.00 44.00 58.00 NOTE

Check Details

Version: 0.2
Check: DESCRIPTION meta-information
Result: NOTE
    Malformed Description field: should contain one or more complete sentences.
Flavors: r-devel-linux-x86_64-debian-clang, r-devel-linux-x86_64-debian-gcc, r-devel-linux-x86_64-fedora-clang, r-devel-linux-x86_64-fedora-gcc, r-devel-osx-x86_64-clang, r-devel-windows-ix86+x86_64, r-patched-linux-x86_64, r-patched-solaris-sparc, r-patched-solaris-x86, r-release-linux-x86_64, r-release-osx-x86_64-mavericks, r-release-osx-x86_64-snowleopard, r-release-windows-ix86+x86_64

Version: 0.2
Check: line endings in Makefiles
Result: NOTE
    Found the following Makefile(s) without a final LF:
     src/Makevars
    Some ‘make’ programs ignore lines not ending in LF.
Flavors: r-devel-linux-x86_64-debian-clang, r-devel-linux-x86_64-debian-gcc, r-devel-linux-x86_64-fedora-clang, r-devel-linux-x86_64-fedora-gcc, r-devel-osx-x86_64-clang, r-devel-windows-ix86+x86_64, r-patched-linux-x86_64, r-patched-solaris-sparc, r-patched-solaris-x86, r-release-linux-x86_64, r-release-osx-x86_64-mavericks, r-release-osx-x86_64-snowleopard, r-release-windows-ix86+x86_64, r-oldrel-windows-ix86+x86_64