CRAN Package Check Results for Package fastGHQuad

Last updated on 2014-07-23 15:47:44.

Flavor Version Tinstall Tcheck Ttotal Status Flags
r-devel-linux-x86_64-debian-clang 0.1-1 4.23 14.66 18.89 NOTE
r-devel-linux-x86_64-debian-gcc 0.1-1 4.56 14.16 18.72 NOTE
r-devel-linux-x86_64-fedora-clang 0.1-1 40.76 NOTE
r-devel-linux-x86_64-fedora-gcc 0.1-1 40.37 NOTE
r-devel-osx-x86_64-clang 0.1-1 38.35 NOTE
r-devel-windows-ix86+x86_64 0.1-1 19.00 41.00 60.00 NOTE
r-patched-linux-x86_64 0.1-1 4.62 14.51 19.13 NOTE
r-patched-solaris-sparc 0.1-1 327.30 NOTE
r-patched-solaris-x86 0.1-1 58.00 NOTE
r-release-linux-ix86 0.1-1 5.90 21.66 27.55 NOTE
r-release-linux-x86_64 0.1-1 4.64 15.28 19.92 NOTE
r-release-osx-x86_64-mavericks 0.1-1 NOTE
r-release-windows-ix86+x86_64 0.1-1 27.00 59.00 86.00 NOTE
r-oldrel-windows-ix86+x86_64 0.1-1 19.00 37.00 56.00 NOTE

Memtest notes: valgrind

Check Details

Version: 0.1-1
Check: for hidden files and directories
Result: NOTE
    Found the following hidden files and directories:
     .gitignore
    These were most likely included in error. See section ‘Package
    structure’ in the ‘Writing R Extensions’ manual.
Flavors: r-devel-linux-x86_64-debian-clang, r-devel-linux-x86_64-debian-gcc, r-devel-linux-x86_64-fedora-clang, r-devel-linux-x86_64-fedora-gcc, r-devel-osx-x86_64-clang, r-devel-windows-ix86+x86_64, r-patched-linux-x86_64, r-patched-solaris-sparc, r-patched-solaris-x86, r-release-linux-ix86, r-release-linux-x86_64, r-release-osx-x86_64-mavericks, r-release-windows-ix86+x86_64, r-oldrel-windows-ix86+x86_64

Version: 0.1-1
Check: DESCRIPTION meta-information
Result: NOTE
    License components which are templates and need '+ file LICENSE':
     MIT
Flavors: r-devel-linux-x86_64-debian-clang, r-devel-linux-x86_64-debian-gcc, r-devel-linux-x86_64-fedora-clang, r-devel-linux-x86_64-fedora-gcc, r-devel-osx-x86_64-clang, r-patched-linux-x86_64, r-patched-solaris-sparc, r-patched-solaris-x86, r-release-linux-ix86, r-release-linux-x86_64, r-release-osx-x86_64-mavericks

Version: 0.1-1
Check: dependencies in R code
Result: NOTE
    Package in Depends field not imported from: ‘Rcpp’
     These packages need to be imported from (in the NAMESPACE file)
     for when this namespace is loaded but not attached.
    See the information on DESCRIPTION files in the chapter ‘Creating R
    packages’ of the ‘Writing R Extensions’ manual.
Flavors: r-devel-linux-x86_64-debian-clang, r-devel-linux-x86_64-debian-gcc, r-devel-linux-x86_64-fedora-clang, r-devel-linux-x86_64-fedora-gcc, r-devel-osx-x86_64-clang, r-devel-windows-ix86+x86_64, r-patched-linux-x86_64, r-patched-solaris-sparc, r-patched-solaris-x86, r-release-linux-ix86, r-release-linux-x86_64, r-release-osx-x86_64-mavericks, r-release-windows-ix86+x86_64, r-oldrel-windows-ix86+x86_64