CRAN Package Check Results for Package fastGHQuad

Last updated on 2016-08-31 05:46:46.

Flavor Version Tinstall Tcheck Ttotal Status Flags
r-devel-linux-x86_64-debian-clang 0.2 4.47 13.52 17.99 NOTE
r-devel-linux-x86_64-debian-gcc 0.2 4.39 13.57 17.96 NOTE
r-devel-linux-x86_64-fedora-clang 0.2 33.37 NOTE
r-devel-linux-x86_64-fedora-gcc 0.2 31.00 NOTE
r-devel-osx-x86_64-clang 0.2 26.64 NOTE
r-devel-windows-ix86+x86_64 0.2 23.00 51.00 74.00 NOTE
r-patched-linux-x86_64 0.2 3.81 13.45 17.26 NOTE
r-patched-solaris-sparc 0.2 299.30 NOTE
r-patched-solaris-x86 0.2 45.20 NOTE
r-release-linux-x86_64 0.2 3.82 13.43 17.25 NOTE
r-release-osx-x86_64-mavericks 0.2 NOTE
r-release-windows-ix86+x86_64 0.2 22.00 52.00 74.00 NOTE
r-oldrel-windows-ix86+x86_64 0.2 26.00 64.00 90.00 NOTE

Check Details

Version: 0.2
Check: DESCRIPTION meta-information
Result: NOTE
    Malformed Description field: should contain one or more complete sentences.
Flavors: r-devel-linux-x86_64-debian-clang, r-devel-linux-x86_64-debian-gcc, r-devel-linux-x86_64-fedora-clang, r-devel-linux-x86_64-fedora-gcc, r-devel-osx-x86_64-clang, r-devel-windows-ix86+x86_64, r-patched-linux-x86_64, r-patched-solaris-sparc, r-patched-solaris-x86, r-release-linux-x86_64, r-release-osx-x86_64-mavericks, r-release-windows-ix86+x86_64, r-oldrel-windows-ix86+x86_64

Version: 0.2
Check: line endings in Makefiles
Result: NOTE
    Found the following Makefile(s) without a final LF:
     src/Makevars
    Some ‘make’ programs ignore lines not ending in LF.
Flavors: r-devel-linux-x86_64-debian-clang, r-devel-linux-x86_64-debian-gcc, r-devel-linux-x86_64-fedora-clang, r-devel-linux-x86_64-fedora-gcc, r-devel-osx-x86_64-clang, r-devel-windows-ix86+x86_64, r-patched-linux-x86_64, r-patched-solaris-sparc, r-patched-solaris-x86, r-release-linux-x86_64, r-release-osx-x86_64-mavericks, r-release-windows-ix86+x86_64, r-oldrel-windows-ix86+x86_64