CRAN Package Check Results for Package fastGHQuad

Last updated on 2016-12-06 21:48:15.

Flavor Version Tinstall Tcheck Ttotal Status Flags
r-devel-linux-x86_64-debian-clang 0.2 4.52 15.31 19.82 NOTE
r-devel-linux-x86_64-debian-gcc 0.2 4.45 15.27 19.71 NOTE
r-devel-linux-x86_64-fedora-clang 0.2 37.73 NOTE --no-stop-on-test-error
r-devel-linux-x86_64-fedora-gcc 0.2 35.87 NOTE --no-stop-on-test-error
r-devel-macos-x86_64-clang 0.2 30.05 NOTE
r-devel-windows-ix86+x86_64 0.2 16.00 45.00 61.00 NOTE
r-patched-linux-x86_64 0.2 3.80 13.71 17.51 NOTE
r-patched-solaris-sparc 0.2 299.30 NOTE
r-patched-solaris-x86 0.2 43.30 NOTE
r-release-linux-x86_64 0.2 3.78 13.55 17.33 NOTE
r-release-osx-x86_64-mavericks 0.2 NOTE
r-release-windows-ix86+x86_64 0.2 16.00 58.00 74.00 NOTE
r-oldrel-windows-ix86+x86_64 0.2 19.00 47.00 66.00 NOTE

Check Details

Version: 0.2
Check: DESCRIPTION meta-information
Result: NOTE
    Malformed Description field: should contain one or more complete sentences.
Flavors: r-devel-linux-x86_64-debian-clang, r-devel-linux-x86_64-debian-gcc, r-devel-macos-x86_64-clang, r-devel-windows-ix86+x86_64, r-patched-linux-x86_64, r-patched-solaris-sparc, r-patched-solaris-x86, r-release-linux-x86_64, r-release-osx-x86_64-mavericks, r-release-windows-ix86+x86_64, r-oldrel-windows-ix86+x86_64

Version: 0.2
Check: line endings in Makefiles
Result: NOTE
    Found the following Makefile(s) without a final LF:
     src/Makevars
    Some ‘make’ programs ignore lines not ending in LF.
Flavors: r-devel-linux-x86_64-debian-clang, r-devel-linux-x86_64-debian-gcc, r-devel-macos-x86_64-clang, r-devel-windows-ix86+x86_64, r-patched-linux-x86_64, r-patched-solaris-sparc, r-patched-solaris-x86, r-release-linux-x86_64, r-release-osx-x86_64-mavericks, r-release-windows-ix86+x86_64, r-oldrel-windows-ix86+x86_64

Version: 0.2
Flags: --no-stop-on-test-error
Check: DESCRIPTION meta-information
Result: NOTE
    Malformed Description field: should contain one or more complete sentences.
Flavors: r-devel-linux-x86_64-fedora-clang, r-devel-linux-x86_64-fedora-gcc

Version: 0.2
Flags: --no-stop-on-test-error
Check: line endings in Makefiles
Result: NOTE
    Found the following Makefile(s) without a final LF:
     src/Makevars
    Some ‘make’ programs ignore lines not ending in LF.
Flavors: r-devel-linux-x86_64-fedora-clang, r-devel-linux-x86_64-fedora-gcc