CRAN Package Check Results for Package fastGHQuad

Last updated on 2015-09-01 12:48:11.

Flavor Version Tinstall Tcheck Ttotal Status Flags
r-devel-linux-x86_64-debian-clang 0.2 3.78 13.01 16.79 NOTE
r-devel-linux-x86_64-debian-gcc 0.2 3.95 13.05 17.00 NOTE
r-devel-linux-x86_64-fedora-clang 0.2 35.32 NOTE
r-devel-linux-x86_64-fedora-gcc 0.2 32.84 NOTE
r-devel-osx-x86_64-clang 0.2 30.62 NOTE
r-devel-windows-ix86+x86_64 0.2 25.00 50.00 75.00 NOTE
r-patched-linux-x86_64 0.2 4.14 13.66 17.80 NOTE
r-patched-solaris-sparc 0.2 320.50 NOTE
r-patched-solaris-x86 0.2 52.60 NOTE
r-release-linux-x86_64 0.2 4.10 13.43 17.52 NOTE
r-release-osx-x86_64-mavericks 0.2 NOTE
r-release-windows-ix86+x86_64 0.2 23.00 43.00 66.00 NOTE
r-oldrel-windows-ix86+x86_64 0.2 24.00 45.00 69.00 NOTE

Check Details

Version: 0.2
Check: DESCRIPTION meta-information
Result: NOTE
    Malformed Description field: should contain one or more complete sentences.
Flavors: r-devel-linux-x86_64-debian-clang, r-devel-linux-x86_64-debian-gcc, r-devel-linux-x86_64-fedora-clang, r-devel-linux-x86_64-fedora-gcc, r-devel-osx-x86_64-clang, r-devel-windows-ix86+x86_64, r-patched-linux-x86_64, r-patched-solaris-sparc, r-patched-solaris-x86, r-release-linux-x86_64, r-release-osx-x86_64-mavericks, r-release-windows-ix86+x86_64

Version: 0.2
Check: line endings in Makefiles
Result: NOTE
    Found the following Makefile(s) without a final LF:
     src/Makevars
    Some ‘make’ programs ignore lines not ending in LF.
Flavors: r-devel-linux-x86_64-debian-clang, r-devel-linux-x86_64-debian-gcc, r-devel-linux-x86_64-fedora-clang, r-devel-linux-x86_64-fedora-gcc, r-devel-osx-x86_64-clang, r-devel-windows-ix86+x86_64, r-patched-linux-x86_64, r-patched-solaris-sparc, r-patched-solaris-x86, r-release-linux-x86_64, r-release-osx-x86_64-mavericks, r-release-windows-ix86+x86_64, r-oldrel-windows-ix86+x86_64