CRAN Package Check Results for Package fastGHQuad

Last updated on 2016-05-04 13:50:19.

Flavor Version Tinstall Tcheck Ttotal Status Flags
r-devel-linux-x86_64-debian-gcc 0.2 3.99 13.23 17.21 NOTE
r-devel-linux-x86_64-fedora-clang 0.2 32.72 NOTE
r-devel-linux-x86_64-fedora-gcc 0.2 29.85 NOTE
r-devel-osx-x86_64-clang 0.2 35.49 NOTE
r-devel-windows-ix86+x86_64 0.2 19.00 46.00 65.00 NOTE
r-patched-linux-x86_64 0.2 4.03 13.17 17.19 NOTE
r-patched-solaris-sparc 0.2 297.10 NOTE
r-patched-solaris-x86 0.2 45.20 NOTE
r-release-linux-x86_64 0.2 3.73 13.46 17.19 NOTE
r-release-osx-x86_64-mavericks 0.2 NOTE
r-release-windows-ix86+x86_64 0.2 19.00 46.00 65.00 NOTE
r-oldrel-windows-ix86+x86_64 0.2 17.00 72.00 89.00 NOTE

Check Details

Version: 0.2
Check: DESCRIPTION meta-information
Result: NOTE
    Malformed Description field: should contain one or more complete sentences.
Flavors: r-devel-linux-x86_64-debian-gcc, r-devel-linux-x86_64-fedora-clang, r-devel-linux-x86_64-fedora-gcc, r-devel-osx-x86_64-clang, r-devel-windows-ix86+x86_64, r-patched-linux-x86_64, r-patched-solaris-sparc, r-patched-solaris-x86, r-release-linux-x86_64, r-release-osx-x86_64-mavericks, r-release-windows-ix86+x86_64

Version: 0.2
Check: line endings in Makefiles
Result: NOTE
    Found the following Makefile(s) without a final LF:
     src/Makevars
    Some ‘make’ programs ignore lines not ending in LF.
Flavors: r-devel-linux-x86_64-debian-gcc, r-devel-linux-x86_64-fedora-clang, r-devel-linux-x86_64-fedora-gcc, r-devel-osx-x86_64-clang, r-devel-windows-ix86+x86_64, r-patched-linux-x86_64, r-patched-solaris-sparc, r-patched-solaris-x86, r-release-linux-x86_64, r-release-osx-x86_64-mavericks, r-release-windows-ix86+x86_64, r-oldrel-windows-ix86+x86_64