CRAN Package Check Results for Package fastGHQuad

Last updated on 2017-01-24 11:49:12.

Flavor Version Tinstall Tcheck Ttotal Status Flags
r-devel-linux-x86_64-debian-clang 0.2 4.56 15.44 20.00 NOTE
r-devel-linux-x86_64-debian-gcc 0.2 4.46 15.56 20.02 NOTE
r-devel-linux-x86_64-fedora-clang 0.2 36.34 NOTE --no-stop-on-test-error
r-devel-linux-x86_64-fedora-gcc 0.2 36.39 NOTE --no-stop-on-test-error
r-devel-macos-x86_64-clang 0.2 29.31 NOTE --no-stop-on-test-error
r-devel-windows-ix86+x86_64 0.2 19.00 61.00 80.00 NOTE
r-patched-linux-x86_64 0.2 3.89 13.41 17.30 NOTE
r-patched-solaris-sparc 0.2 296.50 NOTE
r-patched-solaris-x86 0.2 43.30 NOTE
r-release-linux-x86_64 0.2 3.77 13.54 17.31 NOTE
r-release-osx-x86_64-mavericks 0.2 NOTE
r-release-windows-ix86+x86_64 0.2 30.00 41.00 71.00 NOTE
r-oldrel-windows-ix86+x86_64 0.2 34.00 59.00 93.00 NOTE

Check Details

Version: 0.2
Check: DESCRIPTION meta-information
Result: NOTE
    Malformed Description field: should contain one or more complete sentences.
Flavors: r-devel-linux-x86_64-debian-clang, r-devel-linux-x86_64-debian-gcc, r-devel-windows-ix86+x86_64, r-patched-linux-x86_64, r-patched-solaris-sparc, r-patched-solaris-x86, r-release-linux-x86_64, r-release-osx-x86_64-mavericks, r-release-windows-ix86+x86_64, r-oldrel-windows-ix86+x86_64

Version: 0.2
Check: line endings in Makefiles
Result: NOTE
    Found the following Makefile(s) without a final LF:
     src/Makevars
    Some ‘make’ programs ignore lines not ending in LF.
Flavors: r-devel-linux-x86_64-debian-clang, r-devel-linux-x86_64-debian-gcc, r-devel-windows-ix86+x86_64, r-patched-linux-x86_64, r-patched-solaris-sparc, r-patched-solaris-x86, r-release-linux-x86_64, r-release-osx-x86_64-mavericks, r-release-windows-ix86+x86_64, r-oldrel-windows-ix86+x86_64

Version: 0.2
Flags: --no-stop-on-test-error
Check: DESCRIPTION meta-information
Result: NOTE
    Malformed Description field: should contain one or more complete sentences.
Flavors: r-devel-linux-x86_64-fedora-clang, r-devel-linux-x86_64-fedora-gcc, r-devel-macos-x86_64-clang

Version: 0.2
Flags: --no-stop-on-test-error
Check: line endings in Makefiles
Result: NOTE
    Found the following Makefile(s) without a final LF:
     src/Makevars
    Some ‘make’ programs ignore lines not ending in LF.
Flavors: r-devel-linux-x86_64-fedora-clang, r-devel-linux-x86_64-fedora-gcc, r-devel-macos-x86_64-clang