CRAN Package Check Results for Package fastGHQuad

Last updated on 2017-12-15 02:48:22 CET.

Flavor Version Tinstall Tcheck Ttotal Status Flags
r-devel-linux-x86_64-debian-clang 0.2 6.45 14.65 21.10 FAIL
r-devel-linux-x86_64-debian-gcc 0.2 5.31 18.83 24.14 NOTE
r-devel-linux-x86_64-fedora-clang 0.2 39.20 NOTE
r-devel-linux-x86_64-fedora-gcc 0.2 35.30 NOTE
r-devel-windows-ix86+x86_64 0.2 28.00 51.00 79.00 NOTE
r-patched-linux-x86_64 0.2 6.79 22.48 29.27 NOTE
r-patched-solaris-x86 0.2 51.90 NOTE
r-release-linux-x86_64 0.2 6.60 22.29 28.89 NOTE
r-release-windows-ix86+x86_64 0.2 21.00 52.00 73.00 NOTE
r-release-osx-x86_64 0.2 NOTE
r-oldrel-windows-ix86+x86_64 0.2 22.00 58.00 80.00 NOTE
r-oldrel-osx-x86_64 0.2 NOTE

Check Details

Version: 0.2
Check: DESCRIPTION meta-information
Result: NOTE
    Malformed Description field: should contain one or more complete sentences.
Flavors: r-devel-linux-x86_64-debian-clang, r-devel-linux-x86_64-debian-gcc, r-devel-linux-x86_64-fedora-clang, r-devel-linux-x86_64-fedora-gcc, r-devel-windows-ix86+x86_64, r-patched-linux-x86_64, r-patched-solaris-x86, r-release-linux-x86_64, r-release-windows-ix86+x86_64, r-release-osx-x86_64, r-oldrel-windows-ix86+x86_64, r-oldrel-osx-x86_64

Version: 0.2
Check: line endings in Makefiles
Result: NOTE
    Found the following Makefile(s) without a final LF:
     src/Makevars
    Some ‘make’ programs ignore lines not ending in LF.
Flavors: r-devel-linux-x86_64-debian-clang, r-devel-linux-x86_64-debian-gcc, r-devel-linux-x86_64-fedora-clang, r-devel-linux-x86_64-fedora-gcc, r-devel-windows-ix86+x86_64, r-patched-linux-x86_64, r-patched-solaris-x86, r-release-linux-x86_64, r-release-windows-ix86+x86_64, r-release-osx-x86_64, r-oldrel-windows-ix86+x86_64, r-oldrel-osx-x86_64

Version: 0.2
Check: pragmas in C/C++ headers and code
Result: FAIL
    
Flavor: r-devel-linux-x86_64-debian-clang

Version: 0.2
Check: compiled code
Result: NOTE
    File ‘fastGHQuad/libs/fastGHQuad.so’:
     Found no calls to: ‘R_registerRoutines’, ‘R_useDynamicSymbols’
    
    It is good practice to register native routines and to disable symbol
    search.
    
    See ‘Writing portable packages’ in the ‘Writing R Extensions’ manual.
Flavors: r-devel-linux-x86_64-debian-gcc, r-devel-linux-x86_64-fedora-clang, r-devel-linux-x86_64-fedora-gcc, r-patched-linux-x86_64, r-release-linux-x86_64