CRAN Package Check Results for Package fastGHQuad

Last updated on 2015-07-28 14:48:54.

Flavor Version Tinstall Tcheck Ttotal Status Flags
r-devel-linux-x86_64-debian-clang 0.2 4.65 13.63 18.28 NOTE
r-devel-linux-x86_64-debian-gcc 0.2 4.03 13.24 17.27 NOTE
r-devel-linux-x86_64-fedora-clang 0.2 35.31 NOTE
r-devel-linux-x86_64-fedora-gcc 0.2 33.43 NOTE
r-devel-osx-x86_64-clang 0.2 28.99 NOTE
r-devel-windows-ix86+x86_64 0.2 15.00 61.00 76.00 NOTE
r-patched-linux-x86_64 0.2 4.06 13.66 17.71 NOTE
r-patched-solaris-sparc 0.2 320.50 NOTE
r-patched-solaris-x86 0.2 51.30 NOTE
r-release-linux-x86_64 0.2 4.40 13.64 18.03 NOTE
r-release-osx-x86_64-mavericks 0.2 NOTE
r-release-windows-ix86+x86_64 0.2 21.00 43.00 64.00 NOTE
r-oldrel-windows-ix86+x86_64 0.2 25.00 46.00 71.00 NOTE

Check Details

Version: 0.2
Check: DESCRIPTION meta-information
Result: NOTE
    Malformed Description field: should contain one or more complete sentences.
Flavors: r-devel-linux-x86_64-debian-clang, r-devel-linux-x86_64-debian-gcc, r-devel-linux-x86_64-fedora-clang, r-devel-linux-x86_64-fedora-gcc, r-devel-osx-x86_64-clang, r-devel-windows-ix86+x86_64, r-patched-linux-x86_64, r-patched-solaris-sparc, r-patched-solaris-x86, r-release-linux-x86_64, r-release-osx-x86_64-mavericks, r-release-windows-ix86+x86_64

Version: 0.2
Check: line endings in Makefiles
Result: NOTE
    Found the following Makefile(s) without a final LF:
     src/Makevars
    Some ‘make’ programs ignore lines not ending in LF.
Flavors: r-devel-linux-x86_64-debian-clang, r-devel-linux-x86_64-debian-gcc, r-devel-linux-x86_64-fedora-clang, r-devel-linux-x86_64-fedora-gcc, r-devel-osx-x86_64-clang, r-devel-windows-ix86+x86_64, r-patched-linux-x86_64, r-patched-solaris-sparc, r-patched-solaris-x86, r-release-linux-x86_64, r-release-osx-x86_64-mavericks, r-release-windows-ix86+x86_64, r-oldrel-windows-ix86+x86_64