CRAN Package Check Results for Package fastGHQuad

Last updated on 2015-03-31 03:48:29.

Flavor Version Tinstall Tcheck Ttotal Status Flags
r-devel-linux-x86_64-debian-clang 0.2 3.85 13.78 17.64 NOTE
r-devel-linux-x86_64-debian-gcc 0.2 4.05 13.66 17.71 NOTE
r-devel-linux-x86_64-fedora-clang 0.2 36.11 NOTE
r-devel-linux-x86_64-fedora-gcc 0.2 35.38 NOTE
r-devel-osx-x86_64-clang 0.2 37.13 NOTE
r-prerel-windows-ix86+x86_64 0.2 23.00 37.00 60.00 NOTE
r-prerel-linux-x86_64 0.2 4.03 13.54 17.57 NOTE
r-prerel-solaris-sparc 0.2 300.00 NOTE
r-prerel-solaris-x86 0.2 49.80 NOTE
r-release-linux-x86_64 0.2 4.37 15.60 19.97 NOTE
r-release-osx-x86_64-mavericks 0.2 NOTE
r-release-osx-x86_64-snowleopard 0.2 OK
r-release-windows-ix86+x86_64 0.2 22.00 44.00 66.00 NOTE
r-oldrel-windows-ix86+x86_64 0.2 18.00 44.00 62.00 OK

Check Details

Version: 0.2
Check: DESCRIPTION meta-information
Result: NOTE
    Malformed Description field: should contain one or more complete sentences.
Flavors: r-devel-linux-x86_64-debian-clang, r-devel-linux-x86_64-debian-gcc, r-devel-linux-x86_64-fedora-clang, r-devel-linux-x86_64-fedora-gcc, r-devel-osx-x86_64-clang, r-prerel-windows-ix86+x86_64, r-prerel-linux-x86_64, r-prerel-solaris-sparc, r-prerel-solaris-x86

Version: 0.2
Check: line endings in Makefiles
Result: NOTE
    Found the following Makefile(s) without a final LF:
     src/Makevars
    Some ‘make’ programs ignore lines not ending in LF.
Flavors: r-devel-linux-x86_64-debian-clang, r-devel-linux-x86_64-debian-gcc, r-devel-linux-x86_64-fedora-clang, r-devel-linux-x86_64-fedora-gcc, r-devel-osx-x86_64-clang, r-prerel-windows-ix86+x86_64, r-prerel-linux-x86_64, r-prerel-solaris-sparc, r-prerel-solaris-x86, r-release-linux-x86_64, r-release-osx-x86_64-mavericks, r-release-windows-ix86+x86_64