CRAN Package Check Results for Package fastGHQuad

Last updated on 2016-09-30 20:47:31.

Flavor Version Tinstall Tcheck Ttotal Status Flags
r-devel-linux-x86_64-debian-clang 0.2 4.72 14.66 19.38 NOTE
r-devel-linux-x86_64-debian-gcc 0.2 4.43 14.51 18.93 NOTE
r-devel-linux-x86_64-fedora-clang 0.2 34.59 NOTE
r-devel-linux-x86_64-fedora-gcc 0.2 31.14 NOTE
r-devel-macos-x86_64-clang 0.2 26.31 NOTE
r-devel-windows-ix86+x86_64 0.2 17.00 51.00 68.00 NOTE
r-patched-linux-x86_64 0.2 3.86 13.30 17.15 NOTE
r-patched-solaris-sparc 0.2 299.30 NOTE
r-patched-solaris-x86 0.2 44.70 NOTE
r-release-linux-x86_64 0.2 4.04 13.78 17.82 NOTE
r-release-osx-x86_64-mavericks 0.2 NOTE
r-release-windows-ix86+x86_64 0.2 16.00 47.00 63.00 NOTE
r-oldrel-windows-ix86+x86_64 0.2 23.00 45.00 68.00 NOTE

Check Details

Version: 0.2
Check: DESCRIPTION meta-information
Result: NOTE
    Malformed Description field: should contain one or more complete sentences.
Flavors: r-devel-linux-x86_64-debian-clang, r-devel-linux-x86_64-debian-gcc, r-devel-linux-x86_64-fedora-clang, r-devel-linux-x86_64-fedora-gcc, r-devel-macos-x86_64-clang, r-devel-windows-ix86+x86_64, r-patched-linux-x86_64, r-patched-solaris-sparc, r-patched-solaris-x86, r-release-linux-x86_64, r-release-osx-x86_64-mavericks, r-release-windows-ix86+x86_64, r-oldrel-windows-ix86+x86_64

Version: 0.2
Check: line endings in Makefiles
Result: NOTE
    Found the following Makefile(s) without a final LF:
     src/Makevars
    Some ‘make’ programs ignore lines not ending in LF.
Flavors: r-devel-linux-x86_64-debian-clang, r-devel-linux-x86_64-debian-gcc, r-devel-linux-x86_64-fedora-clang, r-devel-linux-x86_64-fedora-gcc, r-devel-macos-x86_64-clang, r-devel-windows-ix86+x86_64, r-patched-linux-x86_64, r-patched-solaris-sparc, r-patched-solaris-x86, r-release-linux-x86_64, r-release-osx-x86_64-mavericks, r-release-windows-ix86+x86_64, r-oldrel-windows-ix86+x86_64