CRAN Package Check Results for Package fastGHQuad

Last updated on 2015-01-31 05:48:43.

Flavor Version Tinstall Tcheck Ttotal Status Flags
r-devel-linux-x86_64-debian-clang 0.2 3.71 13.19 16.90 NOTE
r-devel-linux-x86_64-debian-gcc 0.2 4.13 13.38 17.51 NOTE
r-devel-linux-x86_64-fedora-clang 0.2 41.12 NOTE
r-devel-linux-x86_64-fedora-gcc 0.2 37.53 NOTE
r-devel-osx-x86_64-clang 0.2 37.34 NOTE
r-devel-windows-ix86+x86_64 0.2 19.00 40.00 59.00 NOTE
r-patched-linux-x86_64 0.2 4.39 15.96 20.35 NOTE
r-patched-solaris-sparc 0.2 342.60 OK
r-patched-solaris-x86 0.2 56.70 NOTE
r-release-linux-ix86 0.2 5.14 21.76 26.90 OK
r-release-linux-x86_64 0.2 4.20 15.54 19.74 OK
r-release-osx-x86_64-mavericks 0.2 NOTE
r-release-osx-x86_64-snowleopard 0.2 OK
r-release-windows-ix86+x86_64 0.2 16.00 47.00 63.00 OK
r-oldrel-windows-ix86+x86_64 0.2 15.00 43.00 58.00 OK

Check Details

Version: 0.2
Check: line endings in Makefiles
Result: NOTE
    Found the following Makefile(s) without a final LF:
     src/Makevars
    Some ‘make’ programs ignore lines not ending in LF.
Flavors: r-devel-linux-x86_64-debian-clang, r-devel-linux-x86_64-debian-gcc, r-devel-linux-x86_64-fedora-clang, r-devel-linux-x86_64-fedora-gcc, r-devel-osx-x86_64-clang, r-devel-windows-ix86+x86_64, r-patched-linux-x86_64, r-patched-solaris-x86, r-release-osx-x86_64-mavericks