CRAN Package Check Results for Package fastGLCM

Last updated on 2022-12-09 18:53:24 CET.

Flavor Version Tinstall Tcheck Ttotal Status Flags
r-devel-linux-x86_64-debian-clang 1.0.2 47.16 56.98 104.14 OK
r-devel-linux-x86_64-debian-gcc 1.0.2 39.06 43.56 82.62 OK
r-devel-linux-x86_64-fedora-clang 1.0.2 150.69 OK
r-devel-linux-x86_64-fedora-gcc 1.0.2 153.99 OK
r-devel-windows-x86_64 1.0.2 44.00 119.00 163.00 NOTE
r-patched-linux-x86_64 1.0.2 33.61 55.48 89.09 OK
r-release-linux-x86_64 1.0.2 41.03 55.52 96.55 OK
r-release-macos-arm64 1.0.2 44.00 NOTE
r-release-macos-x86_64 1.0.2 56.00 NOTE
r-release-windows-x86_64 1.0.2 53.00 121.00 174.00 NOTE
r-oldrel-macos-arm64 1.0.2 46.00 NOTE
r-oldrel-macos-x86_64 1.0.2 56.00 NOTE
r-oldrel-windows-ix86+x86_64 1.0.2 110.00 125.00 235.00 NOTE

Check Details

Version: 1.0.2
Check: installed package size
Result: NOTE
     installed size is 5.5Mb
     sub-directories of 1Mb or more:
     images 3.1Mb
     libs 1.3Mb
Flavors: r-devel-windows-x86_64, r-release-macos-arm64, r-release-macos-x86_64, r-release-windows-x86_64, r-oldrel-macos-arm64, r-oldrel-macos-x86_64, r-oldrel-windows-ix86+x86_64