CRAN Package Check Results for Package fastICA

Last updated on 2016-05-24 15:46:41.

Flavor Version Tinstall Tcheck Ttotal Status Flags
r-devel-linux-x86_64-debian-gcc 1.2-0 1.88 9.22 11.10 NOTE
r-devel-linux-x86_64-fedora-clang 1.2-0 21.37 NOTE
r-devel-linux-x86_64-fedora-gcc 1.2-0 16.60 NOTE
r-devel-osx-x86_64-clang 1.2-0 24.38 NOTE
r-devel-windows-ix86+x86_64 1.2-0 7.00 28.00 35.00 NOTE
r-patched-linux-x86_64 1.2-0 2.17 9.49 11.66 NOTE
r-patched-solaris-sparc 1.2-0 104.90 NOTE
r-patched-solaris-x86 1.2-0 24.50 NOTE
r-release-linux-x86_64 1.2-0 1.97 9.43 11.40 NOTE
r-release-osx-x86_64-mavericks 1.2-0 NOTE
r-release-windows-ix86+x86_64 1.2-0 7.00 28.00 35.00 NOTE
r-oldrel-windows-ix86+x86_64 1.2-0 14.00 28.00 42.00 OK

Check Details

Version: 1.2-0
Check: R code for possible problems
Result: NOTE
    fastICA: no visible global function definition for ‘rnorm’
    Undefined global functions or variables:
     rnorm
    Consider adding
     importFrom("stats", "rnorm")
    to your NAMESPACE file.
Flavors: r-devel-linux-x86_64-debian-gcc, r-devel-linux-x86_64-fedora-clang, r-devel-linux-x86_64-fedora-gcc, r-devel-osx-x86_64-clang, r-devel-windows-ix86+x86_64, r-patched-linux-x86_64, r-patched-solaris-sparc, r-patched-solaris-x86, r-release-linux-x86_64, r-release-osx-x86_64-mavericks, r-release-windows-ix86+x86_64