CRAN Package Check Results for Package fastICA

Last updated on 2016-04-29 11:48:27.

Flavor Version Tinstall Tcheck Ttotal Status Flags
r-devel-linux-x86_64-debian-gcc 1.2-0 1.86 9.27 11.12 NOTE
r-devel-linux-x86_64-fedora-clang 1.2-0 18.88 NOTE
r-devel-linux-x86_64-fedora-gcc 1.2-0 16.31 NOTE
r-devel-osx-x86_64-clang 1.2-0 24.18 NOTE
r-devel-windows-ix86+x86_64 1.2-0 6.00 29.00 35.00 NOTE
r-patched-linux-x86_64 1.2-0 1.84 9.20 11.03 NOTE
r-patched-solaris-sparc 1.2-0 104.80 NOTE
r-patched-solaris-x86 1.2-0 24.30 NOTE
r-release-linux-x86_64 1.2-0 2.04 9.89 11.93 OK
r-release-osx-x86_64-mavericks 1.2-0 OK
r-release-windows-ix86+x86_64 1.2-0 7.00 29.00 36.00 OK
r-oldrel-windows-ix86+x86_64 1.2-0 11.00 26.00 37.00 OK

Check Details

Version: 1.2-0
Check: R code for possible problems
Result: NOTE
    fastICA: no visible global function definition for ‘rnorm’
    Undefined global functions or variables:
     rnorm
    Consider adding
     importFrom("stats", "rnorm")
    to your NAMESPACE file.
Flavors: r-devel-linux-x86_64-debian-gcc, r-devel-linux-x86_64-fedora-clang, r-devel-linux-x86_64-fedora-gcc, r-devel-osx-x86_64-clang, r-devel-windows-ix86+x86_64, r-patched-linux-x86_64, r-patched-solaris-sparc, r-patched-solaris-x86