CRAN Package Check Results for Package fastICA

Last updated on 2016-02-11 11:50:08.

Flavor Version Tinstall Tcheck Ttotal Status Flags
r-devel-linux-x86_64-debian-gcc 1.2-0 1.83 8.55 10.38 NOTE
r-devel-linux-x86_64-fedora-clang 1.2-0 18.06 NOTE
r-devel-linux-x86_64-fedora-gcc 1.2-0 17.54 NOTE
r-devel-osx-x86_64-clang 1.2-0 21.65 NOTE
r-devel-windows-ix86+x86_64 1.2-0 8.00 28.00 36.00 NOTE
r-patched-linux-x86_64 1.2-0 1.82 8.92 10.74 OK
r-patched-solaris-sparc 1.2-0 112.30 OK
r-patched-solaris-x86 1.2-0 25.50 OK
r-release-linux-x86_64 1.2-0 1.96 8.97 10.93 OK
r-release-osx-x86_64-mavericks 1.2-0 OK
r-release-windows-ix86+x86_64 1.2-0 10.00 30.00 40.00 OK
r-oldrel-windows-ix86+x86_64 1.2-0 8.00 22.00 30.00 OK

Check Details

Version: 1.2-0
Check: R code for possible problems
Result: NOTE
    fastICA: no visible global function definition for ‘rnorm’
    Undefined global functions or variables:
     rnorm
    Consider adding
     importFrom("stats", "rnorm")
    to your NAMESPACE file.
Flavors: r-devel-linux-x86_64-debian-gcc, r-devel-linux-x86_64-fedora-clang, r-devel-linux-x86_64-fedora-gcc, r-devel-osx-x86_64-clang, r-devel-windows-ix86+x86_64