CRAN Package Check Results for Package fastICA

Last updated on 2015-07-31 10:47:24.

Flavor Version Tinstall Tcheck Ttotal Status Flags
r-devel-linux-x86_64-debian-clang 1.2-0 1.46 9.27 10.74 NOTE
r-devel-linux-x86_64-debian-gcc 1.2-0 2.22 8.97 11.19 NOTE
r-devel-linux-x86_64-fedora-clang 1.2-0 21.14 NOTE
r-devel-linux-x86_64-fedora-gcc 1.2-0 19.18 NOTE
r-devel-osx-x86_64-clang 1.2-0 20.79 OK
r-devel-windows-ix86+x86_64 1.2-0 9.00 20.00 29.00 NOTE
r-patched-linux-x86_64 1.2-0 1.78 9.43 11.20 OK
r-patched-solaris-sparc 1.2-0 133.00 OK
r-patched-solaris-x86 1.2-0 29.50 OK
r-release-linux-x86_64 1.2-0 1.78 9.29 11.07 OK
r-release-osx-x86_64-mavericks 1.2-0 OK
r-release-windows-ix86+x86_64 1.2-0 8.00 38.00 46.00 OK
r-oldrel-windows-ix86+x86_64 1.2-0 6.00 34.00 40.00 OK

Check Details

Version: 1.2-0
Check: R code for possible problems
Result: NOTE
    fastICA: no visible global function definition for ‘rnorm’
    Undefined global functions or variables:
     rnorm
    Consider adding
     importFrom("stats", "rnorm")
    to your NAMESPACE.
Flavors: r-devel-linux-x86_64-debian-clang, r-devel-linux-x86_64-debian-gcc, r-devel-linux-x86_64-fedora-clang, r-devel-linux-x86_64-fedora-gcc, r-devel-windows-ix86+x86_64