CRAN Package Check Results for Package fastICA

Last updated on 2017-02-24 23:52:25.

Flavor Version Tinstall Tcheck Ttotal Status Flags
r-devel-linux-x86_64-debian-clang 1.2-0 2.03 11.58 13.61 NOTE
r-devel-linux-x86_64-debian-gcc 1.2-0 1.93 11.57 13.50 NOTE
r-devel-linux-x86_64-fedora-clang 1.2-0 23.44 NOTE --no-stop-on-test-error
r-devel-linux-x86_64-fedora-gcc 1.2-0 20.22 NOTE --no-stop-on-test-error
r-devel-macos-x86_64-clang 1.2-0 20.99 NOTE --no-stop-on-test-error
r-devel-windows-ix86+x86_64 1.2-0 17.00 31.00 48.00 NOTE
r-patched-linux-x86_64 1.2-0 1.76 9.73 11.49 NOTE
r-patched-solaris-sparc 1.2-0 109.30 NOTE
r-patched-solaris-x86 1.2-0 25.50 NOTE
r-release-linux-x86_64 1.2-0 1.78 9.60 11.38 NOTE
r-release-osx-x86_64-mavericks 1.2-0 NOTE
r-release-windows-ix86+x86_64 1.2-0 7.00 35.00 42.00 NOTE
r-oldrel-windows-ix86+x86_64 1.2-0 13.00 57.00 70.00 OK

Check Details

Version: 1.2-0
Check: R code for possible problems
Result: NOTE
    fastICA: no visible global function definition for ‘rnorm’
    Undefined global functions or variables:
     rnorm
    Consider adding
     importFrom("stats", "rnorm")
    to your NAMESPACE file.
Flavors: r-devel-linux-x86_64-debian-clang, r-devel-linux-x86_64-debian-gcc, r-devel-windows-ix86+x86_64, r-patched-linux-x86_64, r-patched-solaris-sparc, r-patched-solaris-x86, r-release-linux-x86_64, r-release-osx-x86_64-mavericks, r-release-windows-ix86+x86_64

Version: 1.2-0
Flags: --no-stop-on-test-error
Check: R code for possible problems
Result: NOTE
    fastICA: no visible global function definition for ‘rnorm’
    Undefined global functions or variables:
     rnorm
    Consider adding
     importFrom("stats", "rnorm")
    to your NAMESPACE file.
Flavors: r-devel-linux-x86_64-fedora-clang, r-devel-linux-x86_64-fedora-gcc, r-devel-macos-x86_64-clang