CRAN Package Check Results for Package fastICA

Last updated on 2016-09-25 03:47:08.

Flavor Version Tinstall Tcheck Ttotal Status Flags
r-devel-linux-x86_64-debian-clang 1.2-0 1.98 9.58 11.56 NOTE
r-devel-linux-x86_64-debian-gcc 1.2-0 1.83 9.32 11.15 NOTE
r-devel-linux-x86_64-fedora-clang 1.2-0 19.38 NOTE
r-devel-linux-x86_64-fedora-gcc 1.2-0 17.05 NOTE
r-devel-macos-x86_64-clang 1.2-0 18.02 NOTE
r-devel-windows-ix86+x86_64 1.2-0 9.00 27.00 36.00 NOTE
r-patched-linux-x86_64 1.2-0 1.70 9.61 11.31 NOTE
r-patched-solaris-sparc 1.2-0 104.40 NOTE
r-patched-solaris-x86 1.2-0 24.00 NOTE
r-release-linux-x86_64 1.2-0 1.77 9.54 11.31 NOTE
r-release-osx-x86_64-mavericks 1.2-0 NOTE
r-release-windows-ix86+x86_64 1.2-0 6.00 29.00 35.00 NOTE
r-oldrel-windows-ix86+x86_64 1.2-0 9.00 34.00 43.00 OK

Check Details

Version: 1.2-0
Check: R code for possible problems
Result: NOTE
    fastICA: no visible global function definition for ‘rnorm’
    Undefined global functions or variables:
     rnorm
    Consider adding
     importFrom("stats", "rnorm")
    to your NAMESPACE file.
Flavors: r-devel-linux-x86_64-debian-clang, r-devel-linux-x86_64-debian-gcc, r-devel-linux-x86_64-fedora-clang, r-devel-linux-x86_64-fedora-gcc, r-devel-macos-x86_64-clang, r-devel-windows-ix86+x86_64, r-patched-linux-x86_64, r-patched-solaris-sparc, r-patched-solaris-x86, r-release-linux-x86_64, r-release-osx-x86_64-mavericks, r-release-windows-ix86+x86_64