CRAN Package Check Results for Package fastICA

Last updated on 2015-08-30 23:47:40.

Flavor Version Tinstall Tcheck Ttotal Status Flags
r-devel-linux-x86_64-debian-clang 1.2-0 1.48 9.64 11.12 NOTE
r-devel-linux-x86_64-debian-gcc 1.2-0 1.68 8.67 10.34 NOTE
r-devel-linux-x86_64-fedora-clang 1.2-0 20.26 NOTE
r-devel-linux-x86_64-fedora-gcc 1.2-0 17.23 NOTE
r-devel-osx-x86_64-clang 1.2-0 19.45 OK
r-devel-windows-ix86+x86_64 1.2-0 9.00 25.00 34.00 NOTE
r-patched-linux-x86_64 1.2-0 1.80 9.66 11.46 OK
r-patched-solaris-sparc 1.2-0 133.00 OK
r-patched-solaris-x86 1.2-0 30.40 OK
r-release-linux-x86_64 1.2-0 1.81 9.37 11.18 OK
r-release-osx-x86_64-mavericks 1.2-0 OK
r-release-windows-ix86+x86_64 1.2-0 8.00 37.00 45.00 OK
r-oldrel-windows-ix86+x86_64 1.2-0 7.00 33.00 40.00 OK

Check Details

Version: 1.2-0
Check: R code for possible problems
Result: NOTE
    fastICA: no visible global function definition for ‘rnorm’
    Undefined global functions or variables:
     rnorm
    Consider adding
     importFrom("stats", "rnorm")
    to your NAMESPACE.
Flavors: r-devel-linux-x86_64-debian-clang, r-devel-linux-x86_64-debian-gcc, r-devel-linux-x86_64-fedora-clang, r-devel-linux-x86_64-fedora-gcc, r-devel-windows-ix86+x86_64