CRAN Package Check Results for Package fastICA

Last updated on 2017-04-30 11:47:35.

Flavor Version Tinstall Tcheck Ttotal Status Flags
r-devel-linux-x86_64-debian-clang 1.2-0 2.06 12.03 14.09 NOTE
r-devel-linux-x86_64-debian-gcc 1.2-0 2.13 11.80 13.93 NOTE
r-devel-linux-x86_64-fedora-clang 1.2-0 22.60 NOTE --no-stop-on-test-error
r-devel-linux-x86_64-fedora-gcc 1.2-0 20.54 NOTE --no-stop-on-test-error
r-devel-windows-ix86+x86_64 1.2-0 12.00 46.00 58.00 NOTE
r-patched-linux-x86_64 1.2-0 1.81 11.76 13.57 NOTE
r-patched-solaris-sparc 1.2-0 128.90 NOTE
r-patched-solaris-x86 1.2-0 29.80 NOTE
r-release-linux-x86_64 1.2-0 1.81 11.58 13.39 NOTE
r-release-windows-ix86+x86_64 1.2-0 10.00 42.00 52.00 NOTE
r-release-osx-x86_64 1.2-0 NOTE
r-oldrel-windows-ix86+x86_64 1.2-0 6.00 39.00 45.00 NOTE
r-oldrel-osx-x86_64 1.2-0 NOTE

Check Details

Version: 1.2-0
Check: R code for possible problems
Result: NOTE
    fastICA: no visible global function definition for ‘rnorm’
    Undefined global functions or variables:
     rnorm
    Consider adding
     importFrom("stats", "rnorm")
    to your NAMESPACE file.
Flavors: r-devel-linux-x86_64-debian-clang, r-devel-linux-x86_64-debian-gcc, r-devel-windows-ix86+x86_64, r-patched-linux-x86_64, r-patched-solaris-sparc, r-patched-solaris-x86, r-release-linux-x86_64, r-release-windows-ix86+x86_64, r-release-osx-x86_64, r-oldrel-windows-ix86+x86_64, r-oldrel-osx-x86_64

Version: 1.2-0
Flags: --no-stop-on-test-error
Check: R code for possible problems
Result: NOTE
    fastICA: no visible global function definition for ‘rnorm’
    Undefined global functions or variables:
     rnorm
    Consider adding
     importFrom("stats", "rnorm")
    to your NAMESPACE file.
Flavors: r-devel-linux-x86_64-fedora-clang, r-devel-linux-x86_64-fedora-gcc