CRAN Package Check Results for Package fastICA

Last updated on 2016-12-09 23:49:31.

Flavor Version Tinstall Tcheck Ttotal Status Flags
r-devel-linux-x86_64-debian-clang 1.2-0 2.10 11.40 13.51 NOTE
r-devel-linux-x86_64-debian-gcc 1.2-0 2.04 11.21 13.25 NOTE
r-devel-linux-x86_64-fedora-clang 1.2-0 24.71 NOTE --no-stop-on-test-error
r-devel-linux-x86_64-fedora-gcc 1.2-0 20.69 NOTE --no-stop-on-test-error
r-devel-macos-x86_64-clang 1.2-0 20.70 NOTE --no-stop-on-test-error
r-devel-windows-ix86+x86_64 1.2-0 6.00 40.00 46.00 NOTE
r-patched-linux-x86_64 1.2-0 1.98 9.52 11.50 NOTE
r-patched-solaris-sparc 1.2-0 104.40 NOTE
r-patched-solaris-x86 1.2-0 23.60 NOTE
r-release-linux-x86_64 1.2-0 1.73 9.38 11.11 NOTE
r-release-osx-x86_64-mavericks 1.2-0 NOTE
r-release-windows-ix86+x86_64 1.2-0 9.00 33.00 42.00 NOTE
r-oldrel-windows-ix86+x86_64 1.2-0 10.00 27.00 37.00 OK

Check Details

Version: 1.2-0
Check: R code for possible problems
Result: NOTE
    fastICA: no visible global function definition for ‘rnorm’
    Undefined global functions or variables:
     rnorm
    Consider adding
     importFrom("stats", "rnorm")
    to your NAMESPACE file.
Flavors: r-devel-linux-x86_64-debian-clang, r-devel-linux-x86_64-debian-gcc, r-devel-windows-ix86+x86_64, r-patched-linux-x86_64, r-patched-solaris-sparc, r-patched-solaris-x86, r-release-linux-x86_64, r-release-osx-x86_64-mavericks, r-release-windows-ix86+x86_64

Version: 1.2-0
Flags: --no-stop-on-test-error
Check: R code for possible problems
Result: NOTE
    fastICA: no visible global function definition for ‘rnorm’
    Undefined global functions or variables:
     rnorm
    Consider adding
     importFrom("stats", "rnorm")
    to your NAMESPACE file.
Flavors: r-devel-linux-x86_64-fedora-clang, r-devel-linux-x86_64-fedora-gcc, r-devel-macos-x86_64-clang