CRAN Package Check Results for Package fastLink

Last updated on 2019-03-23 09:47:52 CET.

Flavor Version Tinstall Tcheck Ttotal Status Flags
r-devel-linux-x86_64-debian-clang 0.5.0 54.33 97.06 151.39 OK
r-devel-linux-x86_64-debian-gcc 0.5.0 41.54 75.81 117.35 OK
r-devel-linux-x86_64-fedora-clang 0.5.0 200.07 NOTE
r-devel-linux-x86_64-fedora-gcc 0.5.0 185.13 OK
r-devel-windows-ix86+x86_64 0.5.0 132.00 214.00 346.00 NOTE
r-patched-linux-x86_64 0.5.0 52.09 89.80 141.89 OK
r-patched-solaris-x86 0.5.0 233.10 NOTE
r-release-linux-x86_64 0.5.0 0.59 2.41 3.00 ERROR
r-release-windows-ix86+x86_64 0.5.0 95.00 153.00 248.00 NOTE
r-release-osx-x86_64 0.5.0 NOTE
r-oldrel-windows-ix86+x86_64 0.5.0 121.00 234.00 355.00 NOTE
r-oldrel-osx-x86_64 0.5.0 NOTE

Check Details

Version: 0.5.0
Check: installed package size
Result: NOTE
     installed size is 7.4Mb
     sub-directories of 1Mb or more:
     data 4.8Mb
     libs 2.2Mb
Flavors: r-devel-linux-x86_64-fedora-clang, r-devel-windows-ix86+x86_64, r-patched-solaris-x86, r-release-windows-ix86+x86_64, r-release-osx-x86_64, r-oldrel-windows-ix86+x86_64, r-oldrel-osx-x86_64

Version: 0.5.0
Check: whether package can be installed
Result: ERROR
    Installation failed.
Flavor: r-release-linux-x86_64