CRAN Package Check Results for Package fastLink

Last updated on 2019-05-23 14:49:03 CEST.

Flavor Version Tinstall Tcheck Ttotal Status Flags
r-devel-linux-x86_64-debian-clang 0.5.0 53.19 98.61 151.80 OK
r-devel-linux-x86_64-debian-gcc 0.5.0 45.61 76.18 121.79 OK
r-devel-linux-x86_64-fedora-clang 0.5.0 206.06 NOTE
r-devel-linux-x86_64-fedora-gcc 0.5.0 189.00 OK
r-devel-windows-ix86+x86_64 0.5.0 104.00 151.00 255.00 NOTE
r-patched-linux-x86_64 0.5.0 50.76 95.78 146.54 OK
r-patched-solaris-x86 0.5.0 264.60 NOTE
r-release-linux-x86_64 0.5.0 52.54 96.32 148.86 OK
r-release-windows-ix86+x86_64 0.5.0 155.00 157.00 312.00 NOTE
r-release-osx-x86_64 0.5.0 NOTE
r-oldrel-windows-ix86+x86_64 0.5.0 94.00 141.00 235.00 NOTE
r-oldrel-osx-x86_64 0.5.0 NOTE

Check Details

Version: 0.5.0
Check: installed package size
Result: NOTE
     installed size is 7.2Mb
     sub-directories of 1Mb or more:
     data 4.8Mb
     libs 2.1Mb
Flavors: r-devel-linux-x86_64-fedora-clang, r-devel-windows-ix86+x86_64, r-patched-solaris-x86, r-release-windows-ix86+x86_64, r-release-osx-x86_64, r-oldrel-windows-ix86+x86_64, r-oldrel-osx-x86_64