CRAN Package Check Results for Package fastLink

Last updated on 2020-08-12 18:47:20 CEST.

Flavor Version Tinstall Tcheck Ttotal Status Flags
r-devel-linux-x86_64-debian-clang 0.6.0 65.69 112.00 177.69 OK
r-devel-linux-x86_64-debian-gcc 0.6.0 54.52 84.02 138.54 OK
r-devel-linux-x86_64-fedora-clang 0.6.0 232.77 NOTE
r-devel-linux-x86_64-fedora-gcc 0.6.0 216.97 OK
r-devel-windows-ix86+x86_64 0.6.0 125.00 225.00 350.00 NOTE
r-patched-linux-x86_64 0.6.0 46.04 108.77 154.81 OK
r-patched-solaris-x86 0.6.0 274.70 NOTE
r-release-linux-x86_64 0.6.0 43.94 109.05 152.99 OK
r-release-macos-x86_64 0.6.0 NOTE
r-release-windows-ix86+x86_64 0.6.0 168.00 230.00 398.00 NOTE
r-oldrel-macos-x86_64 0.6.0 NOTE
r-oldrel-windows-ix86+x86_64 0.6.0 112.00 154.00 266.00 NOTE

Check Details

Version: 0.6.0
Check: installed package size
Result: NOTE
     installed size is 7.7Mb
     sub-directories of 1Mb or more:
     data 4.8Mb
     libs 2.5Mb
Flavors: r-devel-linux-x86_64-fedora-clang, r-devel-windows-ix86+x86_64, r-patched-solaris-x86, r-release-macos-x86_64, r-release-windows-ix86+x86_64, r-oldrel-macos-x86_64, r-oldrel-windows-ix86+x86_64