CRAN Package Check Results for Package fastM

Last updated on 2017-10-22 00:48:20.

Flavor Version Tinstall Tcheck Ttotal Status Flags
r-devel-linux-x86_64-debian-clang 0.0-2 15.67 16.34 32.01 NOTE
r-devel-linux-x86_64-debian-gcc 0.0-2 13.18 17.13 30.31 NOTE
r-devel-linux-x86_64-fedora-clang 0.0-2 62.60 NOTE
r-devel-linux-x86_64-fedora-gcc 0.0-2 56.49 NOTE
r-devel-windows-ix86+x86_64 0.0-2 38.00 72.00 110.00 NOTE
r-patched-linux-x86_64 0.0-2 14.94 16.49 31.42 NOTE
r-patched-solaris-x86 0.0-2 68.40 NOTE
r-release-linux-x86_64 0.0-2 14.94 16.37 31.31 NOTE
r-release-windows-ix86+x86_64 0.0-2 57.00 67.00 124.00 NOTE
r-release-osx-x86_64 0.0-2 NOTE
r-oldrel-windows-ix86+x86_64 0.0-2 37.00 56.00 93.00 NOTE
r-oldrel-osx-x86_64 0.0-2 NOTE

Check Details

Version: 0.0-2
Check: R code for possible problems
Result: NOTE
    MVTMLE_symm: no visible global function definition for ‘cov’
    MVTMLE_symm: no visible global function definition for ‘combn’
    Undefined global functions or variables:
     combn cov
    Consider adding
     importFrom("stats", "cov")
     importFrom("utils", "combn")
    to your NAMESPACE file.
Flavors: r-devel-linux-x86_64-debian-clang, r-devel-linux-x86_64-debian-gcc, r-devel-linux-x86_64-fedora-clang, r-devel-linux-x86_64-fedora-gcc, r-devel-windows-ix86+x86_64, r-patched-linux-x86_64, r-patched-solaris-x86, r-release-linux-x86_64, r-release-windows-ix86+x86_64, r-release-osx-x86_64, r-oldrel-windows-ix86+x86_64, r-oldrel-osx-x86_64

Version: 0.0-2
Check: compiled code
Result: NOTE
    File ‘fastM/libs/fastM.so’:
     Found no calls to: ‘R_registerRoutines’, ‘R_useDynamicSymbols’
    
    It is good practice to register native routines and to disable symbol
    search.
    
    See ‘Writing portable packages’ in the ‘Writing R Extensions’ manual.
Flavors: r-devel-linux-x86_64-debian-clang, r-devel-linux-x86_64-debian-gcc, r-devel-linux-x86_64-fedora-clang, r-devel-linux-x86_64-fedora-gcc, r-patched-linux-x86_64, r-release-linux-x86_64