CRAN Package Check Results for Package fastM

Last updated on 2017-12-18 22:49:37 CET.

Flavor Version Tinstall Tcheck Ttotal Status Flags
r-devel-linux-x86_64-debian-clang 0.0-2 21.58 21.57 43.15 NOTE
r-devel-linux-x86_64-debian-gcc 0.0-2 18.02 19.61 37.63 NOTE
r-devel-linux-x86_64-fedora-clang 0.0-2 62.85 NOTE
r-devel-linux-x86_64-fedora-gcc 0.0-2 56.19 NOTE
r-devel-windows-ix86+x86_64 0.0-2 41.00 54.00 95.00 NOTE
r-patched-linux-x86_64 0.0-2 19.62 23.21 42.83 NOTE
r-patched-solaris-x86 0.0-2 65.70 NOTE
r-release-linux-x86_64 0.0-2 20.37 23.21 43.58 NOTE
r-release-windows-ix86+x86_64 0.0-2 40.00 69.00 109.00 NOTE
r-release-osx-x86_64 0.0-2 NOTE
r-oldrel-windows-ix86+x86_64 0.0-2 55.00 59.00 114.00 NOTE
r-oldrel-osx-x86_64 0.0-2 NOTE

Check Details

Version: 0.0-2
Check: R code for possible problems
Result: NOTE
    MVTMLE_symm: no visible global function definition for ‘cov’
    MVTMLE_symm: no visible global function definition for ‘combn’
    Undefined global functions or variables:
     combn cov
    Consider adding
     importFrom("stats", "cov")
     importFrom("utils", "combn")
    to your NAMESPACE file.
Flavors: r-devel-linux-x86_64-debian-clang, r-devel-linux-x86_64-debian-gcc, r-devel-linux-x86_64-fedora-clang, r-devel-linux-x86_64-fedora-gcc, r-devel-windows-ix86+x86_64, r-patched-linux-x86_64, r-patched-solaris-x86, r-release-linux-x86_64, r-release-windows-ix86+x86_64, r-release-osx-x86_64, r-oldrel-windows-ix86+x86_64, r-oldrel-osx-x86_64

Version: 0.0-2
Check: compiled code
Result: NOTE
    File ‘fastM/libs/fastM.so’:
     Found no calls to: ‘R_registerRoutines’, ‘R_useDynamicSymbols’
    
    It is good practice to register native routines and to disable symbol
    search.
    
    See ‘Writing portable packages’ in the ‘Writing R Extensions’ manual.
Flavors: r-devel-linux-x86_64-debian-clang, r-devel-linux-x86_64-debian-gcc, r-devel-linux-x86_64-fedora-clang, r-devel-linux-x86_64-fedora-gcc, r-patched-linux-x86_64, r-release-linux-x86_64