CRAN Package Check Results for Package fastM

Last updated on 2022-12-08 02:51:00 CET.

Flavor Version Tinstall Tcheck Ttotal Status Flags
r-devel-linux-x86_64-debian-clang 0.0-4 33.83 32.20 66.03 OK
r-devel-linux-x86_64-debian-gcc 0.0-4 23.73 25.31 49.04 OK
r-devel-linux-x86_64-fedora-clang 0.0-4 99.65 NOTE
r-devel-linux-x86_64-fedora-gcc 0.0-4 89.82 OK
r-devel-windows-x86_64 0.0-4 35.00 84.00 119.00 OK
r-patched-linux-x86_64 0.0-4 25.57 31.34 56.91 OK
r-release-linux-x86_64 0.0-4 23.86 31.36 55.22 OK
r-release-macos-arm64 0.0-4 30.00 OK
r-release-macos-x86_64 0.0-4 39.00 OK
r-release-windows-x86_64 0.0-4 36.00 80.00 116.00 OK
r-oldrel-macos-arm64 0.0-4 32.00 OK
r-oldrel-macos-x86_64 0.0-4 47.00 OK
r-oldrel-windows-ix86+x86_64 0.0-4 78.00 81.00 159.00 OK

Check Details

Version: 0.0-4
Check: Rd cross-references
Result: NOTE
    Undeclared packages ‘ICSNP’, ‘ICS’ in Rd xrefs
Flavor: r-devel-linux-x86_64-fedora-clang