CRAN Package Check Results for Package fastR

Last updated on 2014-09-30 11:48:23.

Flavor Version Tinstall Tcheck Ttotal Status Flags
r-devel-linux-x86_64-debian-clang 0.8-1 4.37 52.22 56.59 NOTE
r-devel-linux-x86_64-debian-gcc 0.8-1 4.37 51.55 55.92 NOTE
r-devel-linux-x86_64-fedora-clang 0.8-1 114.79 NOTE
r-devel-linux-x86_64-fedora-gcc 0.8-1 109.04 NOTE
r-devel-osx-x86_64-clang 0.8-1 102.46 NOTE
r-devel-windows-ix86+x86_64 0.8-1 17.00 88.00 105.00 OK
r-patched-linux-x86_64 0.8-1 4.86 57.62 62.48 NOTE
r-patched-solaris-sparc 0.8-1 612.80 NOTE
r-patched-solaris-x86 0.8-1 157.90 NOTE
r-release-linux-ix86 0.8-1 6.00 72.52 78.52 NOTE
r-release-linux-x86_64 0.8-1 5.25 57.81 63.06 NOTE
r-release-osx-x86_64-mavericks 0.8-1 NOTE
r-release-osx-x86_64-snowleopard 0.8-1 OK
r-release-windows-ix86+x86_64 0.8-1 14.00 98.00 112.00 OK
r-oldrel-windows-ix86+x86_64 0.8-1 14.00 101.00 115.00 OK

Check Details

Version: 0.8-1
Check: package dependencies
Result: NOTE
    Package suggested but not available for checking: ‘Devore6’
Flavors: r-devel-linux-x86_64-debian-clang, r-devel-linux-x86_64-debian-gcc, r-devel-linux-x86_64-fedora-clang, r-devel-linux-x86_64-fedora-gcc, r-devel-osx-x86_64-clang, r-patched-linux-x86_64, r-patched-solaris-sparc, r-patched-solaris-x86, r-release-linux-ix86, r-release-linux-x86_64

Version: 0.8-1
Check: re-building of vignette outputs
Result: NOTE
    Error in re-building vignettes:
     ...
    
    The following objects are masked from 'package:base':
    
     max, mean, min, prod, range, sample, sum
    
    
    Attaching package: 'fastR'
    
    The following object is masked from 'package:graphics':
    
     panel.smooth
    
    Loading required package: mosaicData
    Loading required package: knitr
    Error in texi2dvi(file = file, pdf = TRUE, clean = clean, quiet = quiet, :
     Running 'texi2dvi' on 'Updates.tex' failed.
    LaTeX errors:
    ! LaTeX Error: File `xstring.sty' not found.
    
    Type X to quit or <RETURN> to proceed,
    or enter new name. (Default extension: sty)
    
    ./language.sty:4: ==> Fatal error occurred, no output PDF file produced!
    Calls: buildVignettes -> texi2pdf -> texi2dvi
    Execution halted
Flavor: r-release-osx-x86_64-mavericks