CRAN Package Check Results for Package fastR

Last updated on 2015-07-01 06:48:33.

Flavor Version Tinstall Tcheck Ttotal Status Flags
r-devel-linux-x86_64-debian-clang 0.10 6.33 67.73 74.06 NOTE
r-devel-linux-x86_64-debian-gcc 0.10 6.06 65.02 71.08 NOTE
r-devel-linux-x86_64-fedora-clang 0.10 145.65 NOTE
r-devel-linux-x86_64-fedora-gcc 0.10 135.93 NOTE
r-devel-osx-x86_64-clang 0.10 133.40 OK
r-devel-windows-ix86+x86_64 0.10 24.00 109.00 133.00 NOTE
r-patched-linux-x86_64 0.10 6.07 65.75 71.82 OK
r-patched-solaris-sparc 0.10 785.40 OK
r-patched-solaris-x86 0.10 198.70 OK
r-release-linux-x86_64 0.10 5.98 66.08 72.05 OK
r-release-osx-x86_64-mavericks 0.10 OK
r-release-windows-ix86+x86_64 0.10 25.00 113.00 138.00 OK
r-oldrel-windows-ix86+x86_64 0.10 29.00 156.00 185.00 OK

Check Details

Version: 0.10
Check: R code for possible problems
Result: NOTE
    col.fastR: no visible global function definition for ‘colorRampPalette’
    col.fastR: no visible global function definition for ‘gray’
    col.fastR: no visible global function definition for ‘heat.colors’
    geolm: no visible global function definition for ‘lm’
    geolm: no visible global function definition for ‘effects’
    multirandom: no visible binding for global variable ‘rnorm’
    nlmax: no visible global function definition for ‘nlm’
    nlmin: no visible global function definition for ‘nlm’
    panel.lm: no visible global function definition for ‘lm’
    panel.lm: no visible global function definition for ‘fitted’
    panel.smooth: no visible global function definition for ‘points’
    panel.smooth: no visible global function definition for ‘lines’
    pdfplot: no visible binding for global variable ‘dnorm’
    pmfplot: no visible binding for global variable ‘dnorm’
    probplot: no visible binding for global variable ‘qnorm’
    probplot: no visible global function definition for ‘ppoints’
    probplot: no visible global function definition for ‘plot’
    probplot: no visible global function definition for ‘box’
    probplot: no visible global function definition for ‘abline’
    probplot: no visible global function definition for ‘axis’
    probplot: no visible global function definition for ‘points’
    probplot: no visible global function definition for ‘mtext’
    snippet: no visible global function definition for ‘file_test’
    stemplot.numeric: no visible global function definition for ‘boxplot’
    wald.ci: no visible global function definition for ‘qnorm’
    wilson.ci: no visible global function definition for ‘qnorm’
    xplot.default: no visible global function definition for ‘plot’
    xplot.lm: no visible global function definition for ‘dev.interactive’
    xplot.lm: no visible global function definition for ‘residuals’
    xplot.lm: no visible global function definition for ‘predict’
    xplot.lm: no visible global function definition for ‘weights’
    xplot.lm: no visible global function definition for ‘deviance’
    xplot.lm: no visible global function definition for ‘df.residual’
    xplot.lm: no visible global function definition for ‘lm.influence’
    xplot.lm: no visible global function definition for ‘cooks.distance’
    xplot.lm : getCaption: no visible global function definition for
     ‘as.graphicsAnnot’
    xplot.lm: no visible global function definition for ‘devAskNewPage’
    xplot.lm: no visible global function definition for ‘extendrange’
    xplot.lm : <anonymous>: no visible global function definition for
     ‘qnorm’
    xplot.lm : <anonymous>: no visible global function definition for
     ‘ppoints’
    xplot.lm: no visible global function definition for ‘terms’
    xplot.lm: no visible global function definition for ‘model.frame’
    xplot.lm : <anonymous>: no visible global function definition for
     ‘coef’
    xplot.lm: no visible global function definition for ‘coef’
Flavors: r-devel-linux-x86_64-debian-clang, r-devel-linux-x86_64-debian-gcc, r-devel-linux-x86_64-fedora-clang, r-devel-linux-x86_64-fedora-gcc, r-devel-windows-ix86+x86_64