CRAN Package Check Results for Package fastR

Last updated on 2015-05-24 17:47:24.

Flavor Version Tinstall Tcheck Ttotal Status Flags
r-devel-linux-x86_64-debian-clang 0.10 5.90 69.06 74.96 OK
r-devel-linux-x86_64-debian-gcc 0.10 5.72 64.87 70.59 OK
r-devel-linux-x86_64-fedora-clang 0.10 101.73 OK
r-devel-linux-x86_64-fedora-gcc 0.10 106.32 OK
r-devel-osx-x86_64-clang 0.10 126.36 OK
r-devel-windows-ix86+x86_64 0.10 24.00 106.00 130.00 OK
r-patched-linux-x86_64 0.8-1 5.84 63.01 68.85 ERROR
r-patched-solaris-sparc 0.10 27.30 ERROR
r-patched-solaris-x86 0.10 6.40 ERROR
r-release-linux-x86_64 0.8-1 5.85 65.76 71.60 NOTE
r-release-osx-x86_64-mavericks 0.10 OK
r-release-osx-x86_64-snowleopard 0.8-1 ERROR
r-release-windows-ix86+x86_64 0.10 18.00 90.00 108.00 OK
r-oldrel-windows-ix86+x86_64 0.8-1 32.00 149.00 181.00 OK

Check Details

Version: 0.8-1
Check: package dependencies
Result: NOTE
    Package suggested but not available for checking: ‘Devore6’
Flavors: r-patched-linux-x86_64, r-release-linux-x86_64

Version: 0.8-1
Check: DESCRIPTION meta-information
Result: NOTE
    Malformed Description field: should contain one or more complete sentences.
Flavors: r-patched-linux-x86_64, r-release-linux-x86_64

Version: 0.8-1
Check: examples
Result: ERROR
    Running examples in ‘fastR-Ex.R’ failed
    The error most likely occurred in:
    
    > ### Name: corn
    > ### Title: Corn Yield
    > ### Aliases: corn
    > ### Keywords: datasets
    >
    > ### ** Examples
    >
    > corn2 <- stack(corn)
    > names(corn2) <- c('yield','treatment')
    > lm(yield ~ treatment, corn2)
    
    Call:
    lm(formula = yield ~ treatment, data = corn2)
    
    Coefficients:
     (Intercept) treatmentreg
     1875.18 -33.73
    
    > t.test(yield ~ treatment, corn2)
    Error in eval(expr, envir, enclos) : object 'yield' not found
    Calls: t.test ... evalFormula -> evalSubFormula -> data.frame -> eval -> eval
    Execution halted
Flavor: r-patched-linux-x86_64

Version: 0.10
Check: package dependencies
Result: ERROR
    Package required but not available: ‘mosaic’
    
    See section ‘The DESCRIPTION file’ in the ‘Writing R Extensions’
    manual.
Flavors: r-patched-solaris-sparc, r-patched-solaris-x86

Version: 0.8-1
Check: package dependencies
Result: ERROR
    Packages required but not available: ‘mosaic’ ‘mosaicData’
    
    Packages suggested but not available for checking:
     ‘Hmisc’ ‘DAAG’ ‘multcomp’ ‘car’ ‘alr3’ ‘knitr’
    
    VignetteBuilder package required for checking but not installed: ‘knitr’
    
    Files named as vignettes but with no recognized vignette engine:
     ‘inst/doc/Errata.Rnw’
     ‘inst/doc/Updates.Rnw’
    (Is a VignetteBuilder field missing?)
    
    See section ‘The DESCRIPTION file’ in the ‘Writing R Extensions’
    manual.
Flavor: r-release-osx-x86_64-snowleopard