CRAN Package Check Results for Package fastR

Last updated on 2014-10-25 21:46:27.

Flavor Version Tinstall Tcheck Ttotal Status Flags
r-devel-linux-x86_64-debian-clang 0.8-1 4.99 56.26 61.26 NOTE
r-devel-linux-x86_64-debian-gcc 0.8-1 4.79 55.31 60.10 NOTE
r-devel-linux-x86_64-fedora-clang 0.8-1 123.82 NOTE
r-devel-linux-x86_64-fedora-gcc 0.8-1 115.07 NOTE
r-devel-osx-x86_64-clang 0.8-1 112.21 NOTE
r-devel-windows-ix86+x86_64 0.8-1 15.00 83.00 98.00 OK
r-patched-linux-x86_64 0.8-1 4.90 56.69 61.59 NOTE
r-patched-solaris-sparc 0.8-1 655.20 NOTE
r-patched-solaris-x86 0.8-1 155.50 NOTE
r-release-linux-ix86 0.8-1 6.01 76.07 82.08 NOTE
r-release-linux-x86_64 0.8-1 4.86 60.86 65.72 NOTE
r-release-osx-x86_64-mavericks 0.8-1 NOTE
r-release-osx-x86_64-snowleopard 0.8-1 OK
r-release-windows-ix86+x86_64 0.8-1 19.00 103.00 122.00 OK
r-oldrel-windows-ix86+x86_64 0.8-1 16.00 97.00 113.00 OK

Check Details

Version: 0.8-1
Check: package dependencies
Result: NOTE
    Package suggested but not available for checking: ‘Devore6’
Flavors: r-devel-linux-x86_64-debian-clang, r-devel-linux-x86_64-debian-gcc, r-devel-linux-x86_64-fedora-clang, r-devel-linux-x86_64-fedora-gcc, r-devel-osx-x86_64-clang, r-patched-linux-x86_64, r-patched-solaris-sparc, r-patched-solaris-x86, r-release-linux-ix86, r-release-linux-x86_64

Version: 0.8-1
Check: re-building of vignette outputs
Result: NOTE
    Error in re-building vignettes:
     ...
    
    The following objects are masked from 'package:base':
    
     max, mean, min, prod, range, sample, sum
    
    
    Attaching package: 'fastR'
    
    The following object is masked from 'package:graphics':
    
     panel.smooth
    
    Loading required package: mosaicData
    Loading required package: knitr
    Error in texi2dvi(file = file, pdf = TRUE, clean = clean, quiet = quiet, :
     Running 'texi2dvi' on 'Updates.tex' failed.
    LaTeX errors:
    ! LaTeX Error: File `xstring.sty' not found.
    
    Type X to quit or <RETURN> to proceed,
    or enter new name. (Default extension: sty)
    
    ./language.sty:4: ==> Fatal error occurred, no output PDF file produced!
    Calls: buildVignettes -> texi2pdf -> texi2dvi
    Execution halted
Flavor: r-release-osx-x86_64-mavericks