CRAN Package Check Results for Package fastR

Last updated on 2015-03-06 12:46:38.

Flavor Version Tinstall Tcheck Ttotal Status Flags
r-devel-linux-x86_64-debian-clang 0.8-1 6.01 72.63 78.64 NOTE
r-devel-linux-x86_64-debian-gcc 0.8-1 5.88 71.83 77.71 NOTE
r-devel-linux-x86_64-fedora-clang 0.8-1 156.53 NOTE
r-devel-linux-x86_64-fedora-gcc 0.8-1 148.95 NOTE
r-devel-osx-x86_64-clang 0.8-1 149.68 NOTE
r-devel-windows-ix86+x86_64 0.8-1 20.00 118.00 138.00 NOTE
r-patched-linux-x86_64 0.8-1 11.11 99.87 110.98 NOTE
r-patched-solaris-sparc 0.8-1 1283.20 NOTE
r-patched-solaris-x86 0.8-1 290.50 NOTE
r-release-linux-ix86 0.8-1 12.05 117.60 129.64 NOTE
r-release-linux-x86_64 0.8-1 11.26 98.96 110.21 NOTE
r-release-osx-x86_64-mavericks 0.8-1 OK
r-release-osx-x86_64-snowleopard 0.8-1 OK
r-release-windows-ix86+x86_64 0.8-1 32.00 154.00 186.00 OK
r-oldrel-windows-ix86+x86_64 0.8-1 11.00 2.00 13.00 ERROR

Check Details

Version: 0.8-1
Check: package dependencies
Result: NOTE
    Package suggested but not available for checking: ‘Devore6’
Flavors: r-devel-linux-x86_64-debian-clang, r-devel-linux-x86_64-debian-gcc, r-devel-linux-x86_64-fedora-clang, r-devel-linux-x86_64-fedora-gcc, r-devel-osx-x86_64-clang, r-patched-linux-x86_64, r-patched-solaris-sparc, r-patched-solaris-x86, r-release-linux-ix86, r-release-linux-x86_64

Version: 0.8-1
Check: DESCRIPTION meta-information
Result: NOTE
    Malformed Description field: should contain one or more complete sentences.
Flavors: r-devel-linux-x86_64-debian-clang, r-devel-linux-x86_64-debian-gcc, r-devel-linux-x86_64-fedora-clang, r-devel-linux-x86_64-fedora-gcc, r-devel-osx-x86_64-clang, r-devel-windows-ix86+x86_64

Version: 0.8-1
Check: whether package can be installed
Result: ERROR
    Installation failed.
Flavor: r-oldrel-windows-ix86+x86_64