CRAN Package Check Results for Package fastR

Last updated on 2017-04-28 15:47:17.

Flavor Version Tinstall Tcheck Ttotal Status Flags
r-devel-linux-x86_64-debian-clang 0.10.2 4.93 69.31 74.24 OK
r-devel-linux-x86_64-debian-gcc 0.10.2 4.76 68.32 73.08 OK
r-devel-linux-x86_64-fedora-clang 0.10.2 143.05 OK --no-stop-on-test-error
r-devel-linux-x86_64-fedora-gcc 0.10.2 140.36 OK --no-stop-on-test-error
r-devel-windows-ix86+x86_64 0.10.2 39.00 174.00 213.00 OK
r-patched-linux-x86_64 0.10.2 4.93 67.09 72.02 OK
r-patched-solaris-sparc 0.10.2 818.40 OK
r-patched-solaris-x86 0.10.2 181.60 OK
r-release-linux-x86_64 0.10.2 4.88 66.68 71.55 OK
r-release-windows-ix86+x86_64 0.10.2 23.00 173.00 196.00 OK
r-release-osx-x86_64 0.10.2 WARN
r-oldrel-windows-ix86+x86_64 0.10.2 29.00 154.00 183.00 OK
r-oldrel-osx-x86_64 0.10.2 OK

Check Details

Version: 0.10.2
Check: re-building of vignette outputs
Result: WARN
    Error in re-building vignettes:
     ...
    
    
    Attaching package: 'fastR'
    
    The following object is masked from 'package:graphics':
    
     panel.smooth
    
    Loading required package: knitr
    Error in texi2dvi(file = file, pdf = TRUE, clean = clean, quiet = quiet, :
     Running 'texi2dvi' on 'Updates.tex' failed.
    LaTeX errors:
    ! LaTeX Error: File `xstring.sty' not found.
    
    Type X to quit or <RETURN> to proceed,
    or enter new name. (Default extension: sty)
    
    ! Emergency stop.
    <read *>
    
    l.62 \usepackage
     {xcolor}^^M
    ! ==> Fatal error occurred, no output PDF file produced!
    Calls: buildVignettes -> texi2pdf -> texi2dvi
    Execution halted
Flavor: r-release-osx-x86_64