CRAN Package Check Results for Package fastR

Last updated on 2014-12-20 16:48:59.

Flavor Version Tinstall Tcheck Ttotal Status Flags
r-devel-linux-x86_64-debian-clang 0.8-1 4.78 56.32 61.10 NOTE
r-devel-linux-x86_64-debian-gcc 0.8-1 4.46 52.96 57.42 NOTE
r-devel-linux-x86_64-fedora-clang 0.8-1 123.17 NOTE
r-devel-linux-x86_64-fedora-gcc 0.8-1 111.72 NOTE
r-devel-osx-x86_64-clang 0.8-1 113.96 NOTE
r-devel-windows-ix86+x86_64 0.8-1 23.00 88.00 111.00 OK
r-patched-linux-x86_64 0.8-1 4.83 55.31 60.14 NOTE
r-patched-solaris-sparc 0.8-1 655.20 NOTE
r-patched-solaris-x86 0.8-1 153.80 NOTE
r-release-linux-ix86 0.8-1 5.88 68.10 73.99 NOTE
r-release-linux-x86_64 0.8-1 4.92 55.94 60.85 NOTE
r-release-osx-x86_64-mavericks 0.8-1 NOTE
r-release-osx-x86_64-snowleopard 0.8-1 OK
r-release-windows-ix86+x86_64 0.8-1 23.00 105.00 128.00 OK
r-oldrel-windows-ix86+x86_64 0.8-1 19.00 101.00 120.00 OK

Check Details

Version: 0.8-1
Check: package dependencies
Result: NOTE
    Package suggested but not available for checking: ‘Devore6’
Flavors: r-devel-linux-x86_64-debian-clang, r-devel-linux-x86_64-debian-gcc, r-devel-linux-x86_64-fedora-clang, r-devel-linux-x86_64-fedora-gcc, r-devel-osx-x86_64-clang, r-patched-linux-x86_64, r-patched-solaris-sparc, r-patched-solaris-x86, r-release-linux-ix86, r-release-linux-x86_64

Version: 0.8-1
Check: re-building of vignette outputs
Result: NOTE
    Error in re-building vignettes:
     ...
    
    The following objects are masked from 'package:base':
    
     max, mean, min, prod, range, sample, sum
    
    
    Attaching package: 'fastR'
    
    The following object is masked from 'package:graphics':
    
     panel.smooth
    
    Loading required package: mosaicData
    Loading required package: knitr
    Error in texi2dvi(file = file, pdf = TRUE, clean = clean, quiet = quiet, :
     Running 'texi2dvi' on 'Updates.tex' failed.
    LaTeX errors:
    ! LaTeX Error: File `xstring.sty' not found.
    
    Type X to quit or <RETURN> to proceed,
    or enter new name. (Default extension: sty)
    
    ./language.sty:4: ==> Fatal error occurred, no output PDF file produced!
    Calls: buildVignettes -> texi2pdf -> texi2dvi
    Execution halted
Flavor: r-release-osx-x86_64-mavericks