CRAN Package Check Results for Package fastR

Last updated on 2017-06-25 16:51:58.

Flavor Version Tinstall Tcheck Ttotal Status Flags
r-devel-linux-x86_64-debian-clang 0.10.2 4.54 67.13 71.67 OK
r-devel-linux-x86_64-debian-gcc 0.10.2 4.58 66.97 71.55 OK
r-devel-linux-x86_64-fedora-clang 0.10.2 141.42 OK
r-devel-linux-x86_64-fedora-gcc 0.10.2 137.75 OK
r-devel-windows-ix86+x86_64 0.10.2 27.00 166.00 193.00 OK
r-patched-linux-x86_64 0.10.2 4.88 67.01 71.89 OK
r-patched-solaris-sparc 0.10.2 818.40 OK
r-patched-solaris-x86 0.10.2 183.60 OK
r-release-linux-x86_64 0.10.2 4.71 67.31 72.02 OK
r-release-windows-ix86+x86_64 0.10.2 31.00 170.00 201.00 OK
r-release-osx-x86_64 0.10.2 WARN
r-oldrel-windows-ix86+x86_64 0.10.2 20.00 163.00 183.00 OK
r-oldrel-osx-x86_64 0.10.2 OK

Check Details

Version: 0.10.2
Check: re-building of vignette outputs
Result: WARN
    Error in re-building vignettes:
     ...
    
    
    Attaching package: 'fastR'
    
    The following object is masked from 'package:graphics':
    
     panel.smooth
    
    Loading required package: knitr
    Error in texi2dvi(file = file, pdf = TRUE, clean = clean, quiet = quiet, :
     Running 'texi2dvi' on 'Updates.tex' failed.
    LaTeX errors:
    ! LaTeX Error: File `xstring.sty' not found.
    
    Type X to quit or <RETURN> to proceed,
    or enter new name. (Default extension: sty)
    
    ! Emergency stop.
    <read *>
    
    l.62 \usepackage
     {xcolor}^^M
    ! ==> Fatal error occurred, no output PDF file produced!
    Calls: buildVignettes -> texi2pdf -> texi2dvi
    Execution halted
Flavor: r-release-osx-x86_64