CRAN Package Check Results for Package fastR

Last updated on 2017-10-22 02:49:04.

Flavor Version Tinstall Tcheck Ttotal Status Flags
r-devel-linux-x86_64-debian-clang 0.10.3 5.25 70.39 75.64 OK
r-devel-linux-x86_64-debian-gcc 0.10.3 5.56 76.60 82.16 OK
r-devel-linux-x86_64-fedora-clang 0.10.3 156.98 OK
r-devel-linux-x86_64-fedora-gcc 0.10.3 151.89 OK
r-devel-windows-ix86+x86_64 0.10.3 23.00 195.00 218.00 OK
r-patched-linux-x86_64 0.10.3 5.26 70.16 75.42 OK
r-patched-solaris-x86 0.10.3 203.70 OK
r-release-linux-x86_64 0.10.3 5.01 70.94 75.95 OK
r-release-windows-ix86+x86_64 0.10.3 35.00 156.00 191.00 OK
r-release-osx-x86_64 0.10.3 WARN
r-oldrel-windows-ix86+x86_64 0.10.3 44.00 170.00 214.00 OK
r-oldrel-osx-x86_64 0.10.3 OK

Check Details

Version: 0.10.3
Check: re-building of vignette outputs
Result: WARN
    Error in re-building vignettes:
     ...
    
    
    Attaching package: 'fastR'
    
    The following object is masked from 'package:graphics':
    
     panel.smooth
    
    Loading required package: knitr
    Error in texi2dvi(file = file, pdf = TRUE, clean = clean, quiet = quiet, :
     Running 'texi2dvi' on 'Updates.tex' failed.
    LaTeX errors:
    ! LaTeX Error: File `xstring.sty' not found.
    
    Type X to quit or <RETURN> to proceed,
    or enter new name. (Default extension: sty)
    
    ! Emergency stop.
    <read *>
    
    l.62 \usepackage
     {xcolor}^^M
    ! ==> Fatal error occurred, no output PDF file produced!
    Calls: buildVignettes -> texi2pdf -> texi2dvi
    Execution halted
Flavor: r-release-osx-x86_64