CRAN Package Check Results for Package fastR

Last updated on 2014-04-17 06:46:49.

Flavor Version Tinstall Tcheck Ttotal Status Flags
r-devel-linux-x86_64-debian-clang 0.4-2 3.74 35.15 38.89 NOTE
r-devel-linux-x86_64-debian-gcc 0.4-2 3.77 35.45 39.22 NOTE
r-devel-linux-x86_64-fedora-clang 0.4-2 78.17 NOTE
r-devel-linux-x86_64-fedora-gcc 0.4-2 73.48 NOTE
r-devel-macosx-x86_64-clang 0.4-2 70.95 NOTE
r-devel-macosx-x86_64-gcc 0.4-2 ERROR
r-devel-windows-ix86+x86_64 0.4-2 12.00 51.00 63.00 NOTE
r-patched-linux-x86_64 0.4-2 3.80 35.77 39.57 NOTE
r-patched-solaris-sparc 0.4-2 402.10 NOTE
r-patched-solaris-x86 0.4-2 96.50 NOTE
r-release-linux-ix86 0.4-2 10.00 81.00 91.00 NOTE
r-release-linux-x86_64 0.4-2 3.79 35.60 39.39 NOTE
r-release-macosx-x86_64 0.4-2 ERROR
r-release-windows-ix86+x86_64 0.4-2 12.00 54.00 66.00 NOTE
r-oldrel-windows-ix86+x86_64 0.4-2 13.00 49.00 62.00 NOTE

Check Details

Version: 0.4-2
Check: dependencies in R code
Result: NOTE
    'library' or 'require' call to ‘lattice’ which was already attached by Depends.
     Please remove these calls from your code.
    Packages in Depends field not imported from:
     ‘lattice’ ‘mosaic’
     These packages need to be imported from (in the NAMESPACE file)
     for when this namespace is loaded but not attached.
    See the information on DESCRIPTION files in the chapter ‘Creating R
    packages’ of the ‘Writing R Extensions’ manual.
Flavors: r-devel-linux-x86_64-debian-clang, r-devel-linux-x86_64-debian-gcc, r-devel-linux-x86_64-fedora-clang, r-devel-linux-x86_64-fedora-gcc, r-devel-macosx-x86_64-clang, r-devel-windows-ix86+x86_64, r-patched-linux-x86_64, r-patched-solaris-sparc, r-patched-solaris-x86, r-release-linux-ix86, r-release-linux-x86_64, r-release-windows-ix86+x86_64, r-oldrel-windows-ix86+x86_64

Version: 0.4-2
Check: top-level files
Result: NOTE
    Non-standard files/directories found at top level:
     ‘bin’ ‘ddd.csv’ ‘ddd.txt’ ‘snippet-list.sh’
Flavors: r-devel-linux-x86_64-fedora-clang, r-devel-linux-x86_64-fedora-gcc

Version: 0.4-2
Check: Rd line widths
Result: NOTE
    Rd file 'xplot.Rd':
     \usage lines wider than 90 characters:
     caption = list("Residuals vs Fitted", "Normal Q-Q", "Scale-Location", "Cook's distance", "Residuals vs Leverage", "Cook's distance ... [TRUNCATED]
    
    These lines will be truncated in the PDF manual.
Flavors: r-devel-linux-x86_64-fedora-clang, r-devel-linux-x86_64-fedora-gcc

Version: 0.4-2
Check: package dependencies
Result: ERROR
    Package required but not available: ‘mosaic’
    
    Packages suggested but not available for checking:
     ‘Hmisc’ ‘DAAG’ ‘multcomp’ ‘car’ ‘alr3’ ‘corrgram’
    
    See the information on DESCRIPTION files in the chapter ‘Creating R
    packages’ of the ‘Writing R Extensions’ manual.
Flavor: r-devel-macosx-x86_64-gcc

Version: 0.4-2
Check: package dependencies
Result: NOTE
    Package suggested but not available for checking: ‘multcomp’
Flavor: r-release-macosx-x86_64

Version: 0.4-2
Check: whether package can be installed
Result: ERROR
    Installation failed.
    See ‘/Volumes/XT3/Builds/R-dev-web/QA/Simon/packages/snowleopard-x86_64/results/3.1/fastR.Rcheck/00install.out’ for details.
Flavor: r-release-macosx-x86_64