CRAN Package Check Results for Package fastR

Last updated on 2014-11-28 19:51:17.

Flavor Version Tinstall Tcheck Ttotal Status Flags
r-devel-linux-x86_64-debian-clang 0.8-1 4.58 55.14 59.71 NOTE
r-devel-linux-x86_64-debian-gcc 0.8-1 6.22 56.02 62.24 NOTE
r-devel-linux-x86_64-fedora-clang 0.8-1 125.35 NOTE
r-devel-linux-x86_64-fedora-gcc 0.8-1 130.64 NOTE
r-devel-osx-x86_64-clang 0.8-1 111.97 NOTE
r-devel-windows-ix86+x86_64 0.8-1 14.00 83.00 97.00 OK
r-patched-linux-x86_64 0.8-1 4.80 56.09 60.89 NOTE
r-patched-solaris-sparc 0.8-1 655.20 NOTE
r-patched-solaris-x86 0.8-1 155.60 NOTE
r-release-linux-ix86 0.8-1 5.84 68.41 74.26 NOTE
r-release-linux-x86_64 0.8-1 4.97 58.58 63.54 NOTE
r-release-osx-x86_64-mavericks 0.8-1 NOTE
r-release-osx-x86_64-snowleopard 0.8-1 OK
r-release-windows-ix86+x86_64 0.8-1 20.00 92.00 112.00 OK
r-oldrel-windows-ix86+x86_64 0.8-1 15.00 93.00 108.00 OK

Check Details

Version: 0.8-1
Check: package dependencies
Result: NOTE
    Package suggested but not available for checking: ‘Devore6’
Flavors: r-devel-linux-x86_64-debian-clang, r-devel-linux-x86_64-debian-gcc, r-devel-linux-x86_64-fedora-clang, r-devel-linux-x86_64-fedora-gcc, r-devel-osx-x86_64-clang, r-patched-linux-x86_64, r-patched-solaris-sparc, r-patched-solaris-x86, r-release-linux-ix86, r-release-linux-x86_64

Version: 0.8-1
Check: re-building of vignette outputs
Result: NOTE
    Error in re-building vignettes:
     ...
    
    The following objects are masked from 'package:base':
    
     max, mean, min, prod, range, sample, sum
    
    
    Attaching package: 'fastR'
    
    The following object is masked from 'package:graphics':
    
     panel.smooth
    
    Loading required package: mosaicData
    Loading required package: knitr
    Error in texi2dvi(file = file, pdf = TRUE, clean = clean, quiet = quiet, :
     Running 'texi2dvi' on 'Updates.tex' failed.
    LaTeX errors:
    ! LaTeX Error: File `xstring.sty' not found.
    
    Type X to quit or <RETURN> to proceed,
    or enter new name. (Default extension: sty)
    
    ./language.sty:4: ==> Fatal error occurred, no output PDF file produced!
    Calls: buildVignettes -> texi2pdf -> texi2dvi
    Execution halted
Flavor: r-release-osx-x86_64-mavericks