CRAN Package Check Results for Package fastR

Last updated on 2014-08-28 00:47:00.

Flavor Version Tinstall Tcheck Ttotal Status Flags
r-devel-linux-x86_64-debian-clang 0.4-2 4.25 33.98 38.23 ERROR
r-devel-linux-x86_64-debian-gcc 0.4-2 4.28 33.82 38.11 ERROR
r-devel-linux-x86_64-fedora-clang 0.4-2 79.24 ERROR
r-devel-linux-x86_64-fedora-gcc 0.4-2 75.70 ERROR
r-devel-osx-x86_64-clang 0.4-2 63.23 ERROR
r-devel-windows-ix86+x86_64 0.4-2 17.00 52.00 69.00 ERROR
r-patched-linux-x86_64 0.4-2 5.13 39.56 44.69 ERROR
r-patched-solaris-sparc 0.4-2 448.30 ERROR
r-patched-solaris-x86 0.4-2 94.20 ERROR
r-release-linux-ix86 0.4-2 5.62 50.88 56.50 ERROR
r-release-linux-x86_64 0.4-2 4.54 39.76 44.30 ERROR
r-release-osx-x86_64-mavericks 0.4-2 NOTE
r-release-osx-x86_64-snowleopard 0.4-2 ERROR
r-release-windows-ix86+x86_64 0.4-2 14.00 61.00 75.00 ERROR
r-oldrel-windows-ix86+x86_64 0.4-2 16.00 61.00 77.00 ERROR

Check Details

Version: 0.4-2
Check: dependencies in R code
Result: NOTE
    'library' or 'require' call to ‘lattice’ which was already attached by Depends.
     Please remove these calls from your code.
    Packages in Depends field not imported from:
     ‘grid’ ‘lattice’ ‘mosaic’
     These packages need to be imported from (in the NAMESPACE file)
     for when this namespace is loaded but not attached.
    See the information on DESCRIPTION files in the chapter ‘Creating R
    packages’ of the ‘Writing R Extensions’ manual.
Flavors: r-devel-linux-x86_64-debian-clang, r-devel-linux-x86_64-debian-gcc, r-devel-linux-x86_64-fedora-clang, r-devel-linux-x86_64-fedora-gcc, r-devel-osx-x86_64-clang, r-devel-windows-ix86+x86_64, r-patched-linux-x86_64, r-patched-solaris-sparc, r-patched-solaris-x86

Version: 0.4-2
Check: R code for possible problems
Result: NOTE
    funplot: no visible global function definition for ‘trellis.par.get’
    funplot: no visible global function definition for ‘xyplot’
    funplot : <anonymous>: no visible global function definition for
     ‘panel.mathdensity’
    funvec: no visible global function definition for ‘latticeParseFormula’
    geolm: no visible global function definition for ‘xyplot’
    geolm: no visible global function definition for ‘cloud’
    grid.identify.points: no visible global function definition for
     ‘trellis.par.get’
    grid.identify.points: no visible global function definition for ‘unit’
    grid.identify.points: no visible global function definition for
     ‘grid.text’
    grid.identify.points: no visible global function definition for ‘gpar’
    ntigram: no visible global function definition for ‘histogram’
    panel.lm: no visible global function definition for ‘panel.xyplot’
    panel.smooth: no visible global function definition for
     ‘trellis.par.get’
    panel.xyplotpoints: no visible global function definition for
     ‘panel.xyplot’
    panel.xyplotsmooth: no visible global function definition for
     ‘panel.xyplot’
    pdfplot: no visible global function definition for ‘trellis.par.get’
    pdfplot: no visible global function definition for ‘xyplot’
    pmfhistogram: no visible global function definition for ‘histogram’
    pmfplot: no visible global function definition for ‘xyplot’
    pmfplot : <anonymous>: no visible global function definition for
     ‘panel.mathdensity’
    vaov.formula: no visible global function definition for
     ‘latticeParseFormula’
    xplot.lm: no visible global function definition for ‘trellis.par.get’
    xplot.lm: no visible global function definition for ‘trellis.par.set’
    xplot.lm: no visible global function definition for ‘xyplot’
    xplot.lm : <anonymous>: no visible global function definition for
     ‘panel.abline’
    xplot.lm : <anonymous>: no visible global function definition for
     ‘trellis.par.get’
    xplot.lm : <anonymous>: no visible global function definition for
     ‘panel.xyplot’
    xplot.lm: no visible global function definition for ‘qqmath’
    xplot.lm : <anonymous>: no visible global function definition for
     ‘panel.qqmathline’
    xplot.lm : <anonymous>: no visible global function definition for
     ‘panel.qqmath’
    xplot.lm : <anonymous>: no visible global function definition for
     ‘current.viewport’
    xplot.lm : <anonymous>: no visible global function definition for
     ‘llines’
    xplot.lm : <anonymous>: no visible global function definition for
     ‘grid.text’
    xplot.lm : <anonymous>: no visible global function definition for
     ‘unit’
    xplot.lm : <anonymous>: no visible global function definition for
     ‘gpar’
    xplot.lm : <anonymous>: no visible global function definition for
     ‘grid.lines’
    xplot.lm : <anonymous>: no visible global function definition for
     ‘pushViewport’
    xplot.lm : <anonymous>: no visible global function definition for
     ‘viewport’
    xplot.lm : <anonymous>: no visible global function definition for
     ‘grid.yaxis’
    xplot.lm : <anonymous>: no visible global function definition for
     ‘upViewport’
Flavors: r-devel-linux-x86_64-debian-clang, r-devel-linux-x86_64-debian-gcc, r-devel-linux-x86_64-fedora-clang, r-devel-linux-x86_64-fedora-gcc, r-devel-osx-x86_64-clang, r-devel-windows-ix86+x86_64

Version: 0.4-2
Check: examples
Result: ERROR
    Running examples in ‘fastR-Ex.R’ failed
    The error most likely occurred in:
    
    > ### Name: tdf
    > ### Title: Compute degrees of freedom for a 2-sample t-test
    > ### Aliases: tdf
    >
    > ### ** Examples
    >
    > data(KidsFeet)
    Warning in data(KidsFeet) : data set ‘KidsFeet’ not found
    > fs <- favstats( length ~ sex, data=KidsFeet ); fs
    Error in favstats(length ~ sex, data = KidsFeet) :
     object 'KidsFeet' not found
    Execution halted
Flavors: r-devel-linux-x86_64-debian-clang, r-devel-linux-x86_64-debian-gcc, r-devel-linux-x86_64-fedora-clang, r-devel-linux-x86_64-fedora-gcc, r-devel-osx-x86_64-clang, r-devel-windows-ix86+x86_64, r-patched-linux-x86_64, r-patched-solaris-sparc, r-patched-solaris-x86, r-release-linux-ix86, r-release-linux-x86_64, r-release-windows-ix86+x86_64, r-oldrel-windows-ix86+x86_64

Version: 0.4-2
Check: top-level files
Result: NOTE
    Non-standard files/directories found at top level:
     ‘bin’ ‘ddd.csv’ ‘ddd.txt’ ‘snippet-list.sh’
Flavors: r-devel-linux-x86_64-fedora-clang, r-devel-linux-x86_64-fedora-gcc

Version: 0.4-2
Check: Rd line widths
Result: NOTE
    Rd file 'xplot.Rd':
     \usage lines wider than 90 characters:
     caption = list("Residuals vs Fitted", "Normal Q-Q", "Scale-Location", "Cook's distance", "Residuals vs Leverage", "Cook's distance ... [TRUNCATED]
    
    These lines will be truncated in the PDF manual.
Flavors: r-devel-linux-x86_64-fedora-clang, r-devel-linux-x86_64-fedora-gcc

Version: 0.4-2
Check: dependencies in R code
Result: NOTE
    'library' or 'require' call to ‘lattice’ which was already attached by Depends.
     Please remove these calls from your code.
    Packages in Depends field not imported from:
     ‘lattice’ ‘mosaic’
     These packages need to be imported from (in the NAMESPACE file)
     for when this namespace is loaded but not attached.
    See the information on DESCRIPTION files in the chapter ‘Creating R
    packages’ of the ‘Writing R Extensions’ manual.
Flavors: r-release-linux-ix86, r-release-linux-x86_64, r-release-osx-x86_64-mavericks, r-release-windows-ix86+x86_64, r-oldrel-windows-ix86+x86_64

Version: 0.4-2
Check: package dependencies
Result: NOTE
    Package suggested but not available for checking: ‘multcomp’
Flavor: r-release-osx-x86_64-snowleopard

Version: 0.4-2
Check: whether package can be installed
Result: ERROR
    Installation failed.
Flavor: r-release-osx-x86_64-snowleopard