CRAN Package Check Results for Package fastR

Last updated on 2017-12-18 20:48:13 CET.

Flavor Version Tinstall Tcheck Ttotal Status Flags
r-devel-linux-x86_64-debian-clang 0.10.3 5.80 94.57 100.37 OK
r-devel-linux-x86_64-debian-gcc 0.10.3 6.59 84.53 91.12 OK
r-devel-linux-x86_64-fedora-clang 0.10.3 138.64 OK
r-devel-linux-x86_64-fedora-gcc 0.10.3 136.75 OK
r-devel-windows-ix86+x86_64 0.10.3 20.00 131.00 151.00 OK
r-patched-linux-x86_64 0.10.3 7.37 111.74 119.11 OK
r-patched-solaris-x86 0.10.3 203.10 OK
r-release-linux-x86_64 0.10.3 6.99 113.13 120.12 OK
r-release-windows-ix86+x86_64 0.10.3 21.00 129.00 150.00 OK
r-release-osx-x86_64 0.10.3 WARN
r-oldrel-windows-ix86+x86_64 0.10.3 22.00 156.00 178.00 OK
r-oldrel-osx-x86_64 0.10.3 OK

Check Details

Version: 0.10.3
Check: re-building of vignette outputs
Result: WARN
    Error in re-building vignettes:
     ...
    
    
    Attaching package: 'fastR'
    
    The following object is masked from 'package:graphics':
    
     panel.smooth
    
    Loading required package: knitr
    Error in texi2dvi(file = file, pdf = TRUE, clean = clean, quiet = quiet, :
     Running 'texi2dvi' on 'Updates.tex' failed.
    LaTeX errors:
    ! LaTeX Error: File `xstring.sty' not found.
    
    Type X to quit or <RETURN> to proceed,
    or enter new name. (Default extension: sty)
    
    ! Emergency stop.
    <read *>
    
    l.62 \usepackage
     {xcolor}^^M
    ! ==> Fatal error occurred, no output PDF file produced!
    Calls: buildVignettes -> texi2pdf -> texi2dvi
    Execution halted
Flavor: r-release-osx-x86_64