CRAN Package Check Results for Package fastR

Last updated on 2014-07-26 17:47:09.

Flavor Version Tinstall Tcheck Ttotal Status Flags
r-devel-linux-x86_64-debian-clang 0.4-2 4.87 43.22 48.09 NOTE
r-devel-linux-x86_64-debian-gcc 0.4-2 4.76 42.17 46.93 NOTE
r-devel-linux-x86_64-fedora-clang 0.4-2 102.12 NOTE
r-devel-linux-x86_64-fedora-gcc 0.4-2 95.85 NOTE
r-devel-osx-x86_64-clang 0.4-2 86.26 NOTE
r-devel-windows-ix86+x86_64 0.4-2 15.00 68.00 83.00 NOTE
r-patched-linux-x86_64 0.4-2 4.65 44.68 49.34 NOTE
r-patched-solaris-sparc 0.4-2 402.10 NOTE
r-patched-solaris-x86 0.4-2 123.50 NOTE
r-release-linux-ix86 0.4-2 5.75 55.55 61.30 NOTE
r-release-linux-x86_64 0.4-2 4.66 44.29 48.95 NOTE
r-release-osx-x86_64-mavericks 0.4-2 NOTE
r-release-osx-x86_64-snowleopard 0.4-2 ERROR
r-release-windows-ix86+x86_64 0.4-2 16.00 72.00 88.00 NOTE
r-oldrel-windows-ix86+x86_64 0.4-2 17.00 73.00 90.00 NOTE

Check Details

Version: 0.4-2
Check: dependencies in R code
Result: NOTE
    'library' or 'require' call to ‘lattice’ which was already attached by Depends.
     Please remove these calls from your code.
    Packages in Depends field not imported from:
     ‘lattice’ ‘mosaic’
     These packages need to be imported from (in the NAMESPACE file)
     for when this namespace is loaded but not attached.
    See the information on DESCRIPTION files in the chapter ‘Creating R
    packages’ of the ‘Writing R Extensions’ manual.
Flavors: r-devel-linux-x86_64-debian-clang, r-devel-linux-x86_64-debian-gcc, r-devel-linux-x86_64-fedora-clang, r-devel-linux-x86_64-fedora-gcc, r-devel-osx-x86_64-clang, r-devel-windows-ix86+x86_64, r-patched-linux-x86_64, r-patched-solaris-sparc, r-patched-solaris-x86, r-release-linux-ix86, r-release-linux-x86_64, r-release-osx-x86_64-mavericks, r-release-windows-ix86+x86_64, r-oldrel-windows-ix86+x86_64

Version: 0.4-2
Check: top-level files
Result: NOTE
    Non-standard files/directories found at top level:
     ‘bin’ ‘ddd.csv’ ‘ddd.txt’ ‘snippet-list.sh’
Flavors: r-devel-linux-x86_64-fedora-clang, r-devel-linux-x86_64-fedora-gcc

Version: 0.4-2
Check: Rd line widths
Result: NOTE
    Rd file 'xplot.Rd':
     \usage lines wider than 90 characters:
     caption = list("Residuals vs Fitted", "Normal Q-Q", "Scale-Location", "Cook's distance", "Residuals vs Leverage", "Cook's distance ... [TRUNCATED]
    
    These lines will be truncated in the PDF manual.
Flavors: r-devel-linux-x86_64-fedora-clang, r-devel-linux-x86_64-fedora-gcc

Version: 0.4-2
Check: package dependencies
Result: NOTE
    Package suggested but not available for checking: ‘multcomp’
Flavor: r-release-osx-x86_64-snowleopard

Version: 0.4-2
Check: whether package can be installed
Result: ERROR
    Installation failed.
    See ‘/Volumes/XT3/Builds/R-dev-web/QA/Simon/packages/snowleopard-x86_64/results/3.1/fastR.Rcheck/00install.out’ for details.
Flavor: r-release-osx-x86_64-snowleopard