CRAN Package Check Results for Package fastR

Last updated on 2015-01-31 23:47:54.

Flavor Version Tinstall Tcheck Ttotal Status Flags
r-devel-linux-x86_64-debian-clang 0.8-1 3.20 43.60 46.80 NOTE
r-devel-linux-x86_64-debian-gcc 0.8-1 3.36 42.03 45.39 NOTE
r-devel-linux-x86_64-fedora-clang 0.8-1 104.71 NOTE
r-devel-linux-x86_64-fedora-gcc 0.8-1 90.32 NOTE
r-devel-osx-x86_64-clang 0.8-1 115.01 NOTE
r-devel-windows-ix86+x86_64 0.8-1 16.00 70.00 86.00 OK
r-patched-linux-x86_64 0.8-1 5.42 56.20 61.62 NOTE
r-patched-solaris-sparc 0.8-1 710.10 NOTE
r-patched-solaris-x86 0.8-1 156.40 NOTE
r-release-linux-ix86 0.8-1 5.85 71.67 77.52 NOTE
r-release-linux-x86_64 0.8-1 4.80 55.93 60.72 NOTE
r-release-osx-x86_64-mavericks 0.8-1 OK
r-release-osx-x86_64-snowleopard 0.8-1 OK
r-release-windows-ix86+x86_64 0.8-1 21.00 93.00 114.00 OK
r-oldrel-windows-ix86+x86_64 0.8-1 20.00 90.00 110.00 OK

Check Details

Version: 0.8-1
Check: package dependencies
Result: NOTE
    Package suggested but not available for checking: ‘Devore6’
Flavors: r-devel-linux-x86_64-debian-clang, r-devel-linux-x86_64-debian-gcc, r-devel-linux-x86_64-fedora-clang, r-devel-linux-x86_64-fedora-gcc, r-devel-osx-x86_64-clang, r-patched-linux-x86_64, r-patched-solaris-sparc, r-patched-solaris-x86, r-release-linux-ix86, r-release-linux-x86_64