CRAN Package Check Results for Package fastR

Last updated on 2017-08-16 16:46:33.

Flavor Version Tinstall Tcheck Ttotal Status Flags
r-devel-linux-x86_64-debian-clang 0.10.3 5.32 70.13 75.45 OK
r-devel-linux-x86_64-debian-gcc 0.10.3 4.85 67.53 72.38 OK
r-devel-linux-x86_64-fedora-clang 0.10.3 146.07 OK
r-devel-linux-x86_64-fedora-gcc 0.10.3 144.23 OK
r-devel-windows-ix86+x86_64 0.10.3 20.00 119.00 139.00 OK
r-patched-linux-x86_64 0.10.3 4.80 69.15 73.94 OK
r-patched-solaris-x86 0.10.3 196.40 OK
r-release-linux-x86_64 0.10.3 5.60 69.81 75.41 OK
r-release-windows-ix86+x86_64 0.10.3 22.00 172.00 194.00 OK
r-release-osx-x86_64 0.10.3 WARN
r-oldrel-windows-ix86+x86_64 0.10.3 18.00 115.00 133.00 OK
r-oldrel-osx-x86_64 0.10.3 OK

Check Details

Version: 0.10.3
Check: re-building of vignette outputs
Result: WARN
    Error in re-building vignettes:
     ...
    
    
    Attaching package: 'fastR'
    
    The following object is masked from 'package:graphics':
    
     panel.smooth
    
    Loading required package: knitr
    Error in texi2dvi(file = file, pdf = TRUE, clean = clean, quiet = quiet, :
     Running 'texi2dvi' on 'Updates.tex' failed.
    LaTeX errors:
    ! LaTeX Error: File `xstring.sty' not found.
    
    Type X to quit or <RETURN> to proceed,
    or enter new name. (Default extension: sty)
    
    ! Emergency stop.
    <read *>
    
    l.62 \usepackage
     {xcolor}^^M
    ! ==> Fatal error occurred, no output PDF file produced!
    Calls: buildVignettes -> texi2pdf -> texi2dvi
    Execution halted
Flavor: r-release-osx-x86_64