CRAN Package Check Results for Package fastR

Last updated on 2015-08-04 14:47:59.

Flavor Version Tinstall Tcheck Ttotal Status Flags
r-devel-linux-x86_64-debian-clang 0.10 5.95 68.75 74.70 NOTE
r-devel-linux-x86_64-debian-gcc 0.10 6.34 64.86 71.20 NOTE
r-devel-linux-x86_64-fedora-clang 0.10 146.76 NOTE
r-devel-linux-x86_64-fedora-gcc 0.10 140.27 NOTE
r-devel-osx-x86_64-clang 0.10 127.42 OK
r-devel-windows-ix86+x86_64 0.10 41.00 120.00 161.00 NOTE
r-patched-linux-x86_64 0.10 6.09 65.19 71.28 OK
r-patched-solaris-sparc 0.10 891.70 OK
r-patched-solaris-x86 0.10 198.80 OK
r-release-linux-x86_64 0.10 6.29 67.49 73.78 OK
r-release-osx-x86_64-mavericks 0.10 OK
r-release-windows-ix86+x86_64 0.10 33.00 107.00 140.00 OK
r-oldrel-windows-ix86+x86_64 0.10 36.00 163.00 199.00 OK

Check Details

Version: 0.10
Check: R code for possible problems
Result: NOTE
    col.fastR: no visible global function definition for ‘colorRampPalette’
    col.fastR: no visible global function definition for ‘gray’
    col.fastR: no visible global function definition for ‘heat.colors’
    geolm: no visible global function definition for ‘lm’
    geolm: no visible global function definition for ‘effects’
    multirandom: no visible binding for global variable ‘rnorm’
    nlmax: no visible global function definition for ‘nlm’
    nlmin: no visible global function definition for ‘nlm’
    panel.lm: no visible global function definition for ‘lm’
    panel.lm: no visible global function definition for ‘fitted’
    panel.smooth: no visible global function definition for ‘points’
    panel.smooth: no visible global function definition for ‘lines’
    pdfplot: no visible binding for global variable ‘dnorm’
    pmfplot: no visible binding for global variable ‘dnorm’
    probplot: no visible binding for global variable ‘qnorm’
    probplot: no visible global function definition for ‘ppoints’
    probplot: no visible global function definition for ‘plot’
    probplot: no visible global function definition for ‘box’
    probplot: no visible global function definition for ‘abline’
    probplot: no visible global function definition for ‘axis’
    probplot: no visible global function definition for ‘points’
    probplot: no visible global function definition for ‘mtext’
    snippet: no visible global function definition for ‘file_test’
    stemplot.numeric: no visible global function definition for ‘boxplot’
    wald.ci: no visible global function definition for ‘qnorm’
    wilson.ci: no visible global function definition for ‘qnorm’
    xplot.default: no visible global function definition for ‘plot’
    xplot.lm: no visible global function definition for ‘dev.interactive’
    xplot.lm: no visible global function definition for ‘residuals’
    xplot.lm: no visible global function definition for ‘predict’
    xplot.lm: no visible global function definition for ‘weights’
    xplot.lm: no visible global function definition for ‘deviance’
    xplot.lm: no visible global function definition for ‘df.residual’
    xplot.lm: no visible global function definition for ‘lm.influence’
    xplot.lm: no visible global function definition for ‘cooks.distance’
    xplot.lm : getCaption: no visible global function definition for
     ‘as.graphicsAnnot’
    xplot.lm: no visible global function definition for ‘devAskNewPage’
    xplot.lm: no visible global function definition for ‘extendrange’
    xplot.lm : <anonymous>: no visible global function definition for
     ‘qnorm’
    xplot.lm : <anonymous>: no visible global function definition for
     ‘ppoints’
    xplot.lm: no visible global function definition for ‘terms’
    xplot.lm: no visible global function definition for ‘model.frame’
    xplot.lm : <anonymous>: no visible global function definition for
     ‘coef’
    xplot.lm: no visible global function definition for ‘coef’
    Undefined global functions or variables:
     abline as.graphicsAnnot axis box boxplot coef colorRampPalette
     cooks.distance dev.interactive devAskNewPage deviance df.residual
     dnorm effects extendrange file_test fitted gray heat.colors lines lm
     lm.influence model.frame mtext nlm plot points ppoints predict qnorm
     residuals rnorm terms weights
    Consider adding
     importFrom("grDevices", "as.graphicsAnnot", "colorRampPalette",
     "dev.interactive", "devAskNewPage", "extendrange", "gray",
     "heat.colors")
     importFrom("graphics", "abline", "axis", "box", "boxplot", "lines",
     "mtext", "plot", "points")
     importFrom("stats", "coef", "cooks.distance", "deviance",
     "df.residual", "dnorm", "effects", "fitted", "lm",
     "lm.influence", "model.frame", "nlm", "ppoints", "predict",
     "qnorm", "residuals", "rnorm", "terms", "weights")
     importFrom("utils", "file_test")
    to your NAMESPACE.
Flavors: r-devel-linux-x86_64-debian-clang, r-devel-linux-x86_64-debian-gcc, r-devel-linux-x86_64-fedora-clang, r-devel-linux-x86_64-fedora-gcc, r-devel-windows-ix86+x86_64