Last updated on 2021-01-25 02:46:34 CET.
Flavor | Version | Tinstall | Tcheck | Ttotal | Status | Flags |
---|---|---|---|---|---|---|
r-devel-linux-x86_64-debian-clang | 1.2.1 | 16.44 | 138.94 | 155.38 | NOTE | |
r-devel-linux-x86_64-debian-gcc | 1.2.1 | 14.08 | 104.06 | 118.14 | NOTE | |
r-devel-linux-x86_64-fedora-clang | 1.2.1 | 189.36 | NOTE | |||
r-devel-linux-x86_64-fedora-gcc | 1.2.1 | 176.19 | NOTE | |||
r-devel-windows-ix86+x86_64 | 1.2.1 | 38.00 | 180.00 | 218.00 | OK | |
r-patched-linux-x86_64 | 1.2.1 | 10.22 | 125.20 | 135.42 | NOTE | |
r-patched-solaris-x86 | 1.2.1 | 256.10 | NOTE | |||
r-release-linux-x86_64 | 1.2.1 | 9.98 | 126.15 | 136.13 | NOTE | |
r-release-macos-x86_64 | 1.2.1 | OK | ||||
r-release-windows-ix86+x86_64 | 1.2.1 | 57.00 | 182.00 | 239.00 | OK | |
r-oldrel-macos-x86_64 | 1.2.1 | OK | ||||
r-oldrel-windows-ix86+x86_64 | 1.2.1 | 29.00 | 175.00 | 204.00 | OK |
Version: 1.2.1
Check: package dependencies
Result: NOTE
Package suggested but not available for checking: 'alr3'
Flavors: r-devel-linux-x86_64-debian-clang, r-devel-linux-x86_64-debian-gcc, r-devel-linux-x86_64-fedora-clang, r-devel-linux-x86_64-fedora-gcc, r-patched-linux-x86_64, r-patched-solaris-x86, r-release-linux-x86_64