CRAN Package Check Results for Package fastSOM

Last updated on 2018-11-21 16:48:18 CET.

Flavor Version Tinstall Tcheck Ttotal Status Flags
r-devel-linux-x86_64-debian-clang 1.0.0 3.98 21.40 25.38 OK
r-devel-linux-x86_64-debian-gcc 1.0.0 2.52 17.25 19.77 OK
r-devel-linux-x86_64-fedora-clang 1.0.0 28.76 NOTE
r-devel-linux-x86_64-fedora-gcc 1.0.0 27.53 NOTE
r-devel-windows-ix86+x86_64 1.0.0 10.00 61.00 71.00 OK
r-patched-linux-x86_64 1.0.0 3.02 20.04 23.06 OK
r-patched-solaris-x86 1.0.0 43.90 OK
r-release-linux-x86_64 1.0.0 2.64 20.22 22.86 OK
r-release-windows-ix86+x86_64 1.0.0 12.00 41.00 53.00 OK
r-release-osx-x86_64 1.0.0 OK
r-oldrel-windows-ix86+x86_64 1.0.0 7.00 48.00 55.00 OK
r-oldrel-osx-x86_64 1.0.0 OK

Check Details

Version: 1.0.0
Check: compiled code
Result: NOTE
    File ‘fastSOM/libs/fastSOM.so’:
     Found no calls to: ‘R_registerRoutines’, ‘R_useDynamicSymbols’
    
    It is good practice to register native routines and to disable symbol
    search.
    
    See ‘Writing portable packages’ in the ‘Writing R Extensions’ manual.
Flavors: r-devel-linux-x86_64-fedora-clang, r-devel-linux-x86_64-fedora-gcc