CRAN Package Check Results for Package fastSOM

Last updated on 2019-08-26 11:48:44 CEST.

Flavor Version Tinstall Tcheck Ttotal Status Flags
r-devel-linux-x86_64-debian-clang 1.0.0 3.99 21.51 25.50 OK
r-devel-linux-x86_64-debian-gcc 1.0.0 3.29 17.18 20.47 OK
r-devel-linux-x86_64-fedora-clang 1.0.0 33.03 NOTE
r-devel-linux-x86_64-fedora-gcc 1.0.0 31.09 NOTE
r-devel-windows-ix86+x86_64 1.0.0 16.00 40.00 56.00 OK
r-patched-linux-x86_64 1.0.0 3.51 21.86 25.37 OK
r-patched-solaris-x86 1.0.0 49.60 OK
r-release-linux-x86_64 1.0.0 3.39 21.60 24.99 OK
r-release-windows-ix86+x86_64 1.0.0 10.00 55.00 65.00 OK
r-release-osx-x86_64 1.0.0 OK
r-oldrel-windows-ix86+x86_64 1.0.0 8.00 40.00 48.00 OK
r-oldrel-osx-x86_64 1.0.0 OK

Check Details

Version: 1.0.0
Check: compiled code
Result: NOTE
    File ‘fastSOM/libs/fastSOM.so’:
     Found no calls to: ‘R_registerRoutines’, ‘R_useDynamicSymbols’
    
    It is good practice to register native routines and to disable symbol
    search.
    
    See ‘Writing portable packages’ in the ‘Writing R Extensions’ manual.
Flavors: r-devel-linux-x86_64-fedora-clang, r-devel-linux-x86_64-fedora-gcc