CRAN Package Check Results for Package fastSOM

Last updated on 2019-01-18 00:46:29 CET.

Flavor Version Tinstall Tcheck Ttotal Status Flags
r-devel-linux-x86_64-debian-clang 1.0.0 3.12 21.84 24.96 OK
r-devel-linux-x86_64-debian-gcc 1.0.0 2.58 17.45 20.03 OK
r-devel-linux-x86_64-fedora-clang 1.0.0 30.18 NOTE
r-devel-linux-x86_64-fedora-gcc 1.0.0 27.84 NOTE
r-devel-windows-ix86+x86_64 1.0.0 8.00 41.00 49.00 OK
r-patched-linux-x86_64 1.0.0 2.37 19.89 22.26 OK
r-patched-solaris-x86 1.0.0 43.90 OK
r-release-linux-x86_64 1.0.0 2.67 19.69 22.36 OK
r-release-windows-ix86+x86_64 1.0.0 8.00 40.00 48.00 OK
r-release-osx-x86_64 1.0.0 OK
r-oldrel-windows-ix86+x86_64 1.0.0 7.00 48.00 55.00 OK
r-oldrel-osx-x86_64 1.0.0 OK

Check Details

Version: 1.0.0
Check: compiled code
Result: NOTE
    File ‘fastSOM/libs/fastSOM.so’:
     Found no calls to: ‘R_registerRoutines’, ‘R_useDynamicSymbols’
    
    It is good practice to register native routines and to disable symbol
    search.
    
    See ‘Writing portable packages’ in the ‘Writing R Extensions’ manual.
Flavors: r-devel-linux-x86_64-fedora-clang, r-devel-linux-x86_64-fedora-gcc