CRAN Package Check Results for Package fastSOM

Last updated on 2019-03-19 02:49:55 CET.

Flavor Version Tinstall Tcheck Ttotal Status Flags
r-devel-linux-x86_64-debian-clang 1.0.0 4.12 21.51 25.63 OK
r-devel-linux-x86_64-debian-gcc 1.0.0 3.07 17.23 20.30 OK
r-devel-linux-x86_64-fedora-clang 1.0.0 30.92 NOTE
r-devel-linux-x86_64-fedora-gcc 1.0.0 28.71 NOTE
r-devel-windows-ix86+x86_64 1.0.0 21.00 57.00 78.00 OK
r-patched-linux-x86_64 1.0.0 2.79 20.03 22.82 OK
r-patched-solaris-x86 1.0.0 42.70 OK
r-release-linux-x86_64 1.0.0 3.15 20.18 23.33 OK
r-release-windows-ix86+x86_64 1.0.0 8.00 40.00 48.00 OK
r-release-osx-x86_64 1.0.0 OK
r-oldrel-windows-ix86+x86_64 1.0.0 7.00 48.00 55.00 OK
r-oldrel-osx-x86_64 1.0.0 OK

Check Details

Version: 1.0.0
Check: compiled code
Result: NOTE
    File ‘fastSOM/libs/fastSOM.so’:
     Found no calls to: ‘R_registerRoutines’, ‘R_useDynamicSymbols’
    
    It is good practice to register native routines and to disable symbol
    search.
    
    See ‘Writing portable packages’ in the ‘Writing R Extensions’ manual.
Flavors: r-devel-linux-x86_64-fedora-clang, r-devel-linux-x86_64-fedora-gcc