CRAN Package Check Results for Package fastTopics

Last updated on 2022-08-13 13:49:34 CEST.

Flavor Version Tinstall Tcheck Ttotal Status Flags
r-devel-linux-x86_64-debian-clang 0.6-135 173.84 246.49 420.33 NOTE
r-devel-linux-x86_64-debian-gcc 0.6-135 136.26 178.54 314.80 NOTE
r-devel-linux-x86_64-fedora-clang 0.6-135 562.13 NOTE
r-devel-linux-x86_64-fedora-gcc 0.6-135 529.00 NOTE
r-devel-windows-x86_64 0.6-135 177.00 284.00 461.00 NOTE
r-patched-linux-x86_64 0.6-135 150.34 237.75 388.09 NOTE
r-release-linux-x86_64 0.6-135 151.47 236.48 387.95 NOTE
r-release-macos-arm64 0.6-135 148.00 NOTE
r-release-macos-x86_64 0.6-135 181.00 NOTE
r-release-windows-x86_64 0.6-135 173.00 286.00 459.00 NOTE
r-oldrel-macos-arm64 0.6-135 136.00 NOTE
r-oldrel-macos-x86_64 0.6-135 181.00 NOTE
r-oldrel-windows-ix86+x86_64 0.6-135 396.00 422.00 818.00 NOTE

Check Details

Version: 0.6-135
Check: package dependencies
Result: NOTE
    Package suggested but not available for checking: 'NNLM'
Flavors: r-devel-linux-x86_64-debian-clang, r-devel-linux-x86_64-debian-gcc, r-devel-linux-x86_64-fedora-clang, r-devel-linux-x86_64-fedora-gcc, r-devel-windows-x86_64, r-patched-linux-x86_64, r-release-linux-x86_64, r-release-macos-arm64, r-release-macos-x86_64, r-release-windows-x86_64, r-oldrel-macos-arm64, r-oldrel-macos-x86_64

Version: 0.6-135
Check: for GNU extensions in Makefiles
Result: NOTE
    GNU make is a SystemRequirements.
Flavors: r-devel-linux-x86_64-debian-clang, r-devel-linux-x86_64-debian-gcc, r-devel-linux-x86_64-fedora-clang, r-devel-linux-x86_64-fedora-gcc, r-devel-windows-x86_64, r-patched-linux-x86_64, r-release-linux-x86_64, r-release-macos-arm64, r-release-macos-x86_64, r-release-windows-x86_64, r-oldrel-macos-arm64, r-oldrel-macos-x86_64, r-oldrel-windows-ix86+x86_64

Version: 0.6-135
Check: installed package size
Result: NOTE
     installed size is 8.4Mb
     sub-directories of 1Mb or more:
     data 4.3Mb
     libs 3.3Mb
Flavors: r-devel-linux-x86_64-fedora-clang, r-devel-windows-x86_64, r-release-macos-arm64, r-release-macos-x86_64, r-release-windows-x86_64, r-oldrel-macos-arm64, r-oldrel-macos-x86_64, r-oldrel-windows-ix86+x86_64