CRAN Package Check Results for Package fastai

Last updated on 2021-12-06 19:50:38 CET.

Flavor Version Tinstall Tcheck Ttotal Status Flags
r-devel-linux-x86_64-debian-clang 2.1.0 27.23 213.20 240.43 OK
r-devel-linux-x86_64-debian-gcc 2.1.0 19.62 161.33 180.95 OK
r-devel-linux-x86_64-fedora-clang 2.1.0 387.14 NOTE
r-devel-linux-x86_64-fedora-gcc 2.1.0 369.08 OK
r-devel-windows-x86_64-new-UL 2.1.0 130.00 372.00 502.00 NOTE
r-devel-windows-x86_64-new-TK 2.1.0 OK
r-devel-windows-x86_64-old 2.1.0 44.00 231.00 275.00 NOTE
r-patched-linux-x86_64 2.1.0 31.92 210.56 242.48 OK
r-release-linux-x86_64 2.1.0 24.47 213.42 237.89 OK
r-release-macos-arm64 2.1.0 NOTE
r-release-macos-x86_64 2.1.0 NOTE
r-release-windows-ix86+x86_64 2.1.0 46.00 288.00 334.00 NOTE
r-oldrel-macos-x86_64 2.1.0 NOTE
r-oldrel-windows-ix86+x86_64 2.1.0 54.00 278.00 332.00 NOTE

Check Details

Version: 2.1.0
Check: installed package size
Result: NOTE
     installed size is 5.1Mb
     sub-directories of 1Mb or more:
     doc 3.0Mb
     help 1.2Mb
Flavors: r-devel-linux-x86_64-fedora-clang, r-devel-windows-x86_64-new-UL, r-devel-windows-x86_64-old, r-release-macos-arm64, r-release-macos-x86_64, r-release-windows-ix86+x86_64, r-oldrel-macos-x86_64, r-oldrel-windows-ix86+x86_64

Version: 2.1.0
Check: dependencies in R code
Result: NOTE
    Warning: please export TSAN_OPTIONS='ignore_noninstrumented_modules=1' to avoid false positive reports from the OpenMP runtime.!
Flavor: r-devel-linux-x86_64-fedora-clang