CRAN Package Check Results for Package fastclime

Last updated on 2016-02-11 21:46:42.

Flavor Version Tinstall Tcheck Ttotal Status Flags
r-devel-linux-x86_64-debian-gcc 1.2.5 4.82 41.45 46.28 NOTE
r-devel-linux-x86_64-fedora-clang 1.2.5 88.43 NOTE
r-devel-linux-x86_64-fedora-gcc 1.2.5 96.14 NOTE
r-devel-osx-x86_64-clang 1.2.5 94.54 NOTE
r-devel-windows-ix86+x86_64 1.2.5 26.00 115.00 141.00 NOTE
r-patched-linux-x86_64 1.2.5 5.29 44.85 50.14 OK
r-patched-solaris-sparc 1.2.5 539.40 OK
r-patched-solaris-x86 1.2.5 134.10 OK
r-release-linux-x86_64 1.2.5 5.17 45.61 50.78 OK
r-release-osx-x86_64-mavericks 1.2.5 OK
r-release-windows-ix86+x86_64 1.2.5 26.00 134.00 160.00 OK
r-oldrel-windows-ix86+x86_64 1.2.5 31.00 121.00 152.00 OK

Check Details

Version: 1.2.5
Check: R code for possible problems
Result: NOTE
    fastclime: no visible global function definition for ‘cor’
    fastclime.generator: no visible global function definition for ‘runif’
    fastclime.generator: no visible global function definition for ‘cor’
    fastclime.generator: no visible global function definition for ‘par’
    fastclime.generator: no visible global function definition for
     ‘gray.colors’
    fastclime.generator: no visible global function definition for ‘plot’
    fastclime.plot: no visible global function definition for ‘postscript’
    fastclime.plot: no visible global function definition for ‘par’
    fastclime.plot: no visible global function definition for ‘plot’
    fastclime.plot: no visible global function definition for ‘dev.off’
    plot.fastclime: no visible global function definition for ‘plot’
    plot.sim: no visible global function definition for ‘gray.colors’
    plot.sim: no visible global function definition for ‘plot’
    Undefined global functions or variables:
     cor dev.off gray.colors par plot postscript runif
    Consider adding
     importFrom("grDevices", "dev.off", "gray.colors", "postscript")
     importFrom("graphics", "par", "plot")
     importFrom("stats", "cor", "runif")
    to your NAMESPACE file.
Flavors: r-devel-linux-x86_64-debian-gcc, r-devel-linux-x86_64-fedora-clang, r-devel-linux-x86_64-fedora-gcc, r-devel-osx-x86_64-clang, r-devel-windows-ix86+x86_64