CRAN Package Check Results for Package fastclime

Last updated on 2018-09-26 08:48:09 CEST.

Flavor Version Tinstall Tcheck Ttotal Status Flags
r-devel-linux-x86_64-debian-clang 1.4.1 9.05 80.69 89.74 OK
r-devel-linux-x86_64-debian-gcc 1.4.1 7.33 65.92 73.25 OK
r-devel-linux-x86_64-fedora-clang 1.4.1 106.03 NOTE
r-devel-linux-x86_64-fedora-gcc 1.4.1 103.37 NOTE
r-devel-windows-ix86+x86_64 1.4.1 30.00 164.00 194.00 OK
r-patched-linux-x86_64 1.4.1 7.54 69.28 76.82 OK
r-patched-solaris-x86 1.4.1 147.70 OK
r-release-linux-x86_64 1.4.1 7.69 69.40 77.09 OK
r-release-windows-ix86+x86_64 1.4.1 26.00 153.00 179.00 OK
r-release-osx-x86_64 1.4.1 OK
r-oldrel-windows-ix86+x86_64 1.4.1 19.00 163.00 182.00 OK
r-oldrel-osx-x86_64 1.4.1 OK

Check Details

Version: 1.4.1
Check: compiled code
Result: NOTE
    File ‘fastclime/libs/fastclime.so’:
     Found no calls to: ‘R_registerRoutines’, ‘R_useDynamicSymbols’
    
    It is good practice to register native routines and to disable symbol
    search.
    
    See ‘Writing portable packages’ in the ‘Writing R Extensions’ manual.
Flavors: r-devel-linux-x86_64-fedora-clang, r-devel-linux-x86_64-fedora-gcc