CRAN Package Check Results for Package fastclime

Last updated on 2017-08-23 09:47:10.

Flavor Version Tinstall Tcheck Ttotal Status Flags
r-devel-linux-x86_64-debian-clang 1.4.1 5.34 45.16 50.50 NOTE
r-devel-linux-x86_64-debian-gcc 1.4.1 5.41 44.43 49.84 NOTE
r-devel-linux-x86_64-fedora-clang 1.4.1 108.80 NOTE
r-devel-linux-x86_64-fedora-gcc 1.4.1 105.74 NOTE
r-devel-windows-ix86+x86_64 1.4.1 20.00 98.00 118.00 OK
r-patched-linux-x86_64 1.4.1 5.18 46.10 51.28 NOTE
r-patched-solaris-x86 1.4.1 151.10 OK
r-release-linux-x86_64 1.4.1 5.28 45.26 50.54 NOTE
r-release-windows-ix86+x86_64 1.4.1 20.00 140.00 160.00 OK
r-release-osx-x86_64 1.4.1 OK
r-oldrel-windows-ix86+x86_64 1.4.1 30.00 96.00 126.00 OK
r-oldrel-osx-x86_64 1.4.1 OK

Check Details

Version: 1.4.1
Check: compiled code
Result: NOTE
    File ‘fastclime/libs/fastclime.so’:
     Found no calls to: ‘R_registerRoutines’, ‘R_useDynamicSymbols’
    
    It is good practice to register native routines and to disable symbol
    search.
    
    See ‘Writing portable packages’ in the ‘Writing R Extensions’ manual.
Flavors: r-devel-linux-x86_64-debian-clang, r-devel-linux-x86_64-debian-gcc, r-devel-linux-x86_64-fedora-clang, r-devel-linux-x86_64-fedora-gcc, r-patched-linux-x86_64, r-release-linux-x86_64