CRAN Package Check Results for Package fastclime

Last updated on 2015-08-30 04:48:21.

Flavor Version Tinstall Tcheck Ttotal Status Flags
r-devel-linux-x86_64-debian-clang 1.2.5 4.08 41.10 45.18 NOTE
r-devel-linux-x86_64-debian-gcc 1.2.5 4.80 43.43 48.24 NOTE
r-devel-linux-x86_64-fedora-clang 1.2.5 95.63 NOTE
r-devel-linux-x86_64-fedora-gcc 1.2.5 95.16 NOTE
r-devel-osx-x86_64-clang 1.2.5 76.28 OK
r-devel-windows-ix86+x86_64 1.2.5 28.00 100.00 128.00 NOTE
r-patched-linux-x86_64 1.2.5 4.89 43.63 48.52 OK
r-patched-solaris-sparc 1.2.5 571.30 OK
r-patched-solaris-x86 1.2.5 147.10 OK
r-release-linux-x86_64 1.2.5 4.83 47.04 51.87 OK
r-release-osx-x86_64-mavericks 1.2.5 OK
r-release-windows-ix86+x86_64 1.2.5 27.00 141.00 168.00 OK
r-oldrel-windows-ix86+x86_64 1.2.5 28.00 153.00 181.00 OK

Check Details

Version: 1.2.5
Check: R code for possible problems
Result: NOTE
    fastclime: no visible global function definition for ‘cor’
    fastclime.generator: no visible global function definition for ‘runif’
    fastclime.generator: no visible global function definition for ‘cor’
    fastclime.generator: no visible global function definition for ‘par’
    fastclime.generator: no visible global function definition for
     ‘gray.colors’
    fastclime.generator: no visible global function definition for ‘plot’
    fastclime.plot: no visible global function definition for ‘postscript’
    fastclime.plot: no visible global function definition for ‘par’
    fastclime.plot: no visible global function definition for ‘plot’
    fastclime.plot: no visible global function definition for ‘dev.off’
    plot.fastclime: no visible global function definition for ‘plot’
    plot.sim: no visible global function definition for ‘gray.colors’
    plot.sim: no visible global function definition for ‘plot’
    Undefined global functions or variables:
     cor dev.off gray.colors par plot postscript runif
    Consider adding
     importFrom("grDevices", "dev.off", "gray.colors", "postscript")
     importFrom("graphics", "par", "plot")
     importFrom("stats", "cor", "runif")
    to your NAMESPACE.
Flavors: r-devel-linux-x86_64-debian-clang, r-devel-linux-x86_64-debian-gcc, r-devel-linux-x86_64-fedora-clang, r-devel-linux-x86_64-fedora-gcc, r-devel-windows-ix86+x86_64