CRAN Package Check Results for Package fastclime

Last updated on 2015-01-31 22:47:10.

Flavor Version Tinstall Tcheck Ttotal Status Flags
r-devel-linux-x86_64-debian-clang 1.2.4 4.34 43.77 48.11 NOTE
r-devel-linux-x86_64-debian-gcc 1.2.4 5.07 42.29 47.36 NOTE
r-devel-linux-x86_64-fedora-clang 1.2.4 122.99 NOTE
r-devel-linux-x86_64-fedora-gcc 1.2.4 121.76 NOTE
r-devel-osx-x86_64-clang 1.2.4 105.64 NOTE
r-devel-windows-ix86+x86_64 1.2.4 25.00 83.00 108.00 NOTE
r-patched-linux-x86_64 1.2.4 5.90 52.96 58.86 NOTE
r-patched-solaris-sparc 1.2.4 693.60 NOTE
r-patched-solaris-x86 1.2.4 172.00 NOTE
r-release-linux-ix86 1.2.4 6.46 61.50 67.96 NOTE
r-release-linux-x86_64 1.2.4 5.68 50.51 56.19 NOTE
r-release-osx-x86_64-mavericks 1.2.4 NOTE
r-release-osx-x86_64-snowleopard 1.2.4 OK
r-release-windows-ix86+x86_64 1.2.4 21.00 101.00 122.00 NOTE
r-oldrel-windows-ix86+x86_64 1.2.4 21.00 99.00 120.00 OK

Check Details

Version: 1.2.4
Check: compiled code
Result: NOTE
    File ‘fastclime/libs/fastclime.so’:
     Found ‘rand’, possibly from ‘rand’ (C)
     Object: ‘SFGen.o’
    
    Compiled code should not call entry points which might terminate R nor
    write to stdout/stderr instead of to the console, nor the system RNG.
    
    See ‘Writing portable packages’ in the ‘Writing R Extensions’ manual.
Flavors: r-devel-linux-x86_64-debian-clang, r-devel-linux-x86_64-debian-gcc, r-devel-linux-x86_64-fedora-clang, r-devel-linux-x86_64-fedora-gcc, r-patched-linux-x86_64, r-patched-solaris-sparc, r-patched-solaris-x86

Version: 1.2.4
Check: compiled code
Result: NOTE
    File ‘fastclime/libs/fastclime.so’:
     Found ‘_rand’, possibly from ‘rand’ (C)
     Object: ‘SFGen.o’
    
    Compiled code should not call entry points which might terminate R nor
    write to stdout/stderr instead of to the console, nor the system RNG.
    
    See ‘Writing portable packages’ in the ‘Writing R Extensions’ manual.
Flavors: r-devel-osx-x86_64-clang, r-release-osx-x86_64-mavericks

Version: 1.2.4
Check: compiled code
Result: NOTE
    File 'fastclime/libs/i386/fastclime.dll':
     Found 'rand', possibly from 'rand' (C)
     Object: 'SFGen.o'
    File 'fastclime/libs/x64/fastclime.dll':
     Found 'rand', possibly from 'rand' (C)
     Object: 'SFGen.o'
    
    Compiled code should not call entry points which might terminate R nor
    write to stdout/stderr instead of to the console, nor the system RNG.
    
    See 'Writing portable packages' in the 'Writing R Extensions' manual.
Flavor: r-devel-windows-ix86+x86_64

Version: 1.2.4
Check: compiled code
Result: NOTE
    File ‘fastclime/libs/fastclime.so’:
     Found ‘rand’, possibly from ‘rand’ (C)
     Object: ‘SFGen.o’
    
    Compiled code should not call entry points which might terminate R nor
    write to stdout/stderr instead of to the console, nor the C RNG.
    
    See ‘Writing portable packages’ in the ‘Writing R Extensions’ manual.
Flavors: r-release-linux-ix86, r-release-linux-x86_64

Version: 1.2.4
Check: compiled code
Result: NOTE
    File 'fastclime/libs/i386/fastclime.dll':
     Found 'rand', possibly from 'rand' (C)
     Object: 'SFGen.o'
    File 'fastclime/libs/x64/fastclime.dll':
     Found 'rand', possibly from 'rand' (C)
     Object: 'SFGen.o'
    
    Compiled code should not call entry points which might terminate R nor
    write to stdout/stderr instead of to the console, nor the C RNG.
    
    See 'Writing portable packages' in the 'Writing R Extensions' manual.
Flavor: r-release-windows-ix86+x86_64