CRAN Package Check Results for Package fastclime

Last updated on 2017-12-12 02:49:32 CET.

Flavor Version Tinstall Tcheck Ttotal Status Flags
r-devel-linux-x86_64-debian-clang 1.4.1 6.38 58.48 64.86 NOTE
r-devel-linux-x86_64-debian-gcc 1.4.1 6.11 54.64 60.75 NOTE
r-devel-linux-x86_64-fedora-clang 1.4.1 94.73 NOTE
r-devel-linux-x86_64-fedora-gcc 1.4.1 93.39 NOTE
r-devel-windows-ix86+x86_64 1.4.1 24.00 122.00 146.00 OK
r-patched-linux-x86_64 1.4.1 7.29 69.91 77.20 NOTE
r-patched-solaris-x86 1.4.1 153.50 OK
r-release-linux-x86_64 1.4.1 6.97 70.00 76.97 NOTE
r-release-windows-ix86+x86_64 1.4.1 18.00 118.00 136.00 OK
r-release-osx-x86_64 1.4.1 OK
r-oldrel-windows-ix86+x86_64 1.4.1 21.00 140.00 161.00 OK
r-oldrel-osx-x86_64 1.4.1 OK

Check Details

Version: 1.4.1
Check: compiled code
Result: NOTE
    File ‘fastclime/libs/fastclime.so’:
     Found no calls to: ‘R_registerRoutines’, ‘R_useDynamicSymbols’
    
    It is good practice to register native routines and to disable symbol
    search.
    
    See ‘Writing portable packages’ in the ‘Writing R Extensions’ manual.
Flavors: r-devel-linux-x86_64-debian-clang, r-devel-linux-x86_64-debian-gcc, r-devel-linux-x86_64-fedora-clang, r-devel-linux-x86_64-fedora-gcc, r-patched-linux-x86_64, r-release-linux-x86_64