CRAN Package Check Results for Package fastclime

Last updated on 2017-06-26 10:47:09.

Flavor Version Tinstall Tcheck Ttotal Status Flags
r-devel-linux-x86_64-debian-clang 1.4.1 5.44 46.91 52.34 NOTE
r-devel-linux-x86_64-debian-gcc 1.4.1 5.18 45.69 50.87 NOTE
r-devel-linux-x86_64-fedora-clang 1.4.1 107.53 NOTE
r-devel-linux-x86_64-fedora-gcc 1.4.1 105.48 NOTE
r-devel-windows-ix86+x86_64 1.4.1 23.00 139.00 162.00 OK
r-patched-linux-x86_64 1.4.1 5.10 44.52 49.62 NOTE
r-patched-solaris-sparc 1.4.1 595.00 OK
r-patched-solaris-x86 1.4.1 158.30 OK
r-release-linux-x86_64 1.4.1 5.42 44.55 49.98 NOTE
r-release-windows-ix86+x86_64 1.4.1 30.00 145.00 175.00 OK
r-release-osx-x86_64 1.4.1 OK
r-oldrel-windows-ix86+x86_64 1.4.1 20.00 126.00 146.00 OK
r-oldrel-osx-x86_64 1.4.1 OK

Check Details

Version: 1.4.1
Check: compiled code
Result: NOTE
    File ‘fastclime/libs/fastclime.so’:
     Found no calls to: ‘R_registerRoutines’, ‘R_useDynamicSymbols’
    
    It is good practice to register native routines and to disable symbol
    search.
    
    See ‘Writing portable packages’ in the ‘Writing R Extensions’ manual.
Flavors: r-devel-linux-x86_64-debian-clang, r-devel-linux-x86_64-debian-gcc, r-devel-linux-x86_64-fedora-clang, r-devel-linux-x86_64-fedora-gcc, r-patched-linux-x86_64, r-release-linux-x86_64