CRAN Package Check Results for Package fastclime

Last updated on 2017-02-26 23:48:13.

Flavor Version Tinstall Tcheck Ttotal Status Flags
r-devel-linux-x86_64-debian-clang 1.4.1 4.96 46.92 51.88 NOTE
r-devel-linux-x86_64-debian-gcc 1.4.1 5.30 46.56 51.85 NOTE
r-devel-linux-x86_64-fedora-clang 1.4.1 115.91 NOTE --no-stop-on-test-error
r-devel-linux-x86_64-fedora-gcc 1.4.1 105.21 NOTE --no-stop-on-test-error
r-devel-macos-x86_64-clang 1.4.1 81.94 NOTE --no-stop-on-test-error
r-devel-windows-ix86+x86_64 1.4.1 19.00 202.00 221.00 OK
r-patched-linux-x86_64 1.4.1 4.88 39.27 44.15 OK
r-patched-solaris-sparc 1.4.1 523.60 OK
r-patched-solaris-x86 1.4.1 112.60 OK
r-release-linux-x86_64 1.4.1 5.12 39.87 45.00 OK
r-release-osx-x86_64-mavericks 1.4.1 OK
r-release-windows-ix86+x86_64 1.4.1 28.00 127.00 155.00 OK
r-oldrel-windows-ix86+x86_64 1.4.1 30.00 191.00 221.00 OK

Check Details

Version: 1.4.1
Check: compiled code
Result: NOTE
    File ‘fastclime/libs/fastclime.so’:
     Found no calls to: ‘R_registerRoutines’, ‘R_useDynamicSymbols’
    
    It is good practice to register native routines and to disable symbol
    search.
    
    See ‘Writing portable packages’ in the ‘Writing R Extensions’ manual.
Flavors: r-devel-linux-x86_64-debian-clang, r-devel-linux-x86_64-debian-gcc

Version: 1.4.1
Flags: --no-stop-on-test-error
Check: compiled code
Result: NOTE
    File ‘fastclime/libs/fastclime.so’:
     Found no calls to: ‘R_registerRoutines’, ‘R_useDynamicSymbols’
    
    It is good practice to register native routines and to disable symbol
    search.
    
    See ‘Writing portable packages’ in the ‘Writing R Extensions’ manual.
Flavors: r-devel-linux-x86_64-fedora-clang, r-devel-linux-x86_64-fedora-gcc, r-devel-macos-x86_64-clang