CRAN Package Check Results for Package fastclime

Last updated on 2020-09-25 05:46:51 CEST.

Flavor Version Tinstall Tcheck Ttotal Status Flags
r-devel-linux-x86_64-debian-clang 1.4.1 12.67 84.40 97.07 NOTE
r-devel-linux-x86_64-debian-gcc 1.4.1 9.08 66.92 76.00 NOTE
r-devel-linux-x86_64-fedora-clang 1.4.1 123.36 NOTE
r-devel-linux-x86_64-fedora-gcc 1.4.1 115.50 NOTE
r-devel-windows-ix86+x86_64 1.4.1 31.00 160.00 191.00 OK
r-patched-linux-x86_64 1.4.1 9.94 80.30 90.24 NOTE
r-patched-solaris-x86 1.4.1 174.20 NOTE
r-release-linux-x86_64 1.4.1 10.56 79.98 90.54 NOTE
r-release-macos-x86_64 1.4.1 OK
r-release-windows-ix86+x86_64 1.4.1 27.00 150.00 177.00 OK
r-oldrel-macos-x86_64 1.4.1 OK
r-oldrel-windows-ix86+x86_64 1.4.1 27.00 156.00 183.00 OK

Check Details

Version: 1.4.1
Check: for non-standard things in the check directory
Result: NOTE
    Found the following files/directories:
     'default5.eps'
Flavors: r-devel-linux-x86_64-debian-clang, r-devel-linux-x86_64-debian-gcc, r-devel-linux-x86_64-fedora-clang, r-devel-linux-x86_64-fedora-gcc, r-patched-linux-x86_64, r-patched-solaris-x86, r-release-linux-x86_64

Version: 1.4.1
Check: compiled code
Result: NOTE
    File ‘fastclime/libs/fastclime.so’:
     Found no calls to: ‘R_registerRoutines’, ‘R_useDynamicSymbols’
    
    It is good practice to register native routines and to disable symbol
    search.
    
    See ‘Writing portable packages’ in the ‘Writing R Extensions’ manual.
Flavors: r-devel-linux-x86_64-fedora-clang, r-devel-linux-x86_64-fedora-gcc