CRAN Package Check Results for Package fastclime

Last updated on 2014-11-21 19:48:00.

Flavor Version Tinstall Tcheck Ttotal Status Flags
r-devel-linux-x86_64-debian-clang 1.2.4 4.93 51.12 56.05 NOTE
r-devel-linux-x86_64-debian-gcc 1.2.4 5.44 52.36 57.80 NOTE
r-devel-linux-x86_64-fedora-clang 1.2.4 125.79 NOTE
r-devel-linux-x86_64-fedora-gcc 1.2.4 121.05 NOTE
r-devel-osx-x86_64-clang 1.2.4 104.94 NOTE
r-devel-windows-ix86+x86_64 1.2.4 19.00 132.00 151.00 NOTE
r-patched-linux-x86_64 1.2.4 5.59 51.54 57.14 NOTE
r-patched-solaris-sparc 1.2.4 653.30 NOTE
r-patched-solaris-x86 1.2.4 174.00 NOTE
r-release-linux-ix86 1.2.4 6.55 59.19 65.74 NOTE
r-release-linux-x86_64 1.2.4 5.53 51.66 57.19 NOTE
r-release-osx-x86_64-mavericks 1.2.4 OK
r-release-osx-x86_64-snowleopard 1.2.4 OK
r-release-windows-ix86+x86_64 1.2.4 27.00 103.00 130.00 NOTE
r-oldrel-windows-ix86+x86_64 1.2.4 20.00 98.00 118.00 OK

Check Details

Version: 1.2.4
Check: compiled code
Result: NOTE
    File ‘fastclime/libs/fastclime.so’:
     Found ‘rand’, possibly from ‘rand’ (C)
     Object: ‘SFGen.o’
    
    Compiled code should not call entry points which might terminate R nor
    write to stdout/stderr instead of to the console, nor the C RNG.
    
    See ‘Writing portable packages’ in the ‘Writing R Extensions’ manual.
Flavors: r-devel-linux-x86_64-debian-clang, r-devel-linux-x86_64-debian-gcc, r-devel-linux-x86_64-fedora-clang, r-devel-linux-x86_64-fedora-gcc, r-patched-linux-x86_64, r-patched-solaris-sparc, r-patched-solaris-x86, r-release-linux-ix86, r-release-linux-x86_64

Version: 1.2.4
Check: compiled code
Result: NOTE
    File ‘fastclime/libs/fastclime.so’:
     Found ‘_rand’, possibly from ‘rand’ (C)
     Object: ‘SFGen.o’
    
    Compiled code should not call entry points which might terminate R nor
    write to stdout/stderr instead of to the console, nor the C RNG.
    
    See ‘Writing portable packages’ in the ‘Writing R Extensions’ manual.
Flavor: r-devel-osx-x86_64-clang

Version: 1.2.4
Check: compiled code
Result: NOTE
    File 'fastclime/libs/i386/fastclime.dll':
     Found 'rand', possibly from 'rand' (C)
     Object: 'SFGen.o'
    File 'fastclime/libs/x64/fastclime.dll':
     Found 'rand', possibly from 'rand' (C)
     Object: 'SFGen.o'
    
    Compiled code should not call entry points which might terminate R nor
    write to stdout/stderr instead of to the console, nor the C RNG.
    
    See 'Writing portable packages' in the 'Writing R Extensions' manual.
Flavors: r-devel-windows-ix86+x86_64, r-release-windows-ix86+x86_64