CRAN Package Check Results for Package fastclime

Last updated on 2015-03-27 12:48:31.

Flavor Version Tinstall Tcheck Ttotal Status Flags
r-devel-linux-x86_64-debian-clang 1.2.4 4.38 44.99 49.38 NOTE
r-devel-linux-x86_64-debian-gcc 1.2.4 5.50 45.43 50.93 NOTE
r-devel-linux-x86_64-fedora-clang 1.2.4 95.09 NOTE
r-devel-linux-x86_64-fedora-gcc 1.2.4 93.69 NOTE
r-devel-osx-x86_64-clang 1.2.4 91.10 NOTE
r-prerel-windows-ix86+x86_64 1.2.4 20.00 85.00 105.00 NOTE
r-prerel-linux-x86_64 1.2.4 4.74 43.77 48.50 NOTE
r-prerel-solaris-sparc 1.2.4 551.00 NOTE
r-prerel-solaris-x86 1.2.4 133.40 NOTE
r-release-linux-x86_64 1.2.4 5.60 52.18 57.78 NOTE
r-release-osx-x86_64-mavericks 1.2.4 NOTE
r-release-osx-x86_64-snowleopard 1.2.4 OK
r-release-windows-ix86+x86_64 1.2.4 21.00 107.00 128.00 NOTE
r-oldrel-windows-ix86+x86_64 1.2.4 22.00 104.00 126.00 OK

Check Details

Version: 1.2.4
Check: compiled code
Result: NOTE
    File ‘fastclime/libs/fastclime.so’:
     Found ‘rand’, possibly from ‘rand’ (C)
     Object: ‘SFGen.o’
    
    Compiled code should not call entry points which might terminate R nor
    write to stdout/stderr instead of to the console, nor the system RNG.
    
    See ‘Writing portable packages’ in the ‘Writing R Extensions’ manual.
Flavors: r-devel-linux-x86_64-debian-clang, r-devel-linux-x86_64-debian-gcc, r-devel-linux-x86_64-fedora-clang, r-devel-linux-x86_64-fedora-gcc, r-prerel-linux-x86_64, r-prerel-solaris-sparc, r-prerel-solaris-x86, r-release-linux-x86_64

Version: 1.2.4
Check: compiled code
Result: NOTE
    File ‘fastclime/libs/fastclime.so’:
     Found ‘_rand’, possibly from ‘rand’ (C)
     Object: ‘SFGen.o’
    
    Compiled code should not call entry points which might terminate R nor
    write to stdout/stderr instead of to the console, nor the system RNG.
    
    See ‘Writing portable packages’ in the ‘Writing R Extensions’ manual.
Flavors: r-devel-osx-x86_64-clang, r-release-osx-x86_64-mavericks

Version: 1.2.4
Check: compiled code
Result: NOTE
    File 'fastclime/libs/i386/fastclime.dll':
     Found 'rand', possibly from 'rand' (C)
     Object: 'SFGen.o'
    File 'fastclime/libs/x64/fastclime.dll':
     Found 'rand', possibly from 'rand' (C)
     Object: 'SFGen.o'
    
    Compiled code should not call entry points which might terminate R nor
    write to stdout/stderr instead of to the console, nor the system RNG.
    
    See 'Writing portable packages' in the 'Writing R Extensions' manual.
Flavors: r-prerel-windows-ix86+x86_64, r-release-windows-ix86+x86_64