CRAN Package Check Results for Package fastclime

Last updated on 2020-02-20 13:48:52 CET.

Flavor Version Tinstall Tcheck Ttotal Status Flags
r-devel-linux-x86_64-debian-clang 1.4.1 13.90 81.30 95.20 NOTE
r-devel-linux-x86_64-debian-gcc 1.4.1 9.31 64.58 73.89 NOTE
r-devel-linux-x86_64-fedora-clang 1.4.1 111.97 NOTE
r-devel-linux-x86_64-fedora-gcc 1.4.1 110.88 NOTE
r-devel-windows-ix86+x86_64 1.4.1 27.00 127.00 154.00 OK
r-devel-windows-ix86+x86_64-gcc8 1.4.1 37.00 166.00 203.00 OK
r-patched-linux-x86_64 1.4.1 10.14 72.54 82.68 OK
r-patched-solaris-x86 1.4.1 163.20 OK
r-release-linux-x86_64 1.4.1 9.72 73.70 83.42 OK
r-release-windows-ix86+x86_64 1.4.1 24.00 130.00 154.00 OK
r-release-osx-x86_64 1.4.1 OK
r-oldrel-windows-ix86+x86_64 1.4.1 18.00 106.00 124.00 OK
r-oldrel-osx-x86_64 1.4.1 OK

Check Details

Version: 1.4.1
Check: for non-standard things in the check directory
Result: NOTE
    Found the following files/directories:
     'default5.eps'
Flavors: r-devel-linux-x86_64-debian-clang, r-devel-linux-x86_64-debian-gcc, r-devel-linux-x86_64-fedora-clang, r-devel-linux-x86_64-fedora-gcc

Version: 1.4.1
Check: compiled code
Result: NOTE
    File ‘fastclime/libs/fastclime.so’:
     Found no calls to: ‘R_registerRoutines’, ‘R_useDynamicSymbols’
    
    It is good practice to register native routines and to disable symbol
    search.
    
    See ‘Writing portable packages’ in the ‘Writing R Extensions’ manual.
Flavors: r-devel-linux-x86_64-fedora-clang, r-devel-linux-x86_64-fedora-gcc