CRAN Package Check Results for Package fastclime

Last updated on 2015-05-22 21:46:29.

Flavor Version Tinstall Tcheck Ttotal Status Flags
r-devel-linux-x86_64-debian-clang 1.2.5 4.16 45.37 49.53 OK
r-devel-linux-x86_64-debian-gcc 1.2.5 4.53 43.04 47.57 OK
r-devel-linux-x86_64-fedora-clang 1.2.5 95.11 OK
r-devel-linux-x86_64-fedora-gcc 1.2.5 95.18 OK
r-devel-osx-x86_64-clang 1.2.5 88.27 OK
r-devel-windows-ix86+x86_64 1.2.5 23.00 90.00 113.00 OK
r-patched-linux-x86_64 1.2.5 4.69 43.01 47.70 OK
r-patched-solaris-sparc 1.2.5 557.90 OK
r-patched-solaris-x86 1.2.5 136.40 OK
r-release-linux-x86_64 1.2.5 4.72 45.74 50.45 OK
r-release-osx-x86_64-mavericks 1.2.5 OK
r-release-osx-x86_64-snowleopard 1.2.5 ERROR
r-release-windows-ix86+x86_64 1.2.5 20.00 89.00 109.00 OK
r-oldrel-windows-ix86+x86_64 1.2.5 19.00 97.00 116.00 OK

Check Details

Version: 1.2.5
Check: package dependencies
Result: ERROR
    Package required but not available: ‘igraph’
    
    See section ‘The DESCRIPTION file’ in the ‘Writing R Extensions’
    manual.
Flavor: r-release-osx-x86_64-snowleopard