CRAN Package Check Results for Package fastclime

Last updated on 2018-06-19 03:52:05 CEST.

Flavor Version Tinstall Tcheck Ttotal Status Flags
r-devel-linux-x86_64-debian-clang 1.4.1 9.29 69.57 78.86 NOTE
r-devel-linux-x86_64-debian-gcc 1.4.1 8.02 64.89 72.91 NOTE
r-devel-linux-x86_64-fedora-clang 1.4.1 103.63 NOTE
r-devel-linux-x86_64-fedora-gcc 1.4.1 101.07 NOTE
r-devel-windows-ix86+x86_64 1.4.1 27.00 122.00 149.00 OK
r-patched-linux-x86_64 1.4.1 9.28 70.34 79.62 NOTE
r-patched-solaris-x86 1.4.1 150.90 OK
r-release-linux-x86_64 1.4.1 7.90 69.14 77.04 NOTE
r-release-windows-ix86+x86_64 1.4.1 20.00 147.00 167.00 OK
r-release-osx-x86_64 1.4.1 OK
r-oldrel-windows-ix86+x86_64 1.4.1 19.00 146.00 165.00 OK
r-oldrel-osx-x86_64 1.4.1 OK

Check Details

Version: 1.4.1
Check: compiled code
Result: NOTE
    File ‘fastclime/libs/fastclime.so’:
     Found no calls to: ‘R_registerRoutines’, ‘R_useDynamicSymbols’
    
    It is good practice to register native routines and to disable symbol
    search.
    
    See ‘Writing portable packages’ in the ‘Writing R Extensions’ manual.
Flavors: r-devel-linux-x86_64-debian-clang, r-devel-linux-x86_64-debian-gcc, r-devel-linux-x86_64-fedora-clang, r-devel-linux-x86_64-fedora-gcc, r-patched-linux-x86_64, r-release-linux-x86_64