CRAN Package Check Results for Package fastclime

Last updated on 2014-10-31 17:49:10.

Flavor Version Tinstall Tcheck Ttotal Status Flags
r-devel-linux-x86_64-debian-clang 1.2.4 4.90 50.90 55.80 NOTE
r-devel-linux-x86_64-debian-gcc 1.2.4 5.62 49.78 55.40 NOTE
r-devel-linux-x86_64-fedora-clang 1.2.4 125.35 NOTE
r-devel-linux-x86_64-fedora-gcc 1.2.4 122.52 NOTE
r-devel-osx-x86_64-clang 1.2.4 102.87 NOTE
r-devel-windows-ix86+x86_64 1.2.4 20.00 93.00 113.00 NOTE
r-patched-linux-x86_64 1.2.4 5.85 52.80 58.65 NOTE
r-patched-solaris-sparc 1.2.4 653.30 NOTE
r-patched-solaris-x86 1.2.4 174.40 NOTE
r-release-linux-ix86 1.2.4 6.86 62.24 69.10 OK
r-release-linux-x86_64 1.2.4 6.00 52.02 58.02 OK
r-release-osx-x86_64-mavericks 1.2.4 OK
r-release-osx-x86_64-snowleopard 1.2.4 OK
r-release-windows-ix86+x86_64 1.2.4 21.00 100.00 121.00 OK
r-oldrel-windows-ix86+x86_64 1.2.4 20.00 100.00 120.00 OK

Check Details

Version: 1.2.4
Check: compiled code
Result: NOTE
    File ‘fastclime/libs/fastclime.so’:
     Found ‘rand’, possibly from ‘rand’ (C)
     Object: ‘SFGen.o’
    
    Compiled code should not call entry points which might terminate R nor
    write to stdout/stderr instead of to the console, nor the C RNG.
    
    See ‘Writing portable packages’ in the ‘Writing R Extensions’ manual.
Flavors: r-devel-linux-x86_64-debian-clang, r-devel-linux-x86_64-debian-gcc, r-devel-linux-x86_64-fedora-clang, r-devel-linux-x86_64-fedora-gcc, r-patched-linux-x86_64, r-patched-solaris-sparc, r-patched-solaris-x86

Version: 1.2.4
Check: compiled code
Result: NOTE
    File ‘fastclime/libs/fastclime.so’:
     Found ‘_rand’, possibly from ‘rand’ (C)
     Object: ‘SFGen.o’
    
    Compiled code should not call entry points which might terminate R nor
    write to stdout/stderr instead of to the console, nor the C RNG.
    
    See ‘Writing portable packages’ in the ‘Writing R Extensions’ manual.
Flavor: r-devel-osx-x86_64-clang

Version: 1.2.4
Check: compiled code
Result: NOTE
    File 'fastclime/libs/i386/fastclime.dll':
     Found 'rand', possibly from 'rand' (C)
     Object: 'SFGen.o'
    File 'fastclime/libs/x64/fastclime.dll':
     Found 'rand', possibly from 'rand' (C)
     Object: 'SFGen.o'
    
    Compiled code should not call entry points which might terminate R nor
    write to stdout/stderr instead of to the console, nor the C RNG.
    
    See 'Writing portable packages' in the 'Writing R Extensions' manual.
Flavor: r-devel-windows-ix86+x86_64