CRAN Package Check Results for Package fastclime

Last updated on 2014-04-23 20:47:11.

Flavor Version Tinstall Tcheck Ttotal Status Flags
r-devel-linux-x86_64-debian-clang 1.2.3 5.35 52.28 57.64 OK
r-devel-linux-x86_64-debian-gcc 1.2.3 6.12 53.24 59.36 OK
r-devel-linux-x86_64-fedora-clang 1.2.3 132.61 OK
r-devel-linux-x86_64-fedora-gcc 1.2.3 129.03 OK
r-devel-osx-x86_64-clang 1.2.3 96.41 OK
r-devel-osx-x86_64-gcc 1.2.3 ERROR
r-devel-windows-ix86+x86_64 1.2.3 20.00 98.00 118.00 OK
r-patched-linux-x86_64 1.2.3 5.97 52.17 58.14 OK
r-patched-solaris-sparc 1.2.3 660.80 OK
r-patched-solaris-x86 1.2.3 173.40 OK
r-release-linux-ix86 1.2.3 10.00 82.00 92.00 OK
r-release-linux-x86_64 1.2.3 5.89 55.00 60.88 OK
r-release-osx-x86_64-mavericks 1.2.3 WARN
r-release-osx-x86_64-snowleopard 1.2.3 OK
r-release-windows-ix86+x86_64 1.2.3 20.00 108.00 128.00 OK
r-oldrel-windows-ix86+x86_64 1.2.3 20.00 101.00 121.00 OK

Check Details

Version: 1.2.3
Check: package dependencies
Result: ERROR
    Package required but not available: ‘igraph’
    
    See the information on DESCRIPTION files in the chapter ‘Creating R
    packages’ of the ‘Writing R Extensions’ manual.
Flavor: r-devel-osx-x86_64-gcc

Version: 1.2.3
Check: PDF version of manual
Result: WARNING
    LaTeX errors when creating PDF version.
    This typically indicates Rd problems.
    LaTeX errors found:
    ! LaTeX Error: File `upquote.sty' not found.
    
    Type X to quit or <RETURN> to proceed,
    or enter new name. (Default extension: sty)
    
    52c905b5/Rd2.tex:8: ==> Fatal error occurred, no output PDF file produced!
Flavor: r-release-osx-x86_64-mavericks