CRAN Package Check Results for Package fastclime

Last updated on 2014-12-18 23:47:48.

Flavor Version Tinstall Tcheck Ttotal Status Flags
r-devel-linux-x86_64-debian-clang 1.2.4 4.86 51.45 56.31 NOTE
r-devel-linux-x86_64-debian-gcc 1.2.4 5.67 48.78 54.46 NOTE
r-devel-linux-x86_64-fedora-clang 1.2.4 127.67 NOTE
r-devel-linux-x86_64-fedora-gcc 1.2.4 113.19 NOTE
r-devel-osx-x86_64-clang 1.2.4 104.21 NOTE
r-devel-windows-ix86+x86_64 1.2.4 21.00 101.00 122.00 NOTE
r-patched-linux-x86_64 1.2.4 5.54 50.56 56.11 NOTE
r-patched-solaris-sparc 1.2.4 726.40 NOTE
r-patched-solaris-x86 1.2.4 172.30 NOTE
r-release-linux-ix86 1.2.4 6.58 59.00 65.58 NOTE
r-release-linux-x86_64 1.2.4 5.57 51.88 57.46 NOTE
r-release-osx-x86_64-mavericks 1.2.4 OK
r-release-osx-x86_64-snowleopard 1.2.4 OK
r-release-windows-ix86+x86_64 1.2.4 21.00 100.00 121.00 NOTE
r-oldrel-windows-ix86+x86_64 1.2.4 22.00 100.00 122.00 OK

Check Details

Version: 1.2.4
Check: compiled code
Result: NOTE
    File ‘fastclime/libs/fastclime.so’:
     Found ‘rand’, possibly from ‘rand’ (C)
     Object: ‘SFGen.o’
    
    Compiled code should not call entry points which might terminate R nor
    write to stdout/stderr instead of to the console, nor the system RNG.
    
    See ‘Writing portable packages’ in the ‘Writing R Extensions’ manual.
Flavors: r-devel-linux-x86_64-debian-clang, r-devel-linux-x86_64-debian-gcc, r-devel-linux-x86_64-fedora-clang, r-devel-linux-x86_64-fedora-gcc, r-patched-linux-x86_64, r-patched-solaris-sparc, r-patched-solaris-x86

Version: 1.2.4
Check: compiled code
Result: NOTE
    File ‘fastclime/libs/fastclime.so’:
     Found ‘_rand’, possibly from ‘rand’ (C)
     Object: ‘SFGen.o’
    
    Compiled code should not call entry points which might terminate R nor
    write to stdout/stderr instead of to the console, nor the system RNG.
    
    See ‘Writing portable packages’ in the ‘Writing R Extensions’ manual.
Flavor: r-devel-osx-x86_64-clang

Version: 1.2.4
Check: compiled code
Result: NOTE
    File 'fastclime/libs/i386/fastclime.dll':
     Found 'rand', possibly from 'rand' (C)
     Object: 'SFGen.o'
    File 'fastclime/libs/x64/fastclime.dll':
     Found 'rand', possibly from 'rand' (C)
     Object: 'SFGen.o'
    
    Compiled code should not call entry points which might terminate R nor
    write to stdout/stderr instead of to the console, nor the system RNG.
    
    See 'Writing portable packages' in the 'Writing R Extensions' manual.
Flavor: r-devel-windows-ix86+x86_64

Version: 1.2.4
Check: compiled code
Result: NOTE
    File ‘fastclime/libs/fastclime.so’:
     Found ‘rand’, possibly from ‘rand’ (C)
     Object: ‘SFGen.o’
    
    Compiled code should not call entry points which might terminate R nor
    write to stdout/stderr instead of to the console, nor the C RNG.
    
    See ‘Writing portable packages’ in the ‘Writing R Extensions’ manual.
Flavors: r-release-linux-ix86, r-release-linux-x86_64

Version: 1.2.4
Check: compiled code
Result: NOTE
    File 'fastclime/libs/i386/fastclime.dll':
     Found 'rand', possibly from 'rand' (C)
     Object: 'SFGen.o'
    File 'fastclime/libs/x64/fastclime.dll':
     Found 'rand', possibly from 'rand' (C)
     Object: 'SFGen.o'
    
    Compiled code should not call entry points which might terminate R nor
    write to stdout/stderr instead of to the console, nor the C RNG.
    
    See 'Writing portable packages' in the 'Writing R Extensions' manual.
Flavor: r-release-windows-ix86+x86_64