CRAN Package Check Results for Package fastclime

Last updated on 2017-03-23 23:50:41.

Flavor Version Tinstall Tcheck Ttotal Status Flags
r-devel-linux-x86_64-debian-clang 1.4.1 5.77 45.87 51.64 NOTE
r-devel-linux-x86_64-debian-gcc 1.4.1 5.17 44.73 49.90 NOTE
r-devel-linux-x86_64-fedora-clang 1.4.1 110.38 NOTE --no-stop-on-test-error
r-devel-linux-x86_64-fedora-gcc 1.4.1 108.82 NOTE --no-stop-on-test-error
r-devel-macos-x86_64-clang 1.4.1 79.74 NOTE --no-stop-on-test-error
r-devel-windows-ix86+x86_64 1.4.1 20.00 100.00 120.00 OK
r-patched-linux-x86_64 1.4.1 4.80 39.68 44.48 OK
r-patched-solaris-sparc 1.4.1 595.00 OK
r-patched-solaris-x86 1.4.1 161.00 OK
r-release-linux-x86_64 1.4.1 4.81 39.44 44.25 OK
r-release-osx-x86_64-mavericks 1.4.1 OK
r-release-windows-ix86+x86_64 1.4.1 29.00 94.00 123.00 OK
r-oldrel-windows-ix86+x86_64 1.4.1 28.00 148.00 176.00 OK

Check Details

Version: 1.4.1
Check: compiled code
Result: NOTE
    File ‘fastclime/libs/fastclime.so’:
     Found no calls to: ‘R_registerRoutines’, ‘R_useDynamicSymbols’
    
    It is good practice to register native routines and to disable symbol
    search.
    
    See ‘Writing portable packages’ in the ‘Writing R Extensions’ manual.
Flavors: r-devel-linux-x86_64-debian-clang, r-devel-linux-x86_64-debian-gcc

Version: 1.4.1
Flags: --no-stop-on-test-error
Check: compiled code
Result: NOTE
    File ‘fastclime/libs/fastclime.so’:
     Found no calls to: ‘R_registerRoutines’, ‘R_useDynamicSymbols’
    
    It is good practice to register native routines and to disable symbol
    search.
    
    See ‘Writing portable packages’ in the ‘Writing R Extensions’ manual.
Flavors: r-devel-linux-x86_64-fedora-clang, r-devel-linux-x86_64-fedora-gcc, r-devel-macos-x86_64-clang