CRAN Package Check Results for Package fastclime

Last updated on 2015-07-01 13:47:13.

Flavor Version Tinstall Tcheck Ttotal Status Flags
r-devel-linux-x86_64-debian-clang 1.2.5 4.47 43.52 48.00 NOTE
r-devel-linux-x86_64-debian-gcc 1.2.5 4.82 43.25 48.06 NOTE
r-devel-linux-x86_64-fedora-clang 1.2.5 96.67 NOTE
r-devel-linux-x86_64-fedora-gcc 1.2.5 94.10 NOTE
r-devel-osx-x86_64-clang 1.2.5 85.59 OK
r-devel-windows-ix86+x86_64 1.2.5 28.00 95.00 123.00 NOTE
r-patched-linux-x86_64 1.2.5 4.72 44.47 49.20 OK
r-patched-solaris-sparc 1.2.5 557.90 OK
r-patched-solaris-x86 1.2.5 141.50 OK
r-release-linux-x86_64 1.2.5 4.74 44.78 49.52 OK
r-release-osx-x86_64-mavericks 1.2.5 OK
r-release-windows-ix86+x86_64 1.2.5 19.00 97.00 116.00 OK
r-oldrel-windows-ix86+x86_64 1.2.5 20.00 106.00 126.00 OK

Check Details

Version: 1.2.5
Check: R code for possible problems
Result: NOTE
    fastclime: no visible global function definition for ‘cor’
    fastclime.generator: no visible global function definition for ‘runif’
    fastclime.generator: no visible global function definition for ‘cor’
    fastclime.generator: no visible global function definition for ‘par’
    fastclime.generator: no visible global function definition for
     ‘gray.colors’
    fastclime.generator: no visible global function definition for ‘plot’
    fastclime.plot: no visible global function definition for ‘postscript’
    fastclime.plot: no visible global function definition for ‘par’
    fastclime.plot: no visible global function definition for ‘plot’
    fastclime.plot: no visible global function definition for ‘dev.off’
    plot.fastclime: no visible global function definition for ‘plot’
    plot.sim: no visible global function definition for ‘gray.colors’
    plot.sim: no visible global function definition for ‘plot’
Flavors: r-devel-linux-x86_64-debian-clang, r-devel-linux-x86_64-debian-gcc, r-devel-linux-x86_64-fedora-clang, r-devel-linux-x86_64-fedora-gcc, r-devel-windows-ix86+x86_64