CRAN Package Check Results for Package fastclime

Last updated on 2014-09-02 22:47:37.

Flavor Version Tinstall Tcheck Ttotal Status Flags
r-devel-linux-x86_64-debian-clang 1.2.4 4.75 52.42 57.17 NOTE
r-devel-linux-x86_64-debian-gcc 1.2.4 5.52 48.38 53.90 NOTE
r-devel-linux-x86_64-fedora-clang 1.2.4 129.90 NOTE
r-devel-linux-x86_64-fedora-gcc 1.2.4 122.52 NOTE
r-devel-osx-x86_64-clang 1.2.4 99.56 NOTE
r-devel-windows-ix86+x86_64 1.2.4 20.00 101.00 121.00 NOTE
r-patched-linux-x86_64 1.2.4 5.64 50.70 56.35 OK
r-patched-solaris-sparc 1.2.4 667.00 OK
r-patched-solaris-x86 1.2.4 175.50 OK
r-release-linux-ix86 1.2.4 6.91 61.76 68.67 OK
r-release-linux-x86_64 1.2.4 5.88 50.74 56.62 OK
r-release-osx-x86_64-mavericks 1.2.4 OK
r-release-osx-x86_64-snowleopard 1.2.4 OK
r-release-windows-ix86+x86_64 1.2.4 20.00 106.00 126.00 OK
r-oldrel-windows-ix86+x86_64 1.2.4 22.00 108.00 130.00 OK

Check Details

Version: 1.2.4
Check: compiled code
Result: NOTE
    File ‘/home/hornik/tmp/R.check/r-devel-clang/Work/build/Packages/fastclime/libs/fastclime.so’:
     Found ‘rand’, possibly from ‘rand’ (C)
     Object: ‘SFGen.o’
    
    Compiled code should not call entry points which might terminate R nor
    write to stdout/stderr instead of to the console, nor the C RNG.
    
    See ‘Writing portable packages’ in the ‘Writing R Extensions’ manual.
Flavor: r-devel-linux-x86_64-debian-clang

Version: 1.2.4
Check: compiled code
Result: NOTE
    File ‘/home/hornik/tmp/R.check/r-devel-gcc/Work/build/Packages/fastclime/libs/fastclime.so’:
     Found ‘rand’, possibly from ‘rand’ (C)
     Object: ‘SFGen.o’
    
    Compiled code should not call entry points which might terminate R nor
    write to stdout/stderr instead of to the console, nor the C RNG.
    
    See ‘Writing portable packages’ in the ‘Writing R Extensions’ manual.
Flavor: r-devel-linux-x86_64-debian-gcc

Version: 1.2.4
Check: compiled code
Result: NOTE
    File ‘/data/gannet/ripley/R/packages/tests-clang/fastclime.Rcheck/fastclime/libs/fastclime.so’:
     Found ‘rand’, possibly from ‘rand’ (C)
     Object: ‘SFGen.o’
    
    Compiled code should not call entry points which might terminate R nor
    write to stdout/stderr instead of to the console, nor the C RNG.
    
    See ‘Writing portable packages’ in the ‘Writing R Extensions’ manual.
Flavor: r-devel-linux-x86_64-fedora-clang

Version: 1.2.4
Check: compiled code
Result: NOTE
    File ‘/data/gannet/ripley/R/packages/tests-devel/fastclime.Rcheck/fastclime/libs/fastclime.so’:
     Found ‘rand’, possibly from ‘rand’ (C)
     Object: ‘SFGen.o’
    
    Compiled code should not call entry points which might terminate R nor
    write to stdout/stderr instead of to the console, nor the C RNG.
    
    See ‘Writing portable packages’ in the ‘Writing R Extensions’ manual.
Flavor: r-devel-linux-x86_64-fedora-gcc

Version: 1.2.4
Check: compiled code
Result: NOTE
    File ‘/Users/ripley/R/packages/tests-devel/fastclime.Rcheck/fastclime/libs/fastclime.so’:
     Found ‘_rand’, possibly from ‘rand’ (C)
     Object: ‘SFGen.o’
    
    Compiled code should not call entry points which might terminate R nor
    write to stdout/stderr instead of to the console, nor the C RNG.
    
    See ‘Writing portable packages’ in the ‘Writing R Extensions’ manual.
Flavor: r-devel-osx-x86_64-clang

Version: 1.2.4
Check: compiled code
Result: NOTE
    File 'd:/Rcompile/CRANpkg/lib/3.2/fastclime/libs/i386/fastclime.dll':
     Found 'rand', possibly from 'rand' (C)
     Object: 'SFGen.o'
    File 'd:/Rcompile/CRANpkg/lib/3.2/fastclime/libs/x64/fastclime.dll':
     Found 'rand', possibly from 'rand' (C)
     Object: 'SFGen.o'
    
    Compiled code should not call entry points which might terminate R nor
    write to stdout/stderr instead of to the console, nor the C RNG.
    
    See 'Writing portable packages' in the 'Writing R Extensions' manual.
Flavor: r-devel-windows-ix86+x86_64