CRAN Package Check Results for Package fastclime

Last updated on 2017-10-19 01:46:13.

Flavor Version Tinstall Tcheck Ttotal Status Flags
r-devel-linux-x86_64-debian-clang 1.4.1 5.18 44.12 49.30 NOTE
r-devel-linux-x86_64-debian-gcc 1.4.1 6.40 48.93 55.33 NOTE
r-devel-linux-x86_64-fedora-clang 1.4.1 114.20 NOTE
r-devel-linux-x86_64-fedora-gcc 1.4.1 110.52 NOTE
r-devel-windows-ix86+x86_64 1.4.1 17.00 106.00 123.00 OK
r-patched-linux-x86_64 1.4.1 5.13 46.00 51.13 NOTE
r-patched-solaris-x86 1.4.1 157.60 OK
r-release-linux-x86_64 1.4.1 5.11 45.38 50.49 NOTE
r-release-windows-ix86+x86_64 1.4.1 27.00 106.00 133.00 OK
r-release-osx-x86_64 1.4.1 OK
r-oldrel-windows-ix86+x86_64 1.4.1 27.00 127.00 154.00 OK
r-oldrel-osx-x86_64 1.4.1 OK

Check Details

Version: 1.4.1
Check: compiled code
Result: NOTE
    File ‘fastclime/libs/fastclime.so’:
     Found no calls to: ‘R_registerRoutines’, ‘R_useDynamicSymbols’
    
    It is good practice to register native routines and to disable symbol
    search.
    
    See ‘Writing portable packages’ in the ‘Writing R Extensions’ manual.
Flavors: r-devel-linux-x86_64-debian-clang, r-devel-linux-x86_64-debian-gcc, r-devel-linux-x86_64-fedora-clang, r-devel-linux-x86_64-fedora-gcc, r-patched-linux-x86_64, r-release-linux-x86_64