CRAN Package Check Results for Package fastcluster

Last updated on 2014-11-26 13:47:03.

Flavor Version Tinstall Tcheck Ttotal Status Flags
r-devel-linux-x86_64-debian-clang 1.1.13 2.02 36.05 38.06 OK
r-devel-linux-x86_64-debian-gcc 1.1.13 2.84 32.70 35.54 OK
r-devel-linux-x86_64-fedora-clang 1.1.13 64.79 OK
r-devel-linux-x86_64-fedora-gcc 1.1.13 70.36 OK
r-devel-osx-x86_64-clang 1.1.13 52.57 OK
r-devel-windows-ix86+x86_64 1.1.13 12.00 71.00 83.00 OK
r-patched-linux-x86_64 1.1.13 2.84 35.16 38.00 OK
r-patched-solaris-sparc 1.1.13 451.40 OK
r-patched-solaris-x86 1.1.13 74.00 OK
r-release-linux-ix86 1.1.13 3.84 73.58 77.43 OK
r-release-linux-x86_64 1.1.13 2.83 28.62 31.45 OK
r-release-osx-x86_64-mavericks 1.1.13 OK
r-release-osx-x86_64-snowleopard 1.1.13 WARN
r-release-windows-ix86+x86_64 1.1.13 12.00 122.00 134.00 OK
r-oldrel-windows-ix86+x86_64 1.1.13 9.00 75.00 84.00 OK

Check Details

Version: 1.1.13
Check: examples
Result: WARN
    checking a package with encoding 'UTF-8' in an ASCII locale
    
     OK
Flavor: r-release-osx-x86_64-snowleopard