CRAN Package Check Results for Package fastcluster

Last updated on 2014-07-25 19:50:12.

Flavor Version Tinstall Tcheck Ttotal Status Flags
r-devel-linux-x86_64-debian-clang 1.1.13 1.74 29.88 31.61 OK
r-devel-linux-x86_64-debian-gcc 1.1.13 2.74 41.30 44.04 OK
r-devel-linux-x86_64-fedora-clang 1.1.13 65.59 OK
r-devel-linux-x86_64-fedora-gcc 1.1.13 72.19 OK
r-devel-osx-x86_64-clang 1.1.13 50.00 OK
r-devel-windows-ix86+x86_64 1.1.13 10.00 73.00 83.00 OK
r-patched-linux-x86_64 1.1.13 2.74 29.89 32.63 OK
r-patched-solaris-sparc 1.1.13 333.30 OK
r-patched-solaris-x86 1.1.13 90.80 OK
r-release-linux-ix86 1.1.13 4.00 62.25 66.25 OK
r-release-linux-x86_64 1.1.13 3.40 40.63 44.02 OK
r-release-osx-x86_64-mavericks 1.1.13 OK
r-release-osx-x86_64-snowleopard 1.1.13 WARN
r-release-windows-ix86+x86_64 1.1.13 14.00 102.00 116.00 OK
r-oldrel-windows-ix86+x86_64 1.1.13 9.00 75.00 84.00 OK

Check Details

Version: 1.1.13
Check: examples
Result: WARNING
    checking a package with encoding 'UTF-8' in an ASCII locale
    
     OK
Flavor: r-release-osx-x86_64-snowleopard