CRAN Package Check Results for Package fastcluster

Last updated on 2014-12-20 19:48:20.

Flavor Version Tinstall Tcheck Ttotal Status Flags
r-devel-linux-x86_64-debian-clang 1.1.13 2.08 34.59 36.68 OK
r-devel-linux-x86_64-debian-gcc 1.1.13 2.75 33.44 36.19 OK
r-devel-linux-x86_64-fedora-clang 1.1.13 49.54 OK
r-devel-linux-x86_64-fedora-gcc 1.1.13 79.76 OK
r-devel-osx-x86_64-clang 1.1.13 49.22 OK
r-devel-windows-ix86+x86_64 1.1.13 17.00 115.00 132.00 OK
r-patched-linux-x86_64 1.1.13 2.89 41.80 44.70 OK
r-patched-solaris-sparc 1.1.13 451.40 OK
r-patched-solaris-x86 1.1.13 109.00 OK
r-release-linux-ix86 1.1.13 3.84 69.78 73.62 OK
r-release-linux-x86_64 1.1.13 2.85 34.66 37.51 OK
r-release-osx-x86_64-mavericks 1.1.13 OK
r-release-osx-x86_64-snowleopard 1.1.13 WARN
r-release-windows-ix86+x86_64 1.1.13 12.00 122.00 134.00 OK
r-oldrel-windows-ix86+x86_64 1.1.13 9.00 75.00 84.00 OK

Check Details

Version: 1.1.13
Check: examples
Result: WARN
    checking a package with encoding 'UTF-8' in an ASCII locale
    
     OK
Flavor: r-release-osx-x86_64-snowleopard