CRAN Package Check Results for Package fastcluster

Last updated on 2014-10-30 15:49:03.

Flavor Version Tinstall Tcheck Ttotal Status Flags
r-devel-linux-x86_64-debian-clang 1.1.13 2.24 27.91 30.14 OK
r-devel-linux-x86_64-debian-gcc 1.1.13 2.82 37.28 40.10 OK
r-devel-linux-x86_64-fedora-clang 1.1.13 59.42 OK
r-devel-linux-x86_64-fedora-gcc 1.1.13 68.71 OK
r-devel-osx-x86_64-clang 1.1.13 48.97 OK
r-devel-windows-ix86+x86_64 1.1.13 11.00 74.00 85.00 OK
r-patched-linux-x86_64 1.1.13 2.84 26.78 29.62 OK
r-patched-solaris-sparc 1.1.13 451.40 OK
r-patched-solaris-x86 1.1.13 82.10 OK
r-release-linux-ix86 1.1.13 4.08 65.87 69.95 OK
r-release-linux-x86_64 1.1.13 2.78 41.32 44.09 OK
r-release-osx-x86_64-mavericks 1.1.13 OK
r-release-osx-x86_64-snowleopard 1.1.13 WARN
r-release-windows-ix86+x86_64 1.1.13 14.00 102.00 116.00 OK
r-oldrel-windows-ix86+x86_64 1.1.13 9.00 75.00 84.00 OK

Check Details

Version: 1.1.13
Check: examples
Result: WARN
    checking a package with encoding 'UTF-8' in an ASCII locale
    
     OK
Flavor: r-release-osx-x86_64-snowleopard