CRAN Package Check Results for Package fastcluster

Last updated on 2017-02-26 23:48:13.

Flavor Version Tinstall Tcheck Ttotal Status Flags
r-devel-linux-x86_64-debian-clang 1.1.22 2.97 32.56 35.53 NOTE
r-devel-linux-x86_64-debian-gcc 1.1.22 2.94 26.71 29.65 NOTE
r-devel-linux-x86_64-fedora-clang 1.1.22 79.22 NOTE --no-stop-on-test-error
r-devel-linux-x86_64-fedora-gcc 1.1.22 54.62 NOTE --no-stop-on-test-error
r-devel-macos-x86_64-clang 1.1.22 47.60 NOTE --no-stop-on-test-error
r-devel-windows-ix86+x86_64 1.1.22 12.00 157.00 169.00 OK
r-patched-linux-x86_64 1.1.22 2.56 29.00 31.56 OK
r-patched-solaris-sparc 1.1.22 435.30 OK
r-patched-solaris-x86 1.1.22 80.80 OK
r-release-linux-x86_64 1.1.22 2.72 27.44 30.16 OK
r-release-osx-x86_64-mavericks 1.1.22 OK
r-release-windows-ix86+x86_64 1.1.22 16.00 106.00 122.00 OK
r-oldrel-windows-ix86+x86_64 1.1.22 16.00 102.00 118.00 OK

Check Details

Version: 1.1.22
Check: compiled code
Result: NOTE
    File ‘fastcluster/libs/fastcluster.so’:
     Found no call to: ‘R_useDynamicSymbols’
    
    It is good practice to register native routines and to disable symbol
    search.
    
    See ‘Writing portable packages’ in the ‘Writing R Extensions’ manual.
Flavors: r-devel-linux-x86_64-debian-clang, r-devel-linux-x86_64-debian-gcc

Version: 1.1.22
Flags: --no-stop-on-test-error
Check: compiled code
Result: NOTE
    File ‘fastcluster/libs/fastcluster.so’:
     Found no call to: ‘R_useDynamicSymbols’
    
    It is good practice to register native routines and to disable symbol
    search.
    
    See ‘Writing portable packages’ in the ‘Writing R Extensions’ manual.
Flavors: r-devel-linux-x86_64-fedora-clang, r-devel-linux-x86_64-fedora-gcc, r-devel-macos-x86_64-clang