CRAN Package Check Results for Package fastcluster

Last updated on 2014-09-02 05:46:32.

Flavor Version Tinstall Tcheck Ttotal Status Flags
r-devel-linux-x86_64-debian-clang 1.1.13 1.73 37.96 39.68 OK
r-devel-linux-x86_64-debian-gcc 1.1.13 2.72 36.34 39.06 OK
r-devel-linux-x86_64-fedora-clang 1.1.13 65.78 OK
r-devel-linux-x86_64-fedora-gcc 1.1.13 74.11 OK
r-devel-osx-x86_64-clang 1.1.13 56.84 OK
r-devel-windows-ix86+x86_64 1.1.13 10.00 91.00 101.00 OK
r-patched-linux-x86_64 1.1.13 2.77 24.05 26.82 OK
r-patched-solaris-sparc 1.1.13 451.40 OK
r-patched-solaris-x86 1.1.13 82.80 OK
r-release-linux-ix86 1.1.13 4.00 65.48 69.48 OK
r-release-linux-x86_64 1.1.13 2.75 32.53 35.28 OK
r-release-osx-x86_64-mavericks 1.1.13 OK
r-release-osx-x86_64-snowleopard 1.1.13 WARN
r-release-windows-ix86+x86_64 1.1.13 14.00 102.00 116.00 OK
r-oldrel-windows-ix86+x86_64 1.1.13 9.00 75.00 84.00 OK

Check Details

Version: 1.1.13
Check: examples
Result: WARN
    checking a package with encoding 'UTF-8' in an ASCII locale
    
     OK
Flavor: r-release-osx-x86_64-snowleopard