CRAN Package Check Results for Package fastcluster

Last updated on 2017-03-23 23:50:41.

Flavor Version Tinstall Tcheck Ttotal Status Flags
r-devel-linux-x86_64-debian-clang 1.1.22 3.01 43.77 46.78 NOTE
r-devel-linux-x86_64-debian-gcc 1.1.22 2.89 28.34 31.23 NOTE
r-devel-linux-x86_64-fedora-clang 1.1.22 80.27 NOTE --no-stop-on-test-error
r-devel-linux-x86_64-fedora-gcc 1.1.22 51.87 NOTE --no-stop-on-test-error
r-devel-macos-x86_64-clang 1.1.22 44.89 NOTE --no-stop-on-test-error
r-devel-windows-ix86+x86_64 1.1.22 13.00 88.00 101.00 OK
r-patched-linux-x86_64 1.1.22 2.64 29.20 31.84 OK
r-patched-solaris-sparc 1.1.22 434.40 OK
r-patched-solaris-x86 1.1.22 71.30 OK
r-release-linux-x86_64 1.1.22 2.66 26.14 28.80 OK
r-release-osx-x86_64-mavericks 1.1.22 OK
r-release-windows-ix86+x86_64 1.1.22 16.00 106.00 122.00 OK
r-oldrel-windows-ix86+x86_64 1.1.22 16.00 102.00 118.00 OK

Check Details

Version: 1.1.22
Check: compiled code
Result: NOTE
    File ‘fastcluster/libs/fastcluster.so’:
     Found no call to: ‘R_useDynamicSymbols’
    
    It is good practice to register native routines and to disable symbol
    search.
    
    See ‘Writing portable packages’ in the ‘Writing R Extensions’ manual.
Flavors: r-devel-linux-x86_64-debian-clang, r-devel-linux-x86_64-debian-gcc

Version: 1.1.22
Flags: --no-stop-on-test-error
Check: compiled code
Result: NOTE
    File ‘fastcluster/libs/fastcluster.so’:
     Found no call to: ‘R_useDynamicSymbols’
    
    It is good practice to register native routines and to disable symbol
    search.
    
    See ‘Writing portable packages’ in the ‘Writing R Extensions’ manual.
Flavors: r-devel-linux-x86_64-fedora-clang, r-devel-linux-x86_64-fedora-gcc, r-devel-macos-x86_64-clang