CRAN Package Check Results for Package fastcluster

Last updated on 2017-05-25 15:48:21.

Flavor Version Tinstall Tcheck Ttotal Status Flags
r-devel-linux-x86_64-debian-clang 1.1.22 3.04 38.41 41.46 NOTE
r-devel-linux-x86_64-debian-gcc 1.1.22 2.81 29.26 32.07 NOTE
r-devel-linux-x86_64-fedora-clang 1.1.22 64.14 NOTE --no-stop-on-test-error
r-devel-linux-x86_64-fedora-gcc 1.1.22 56.16 NOTE --no-stop-on-test-error
r-devel-windows-ix86+x86_64 1.1.22 18.00 124.00 142.00 OK
r-patched-linux-x86_64 1.1.22 2.84 31.95 34.79 NOTE
r-patched-solaris-sparc 1.1.22 434.40 OK
r-patched-solaris-x86 1.1.22 90.10 OK
r-release-linux-x86_64 1.1.22 2.62 31.01 33.63 NOTE
r-release-windows-ix86+x86_64 1.1.22 12.00 97.00 109.00 OK
r-release-osx-x86_64 1.1.22 OK
r-oldrel-windows-ix86+x86_64 1.1.22 16.00 106.00 122.00 OK
r-oldrel-osx-x86_64 1.1.22 OK

Check Details

Version: 1.1.22
Check: compiled code
Result: NOTE
    File ‘fastcluster/libs/fastcluster.so’:
     Found no call to: ‘R_useDynamicSymbols’
    
    It is good practice to register native routines and to disable symbol
    search.
    
    See ‘Writing portable packages’ in the ‘Writing R Extensions’ manual.
Flavors: r-devel-linux-x86_64-debian-clang, r-devel-linux-x86_64-debian-gcc, r-patched-linux-x86_64, r-release-linux-x86_64

Version: 1.1.22
Flags: --no-stop-on-test-error
Check: compiled code
Result: NOTE
    File ‘fastcluster/libs/fastcluster.so’:
     Found no call to: ‘R_useDynamicSymbols’
    
    It is good practice to register native routines and to disable symbol
    search.
    
    See ‘Writing portable packages’ in the ‘Writing R Extensions’ manual.
Flavors: r-devel-linux-x86_64-fedora-clang, r-devel-linux-x86_64-fedora-gcc