CRAN Package Check Results for Package fastcluster

Last updated on 2014-04-23 12:48:17.

Flavor Version Tinstall Tcheck Ttotal Status Flags
r-devel-linux-x86_64-debian-clang 1.1.13 1.88 41.74 43.62 OK
r-devel-linux-x86_64-debian-gcc 1.1.13 2.72 30.71 33.42 OK
r-devel-linux-x86_64-fedora-clang 1.1.13 48.04 OK
r-devel-linux-x86_64-fedora-gcc 1.1.13 81.62 OK
r-devel-osx-x86_64-clang 1.1.13 48.14 OK
r-devel-osx-x86_64-gcc 1.1.13 OK
r-devel-windows-ix86+x86_64 1.1.13 10.00 89.00 99.00 OK
r-patched-linux-x86_64 1.1.13 2.74 32.14 34.88 OK
r-patched-solaris-sparc 1.1.13 333.30 OK
r-patched-solaris-x86 1.1.13 73.40 OK
r-release-linux-ix86 1.1.13 5.00 51.00 56.00 OK
r-release-linux-x86_64 1.1.13 2.74 33.05 35.78 OK
r-release-osx-x86_64-mavericks 1.1.13 OK
r-release-osx-x86_64-snowleopard 1.1.13 WARN
r-release-windows-ix86+x86_64 1.1.13 18.00 88.00 106.00 OK
r-oldrel-windows-ix86+x86_64 1.1.13 9.00 75.00 84.00 OK

Check Details

Version: 1.1.13
Check: examples
Result: WARNING
    checking a package with encoding 'UTF-8' in an ASCII locale
    
     OK
Flavor: r-release-osx-x86_64-snowleopard