CRAN Package Check Results for Package fastcox

Last updated on 2014-07-24 05:48:25.

Flavor Version Tinstall Tcheck Ttotal Status Flags
r-devel-linux-x86_64-debian-clang 1.1.1 4.23 38.45 42.68 OK
r-devel-linux-x86_64-debian-gcc 1.1.1 4.28 37.96 42.24 OK
r-devel-linux-x86_64-fedora-clang 1.1.1 103.53 OK
r-devel-linux-x86_64-fedora-gcc 1.1.1 98.62 OK
r-devel-osx-x86_64-clang 1.1.1 81.92 OK
r-devel-windows-ix86+x86_64 1.1.1 20.00 78.00 98.00 OK
r-patched-linux-x86_64 1.1.1 5.37 39.21 44.58 OK
r-patched-solaris-sparc 1.1.1 540.60 OK
r-patched-solaris-x86 1.1.1 131.50 OK
r-release-linux-ix86 1.1.1 5.72 49.97 55.69 OK
r-release-linux-x86_64 1.1.1 4.49 39.89 44.38 OK
r-release-osx-x86_64-mavericks 1.1.1 WARN
r-release-osx-x86_64-snowleopard 1.1.1 OK
r-release-windows-ix86+x86_64 1.1.1 19.00 75.00 94.00 OK
r-oldrel-windows-ix86+x86_64 1.1.1 17.00 76.00 93.00 OK

Memtest notes: valgrind

Check Details

Version: 1.1.1
Check: whether package can be installed
Result: WARNING
    Found the following significant warnings:
     Warning: Possible change of value in conversion from REAL(4) to INTEGER(4) at (1)
    See ‘/Builds/CRAN-QA-Simon/packages/mavericks-x86_64/results/3.1/fastcox.Rcheck/00install.out’ for details.
Flavor: r-release-osx-x86_64-mavericks