CRAN Package Check Results for Package fastcox

Last updated on 2014-10-01 19:49:35.

Flavor Version Tinstall Tcheck Ttotal Status Flags
r-devel-linux-x86_64-debian-clang 1.1.1 4.35 38.76 43.11 OK
r-devel-linux-x86_64-debian-gcc 1.1.1 4.30 37.93 42.22 OK
r-devel-linux-x86_64-fedora-clang 1.1.1 100.26 OK
r-devel-linux-x86_64-fedora-gcc 1.1.1 94.01 OK
r-devel-osx-x86_64-clang 1.1.1 78.77 OK
r-devel-windows-ix86+x86_64 1.1.1 18.00 73.00 91.00 OK
r-patched-linux-x86_64 1.1.1 4.32 39.72 44.04 OK
r-patched-solaris-sparc 1.1.1 555.90 OK
r-patched-solaris-x86 1.1.1 134.10 OK
r-release-linux-ix86 1.1.1 5.80 49.77 55.56 OK
r-release-linux-x86_64 1.1.1 4.48 39.16 43.65 OK
r-release-osx-x86_64-mavericks 1.1.1 WARN
r-release-osx-x86_64-snowleopard 1.1.1 OK
r-release-windows-ix86+x86_64 1.1.1 19.00 79.00 98.00 OK
r-oldrel-windows-ix86+x86_64 1.1.1 19.00 74.00 93.00 OK

Memtest notes: valgrind

Check Details

Version: 1.1.1
Check: whether package can be installed
Result: WARN
    Found the following significant warnings:
     Warning: Possible change of value in conversion from REAL(4) to INTEGER(4) at (1)
Flavor: r-release-osx-x86_64-mavericks