CRAN Package Check Results for Package fastcox

Last updated on 2014-04-24 07:52:27.

Flavor Version Tinstall Tcheck Ttotal Status Flags
r-devel-linux-x86_64-debian-clang 1.1.1 4.48 40.32 44.80 OK
r-devel-linux-x86_64-debian-gcc 1.1.1 4.61 40.28 44.89 OK
r-devel-linux-x86_64-fedora-clang 1.1.1 104.21 OK
r-devel-linux-x86_64-fedora-gcc 1.1.1 100.66 OK
r-devel-osx-x86_64-clang 1.1.1 75.58 OK
r-devel-osx-x86_64-gcc 1.1.1 OK
r-devel-windows-ix86+x86_64 1.1.1 20.00 77.00 97.00 OK
r-patched-linux-x86_64 1.1.1 4.52 39.91 44.42 OK
r-patched-solaris-sparc 1.1.1 540.60 OK
r-patched-solaris-x86 1.1.1 132.10 OK
r-release-linux-ix86 1.1.1 7.00 68.00 75.00 OK
r-release-linux-x86_64 1.1.1 4.43 40.44 44.87 OK
r-release-osx-x86_64-mavericks 1.1.1 WARN
r-release-osx-x86_64-snowleopard 1.1.1 OK
r-release-windows-ix86+x86_64 1.1.1 19.00 75.00 94.00 OK
r-oldrel-windows-ix86+x86_64 1.1.1 19.00 82.00 101.00 OK

Memtest notes: valgrind

Check Details

Version: 1.1.1
Check: whether package can be installed
Result: WARNING
    Found the following significant warnings:
     Warning: Possible change of value in conversion from REAL(4) to INTEGER(4) at (1)
    See ‘/Builds/CRAN-QA-Simon/packages/mavericks-x86_64/results/3.1/fastcox.Rcheck/00install.out’ for details.
Flavor: r-release-osx-x86_64-mavericks

Version: 1.1.1
Check: PDF version of manual
Result: WARNING
    LaTeX errors when creating PDF version.
    This typically indicates Rd problems.
    LaTeX errors found:
    ! LaTeX Error: File `upquote.sty' not found.
    
    Type X to quit or <RETURN> to proceed,
    or enter new name. (Default extension: sty)
    
    269873ba/Rd2.tex:8: ==> Fatal error occurred, no output PDF file produced!
Flavor: r-release-osx-x86_64-mavericks