CRAN Package Check Results for Package fastcox

Last updated on 2015-07-02 03:46:47.

Flavor Version Tinstall Tcheck Ttotal Status Flags
r-devel-linux-x86_64-debian-clang 1.1.1 3.54 32.83 36.37 NOTE
r-devel-linux-x86_64-debian-gcc 1.1.1 4.02 32.32 36.34 NOTE
r-devel-linux-x86_64-fedora-clang 1.1.1 72.59 NOTE
r-devel-linux-x86_64-fedora-gcc 1.1.1 68.90 NOTE
r-devel-osx-x86_64-clang 1.1.1 66.18 OK
r-devel-windows-ix86+x86_64 1.1.1 20.00 72.00 92.00 NOTE
r-patched-linux-x86_64 1.1.1 3.59 33.08 36.66 OK
r-patched-solaris-sparc 1.1.1 463.40 OK
r-patched-solaris-x86 1.1.1 104.70 OK
r-release-linux-x86_64 1.1.1 3.90 34.59 38.49 OK
r-release-osx-x86_64-mavericks 1.1.1 WARN
r-release-windows-ix86+x86_64 1.1.1 18.00 73.00 91.00 OK
r-oldrel-windows-ix86+x86_64 1.1.1 21.00 109.00 130.00 OK

Memtest notes: valgrind

Check Details

Version: 1.1.1
Check: R code for possible problems
Result: NOTE
    cv.cocktail: no visible global function definition for ‘predict’
    cv.survpath: no visible global function definition for ‘predict’
    cv.survpath: no visible binding for global variable ‘weighted.mean’
    error.bars: no visible global function definition for ‘segments’
    getoutput: no visible global function definition for ‘new’
    lambda.interp: no visible global function definition for ‘approx’
    plot.cocktail: no visible global function definition for ‘matplot’
    plot.cocktail: no visible global function definition for ‘gray.colors’
    plot.cocktail: no visible global function definition for ‘text’
    plot.cv.cocktail: no visible global function definition for ‘points’
    plot.cv.cocktail: no visible global function definition for ‘axis’
    plot.cv.cocktail: no visible global function definition for ‘abline’
    zeromat: no visible global function definition for ‘new’
Flavors: r-devel-linux-x86_64-debian-clang, r-devel-linux-x86_64-debian-gcc, r-devel-linux-x86_64-fedora-clang, r-devel-linux-x86_64-fedora-gcc, r-devel-windows-ix86+x86_64

Version: 1.1.1
Check: whether package can be installed
Result: WARN
    Found the following significant warnings:
     Warning: Possible change of value in conversion from REAL(4) to INTEGER(4) at (1)
Flavor: r-release-osx-x86_64-mavericks