CRAN Package Check Results for Package fastcox

Last updated on 2014-09-20 03:48:40.

Flavor Version Tinstall Tcheck Ttotal Status Flags
r-devel-linux-x86_64-debian-clang 1.1.1 4.19 37.89 42.08 OK
r-devel-linux-x86_64-debian-gcc 1.1.1 4.18 38.08 42.26 OK
r-devel-linux-x86_64-fedora-clang 1.1.1 97.72 OK
r-devel-linux-x86_64-fedora-gcc 1.1.1 92.60 OK
r-devel-osx-x86_64-clang 1.1.1 81.47 OK
r-devel-windows-ix86+x86_64 1.1.1 19.00 78.00 97.00 OK
r-patched-linux-x86_64 1.1.1 4.49 38.94 43.42 OK
r-patched-solaris-sparc 1.1.1 555.90 OK
r-patched-solaris-x86 1.1.1 132.40 OK
r-release-linux-ix86 1.1.1 5.78 49.58 55.36 OK
r-release-linux-x86_64 1.1.1 4.37 40.66 45.03 OK
r-release-osx-x86_64-mavericks 1.1.1 WARN
r-release-osx-x86_64-snowleopard 1.1.1 OK
r-release-windows-ix86+x86_64 1.1.1 19.00 81.00 100.00 OK
r-oldrel-windows-ix86+x86_64 1.1.1 17.00 76.00 93.00 OK

Memtest notes: valgrind

Check Details

Version: 1.1.1
Check: whether package can be installed
Result: WARN
    Found the following significant warnings:
     Warning: Possible change of value in conversion from REAL(4) to INTEGER(4) at (1)
Flavor: r-release-osx-x86_64-mavericks