CRAN Package Check Results for Package fastcox

Last updated on 2014-11-24 15:47:12.

Flavor Version Tinstall Tcheck Ttotal Status Flags
r-devel-linux-x86_64-debian-clang 1.1.1 4.34 38.42 42.76 OK
r-devel-linux-x86_64-debian-gcc 1.1.1 4.17 37.63 41.80 OK
r-devel-linux-x86_64-fedora-clang 1.1.1 101.00 OK
r-devel-linux-x86_64-fedora-gcc 1.1.1 97.75 OK
r-devel-osx-x86_64-clang 1.1.1 87.73 OK
r-devel-windows-ix86+x86_64 1.1.1 18.00 75.00 93.00 OK
r-patched-linux-x86_64 1.1.1 4.50 38.93 43.43 OK
r-patched-solaris-sparc 1.1.1 555.90 OK
r-patched-solaris-x86 1.1.1 134.60 OK
r-release-linux-ix86 1.1.1 5.53 48.44 53.96 OK
r-release-linux-x86_64 1.1.1 4.36 39.22 43.58 OK
r-release-osx-x86_64-mavericks 1.1.1 WARN
r-release-osx-x86_64-snowleopard 1.1.1 OK
r-release-windows-ix86+x86_64 1.1.1 21.00 82.00 103.00 OK
r-oldrel-windows-ix86+x86_64 1.1.1 18.00 78.00 96.00 OK

Memtest notes: valgrind

Check Details

Version: 1.1.1
Check: whether package can be installed
Result: WARN
    Found the following significant warnings:
     Warning: Possible change of value in conversion from REAL(4) to INTEGER(4) at (1)
Flavor: r-release-osx-x86_64-mavericks