CRAN Package Check Results for Package fastcox

Last updated on 2015-09-02 17:49:16.

Flavor Version Tinstall Tcheck Ttotal Status Flags
r-devel-linux-x86_64-debian-clang 1.1.1 3.64 31.80 35.44 NOTE
r-devel-linux-x86_64-debian-gcc 1.1.1 3.61 31.35 34.96 NOTE
r-devel-linux-x86_64-fedora-clang 1.1.1 73.17 NOTE
r-devel-linux-x86_64-fedora-gcc 1.1.1 69.73 NOTE
r-devel-osx-x86_64-clang 1.1.1 60.41 OK
r-devel-windows-ix86+x86_64 1.1.1 23.00 81.00 104.00 NOTE
r-patched-linux-x86_64 1.1.1 3.84 33.86 37.70 OK
r-patched-solaris-sparc 1.1.1 467.10 OK
r-patched-solaris-x86 1.1.1 102.80 OK
r-release-linux-x86_64 1.1.1 3.85 32.50 36.35 OK
r-release-osx-x86_64-mavericks 1.1.1 WARN
r-release-windows-ix86+x86_64 1.1.1 21.00 80.00 101.00 OK
r-oldrel-windows-ix86+x86_64 1.1.1 25.00 99.00 124.00 OK

Memtest notes: valgrind

Check Details

Version: 1.1.1
Check: R code for possible problems
Result: NOTE
    cv.cocktail: no visible global function definition for ‘predict’
    cv.survpath: no visible global function definition for ‘predict’
    cv.survpath: no visible binding for global variable ‘weighted.mean’
    error.bars: no visible global function definition for ‘segments’
    getoutput: no visible global function definition for ‘new’
    lambda.interp: no visible global function definition for ‘approx’
    plot.cocktail: no visible global function definition for ‘matplot’
    plot.cocktail: no visible global function definition for ‘gray.colors’
    plot.cocktail: no visible global function definition for ‘text’
    plot.cv.cocktail: no visible global function definition for ‘points’
    plot.cv.cocktail: no visible global function definition for ‘axis’
    plot.cv.cocktail: no visible global function definition for ‘abline’
    zeromat: no visible global function definition for ‘new’
    Undefined global functions or variables:
     abline approx axis gray.colors matplot new points predict segments
     text weighted.mean
    Consider adding
     importFrom("grDevices", "gray.colors")
     importFrom("graphics", "abline", "axis", "matplot", "points",
     "segments", "text")
     importFrom("methods", "new")
     importFrom("stats", "approx", "predict", "weighted.mean")
    to your NAMESPACE (and ensure that your DESCRIPTION Imports field
    contains 'methods').
Flavors: r-devel-linux-x86_64-debian-clang, r-devel-linux-x86_64-debian-gcc, r-devel-linux-x86_64-fedora-clang, r-devel-linux-x86_64-fedora-gcc, r-devel-windows-ix86+x86_64

Version: 1.1.1
Check: whether package can be installed
Result: WARN
    Found the following significant warnings:
     Warning: Possible change of value in conversion from REAL(4) to INTEGER(4) at (1)
Flavor: r-release-osx-x86_64-mavericks