CRAN Package Check Results for Package fastcox

Last updated on 2014-08-29 23:48:46.

Flavor Version Tinstall Tcheck Ttotal Status Flags
r-devel-linux-x86_64-debian-clang 1.1.1 4.64 37.83 42.47 OK
r-devel-linux-x86_64-debian-gcc 1.1.1 4.36 37.65 42.01 OK
r-devel-linux-x86_64-fedora-clang 1.1.1 101.56 OK
r-devel-linux-x86_64-fedora-gcc 1.1.1 94.90 OK
r-devel-osx-x86_64-clang 1.1.1 79.86 OK
r-devel-windows-ix86+x86_64 1.1.1 19.00 79.00 98.00 OK
r-patched-linux-x86_64 1.1.1 4.30 38.32 42.62 OK
r-patched-solaris-sparc 1.1.1 555.90 OK
r-patched-solaris-x86 1.1.1 134.60 OK
r-release-linux-ix86 1.1.1 5.89 50.97 56.86 OK
r-release-linux-x86_64 1.1.1 4.32 38.88 43.20 OK
r-release-osx-x86_64-mavericks 1.1.1 WARN
r-release-osx-x86_64-snowleopard 1.1.1 OK
r-release-windows-ix86+x86_64 1.1.1 19.00 79.00 98.00 OK
r-oldrel-windows-ix86+x86_64 1.1.1 19.00 107.00 126.00 OK

Memtest notes: valgrind

Check Details

Version: 1.1.1
Check: whether package can be installed
Result: WARN
    Found the following significant warnings:
     Warning: Possible change of value in conversion from REAL(4) to INTEGER(4) at (1)
Flavor: r-release-osx-x86_64-mavericks