CRAN Package Check Results for Package fastcox

Last updated on 2014-12-19 20:48:15.

Flavor Version Tinstall Tcheck Ttotal Status Flags
r-devel-linux-x86_64-debian-clang 1.1.1 4.79 38.60 43.39 OK
r-devel-linux-x86_64-debian-gcc 1.1.1 4.17 37.26 41.43 OK
r-devel-linux-x86_64-fedora-clang 1.1.1 102.93 OK
r-devel-linux-x86_64-fedora-gcc 1.1.1 92.11 OK
r-devel-osx-x86_64-clang 1.1.1 86.37 OK
r-devel-windows-ix86+x86_64 1.1.1 20.00 75.00 95.00 OK
r-patched-linux-x86_64 1.1.1 4.42 38.98 43.40 OK
r-patched-solaris-sparc 1.1.1 555.90 OK
r-patched-solaris-x86 1.1.1 134.80 OK
r-release-linux-ix86 1.1.1 5.54 48.20 53.74 OK
r-release-linux-x86_64 1.1.1 4.44 38.58 43.02 OK
r-release-osx-x86_64-mavericks 1.1.1 WARN
r-release-osx-x86_64-snowleopard 1.1.1 OK
r-release-windows-ix86+x86_64 1.1.1 21.00 78.00 99.00 OK
r-oldrel-windows-ix86+x86_64 1.1.1 19.00 78.00 97.00 OK

Memtest notes: valgrind

Check Details

Version: 1.1.1
Check: whether package can be installed
Result: WARN
    Found the following significant warnings:
     Warning: Possible change of value in conversion from REAL(4) to INTEGER(4) at (1)
Flavor: r-release-osx-x86_64-mavericks