CRAN Package Check Results for Package fastcox

Last updated on 2015-03-03 03:48:53.

Flavor Version Tinstall Tcheck Ttotal Status Flags
r-devel-linux-x86_64-debian-clang 1.1.1 3.53 34.92 38.45 OK
r-devel-linux-x86_64-debian-gcc 1.1.1 3.42 33.50 36.92 OK
r-devel-linux-x86_64-fedora-clang 1.1.1 75.51 OK
r-devel-linux-x86_64-fedora-gcc 1.1.1 70.87 OK
r-devel-osx-x86_64-clang 1.1.1 67.87 OK
r-devel-windows-ix86+x86_64 1.1.1 30.00 89.00 119.00 OK
r-patched-linux-x86_64 1.1.1 4.40 39.67 44.07 OK
r-patched-solaris-sparc 1.1.1 573.10 OK
r-patched-solaris-x86 1.1.1 132.70 OK
r-release-linux-ix86 1.1.1 5.47 49.58 55.04 OK
r-release-linux-x86_64 1.1.1 4.78 39.53 44.31 OK
r-release-osx-x86_64-mavericks 1.1.1 WARN
r-release-osx-x86_64-snowleopard 1.1.1 OK
r-release-windows-ix86+x86_64 1.1.1 28.00 82.00 110.00 OK
r-oldrel-windows-ix86+x86_64 1.1.1 20.00 80.00 100.00 OK

Memtest notes: valgrind

Check Details

Version: 1.1.1
Check: whether package can be installed
Result: WARN
    Found the following significant warnings:
     Warning: Possible change of value in conversion from REAL(4) to INTEGER(4) at (1)
Flavor: r-release-osx-x86_64-mavericks