Last updated on 2023-02-05 13:52:47 CET.
Flavor | Version | Tinstall | Tcheck | Ttotal | Status | Flags |
---|---|---|---|---|---|---|
r-devel-linux-x86_64-debian-clang | 0.0.3 | 131.53 | 64.25 | 195.78 | NOTE | |
r-devel-linux-x86_64-debian-gcc | 0.0.3 | 109.37 | 54.58 | 163.95 | NOTE | |
r-devel-linux-x86_64-fedora-clang | 0.0.3 | 235.94 | NOTE | |||
r-devel-linux-x86_64-fedora-gcc | 0.0.3 | 282.18 | NOTE | |||
r-devel-windows-x86_64 | 0.0.3 | 103.00 | 125.00 | 228.00 | NOTE | |
r-patched-linux-x86_64 | 0.0.3 | 117.31 | 70.33 | 187.64 | OK | |
r-release-linux-x86_64 | 0.0.3 | 115.40 | 72.47 | 187.87 | OK | |
r-release-macos-arm64 | 0.0.3 | 105.00 | NOTE | |||
r-release-macos-x86_64 | 0.0.3 | 100.00 | NOTE | |||
r-release-windows-x86_64 | 0.0.3 | 117.00 | 142.00 | 259.00 | OK | |
r-oldrel-macos-arm64 | 0.0.3 | 97.00 | NOTE | |||
r-oldrel-macos-x86_64 | 0.0.3 | 99.00 | NOTE | |||
r-oldrel-windows-ix86+x86_64 | 0.0.3 | 286.00 | 136.00 | 422.00 | OK |
Version: 0.0.3
Check: C++ specification
Result: NOTE
Specified C++11: please update to current default of C++17
Flavors: r-devel-linux-x86_64-debian-clang, r-devel-linux-x86_64-debian-gcc, r-devel-linux-x86_64-fedora-clang, r-devel-linux-x86_64-fedora-gcc, r-devel-windows-x86_64
Version: 0.0.3
Check: installed package size
Result: NOTE
installed size is 47.4Mb
sub-directories of 1Mb or more:
libs 47.2Mb
Flavors: r-release-macos-arm64, r-release-macos-x86_64, r-oldrel-macos-arm64, r-oldrel-macos-x86_64