CRAN Package Check Results for Package fastmaRching

Last updated on 2020-11-28 08:47:41 CET.

Flavor Version Tinstall Tcheck Ttotal Status Flags
r-devel-linux-x86_64-debian-clang 1.1.0 3.18 34.07 37.25 OK
r-devel-linux-x86_64-debian-gcc 1.1.0 2.48 27.77 30.25 OK
r-devel-linux-x86_64-fedora-clang 1.1.0 49.25 NOTE
r-devel-linux-x86_64-fedora-gcc 1.1.0 39.71 NOTE
r-devel-windows-ix86+x86_64 1.1.0 6.00 43.00 49.00 OK
r-patched-linux-x86_64 1.1.0 3.86 33.72 37.58 OK
r-patched-solaris-x86 1.1.0 57.80 NOTE
r-release-linux-x86_64 1.1.0 3.21 33.05 36.26 OK
r-release-macos-x86_64 1.1.0 NOTE
r-release-windows-ix86+x86_64 1.1.0 4.00 37.00 41.00 OK
r-oldrel-macos-x86_64 1.1.0 NOTE
r-oldrel-windows-ix86+x86_64 1.1.0 4.00 44.00 48.00 OK

Check Details

Version: 1.1.0
Check: dependencies in R code
Result: NOTE
    Namespace in Imports field not imported from: ‘rgdal’
     All declared Imports should be used.
Flavors: r-devel-linux-x86_64-fedora-clang, r-devel-linux-x86_64-fedora-gcc, r-patched-solaris-x86, r-release-macos-x86_64, r-oldrel-macos-x86_64