CRAN Package Check Results for Package fastmatch

Last updated on 2019-08-19 11:49:02 CEST.

Flavor Version Tinstall Tcheck Ttotal Status Flags
r-devel-linux-x86_64-debian-clang 1.1-0 3.20 34.09 37.29 NOTE
r-devel-linux-x86_64-debian-gcc 1.1-0 2.37 27.39 29.76 NOTE
r-devel-linux-x86_64-fedora-clang 1.1-0 45.87 NOTE
r-devel-linux-x86_64-fedora-gcc 1.1-0 45.44 NOTE
r-devel-windows-ix86+x86_64 1.1-0 15.00 90.00 105.00 NOTE
r-patched-linux-x86_64 1.1-0 2.60 33.20 35.80 NOTE
r-patched-solaris-x86 1.1-0 82.70 NOTE
r-release-linux-x86_64 1.1-0 2.58 33.23 35.81 NOTE
r-release-windows-ix86+x86_64 1.1-0 10.00 92.00 102.00 NOTE
r-release-osx-x86_64 1.1-0 NOTE
r-oldrel-windows-ix86+x86_64 1.1-0 8.00 66.00 74.00 NOTE
r-oldrel-osx-x86_64 1.1-0 NOTE

Additional issues

rchk

Check Details

Version: 1.1-0
Check: compiled code
Result: NOTE
    File 'fastmatch/libs/fastmatch.so':
     Found non-API call to R: 'match5'
    
    Compiled code should not call non-API entry points in R.
    
    See 'Writing portable packages' in the 'Writing R Extensions' manual.
Flavors: r-devel-linux-x86_64-debian-clang, r-devel-linux-x86_64-debian-gcc, r-patched-linux-x86_64, r-patched-solaris-x86, r-release-linux-x86_64, r-release-osx-x86_64, r-oldrel-osx-x86_64

Version: 1.1-0
Check: compiled code
Result: NOTE
    File ‘fastmatch/libs/fastmatch.so’:
     Found non-API call to R: ‘match5’
    File ‘fastmatch/libs/fastmatch.so’:
     Found no calls to: ‘R_registerRoutines’, ‘R_useDynamicSymbols’
    
    Compiled code should not call non-API entry points in R.
    It is good practice to register native routines and to disable symbol
    search.
    
    See ‘Writing portable packages’ in the ‘Writing R Extensions’ manual.
Flavors: r-devel-linux-x86_64-fedora-clang, r-devel-linux-x86_64-fedora-gcc

Version: 1.1-0
Check: compiled code
Result: NOTE
    File 'fastmatch/libs/i386/fastmatch.dll':
     Found non-API call to R: 'match5'
    File 'fastmatch/libs/x64/fastmatch.dll':
     Found non-API call to R: 'match5'
    
    Compiled code should not call non-API entry points in R.
    
    See 'Writing portable packages' in the 'Writing R Extensions' manual.
Flavors: r-devel-windows-ix86+x86_64, r-release-windows-ix86+x86_64, r-oldrel-windows-ix86+x86_64