CRAN Package Check Results for Package fastmatch

Last updated on 2017-01-18 20:50:04.

Flavor Version Tinstall Tcheck Ttotal Status Flags
r-devel-linux-x86_64-debian-clang 1.0-4 1.04 13.83 14.87 NOTE
r-devel-linux-x86_64-debian-gcc 1.0-4 1.02 13.53 14.55 NOTE
r-devel-linux-x86_64-fedora-clang 1.0-4 26.36 NOTE --no-stop-on-test-error
r-devel-linux-x86_64-fedora-gcc 1.0-4 24.86 NOTE --no-stop-on-test-error
r-devel-macos-x86_64-clang 1.0-4 22.25 NOTE --no-stop-on-test-error
r-devel-windows-ix86+x86_64 1.0-4 12.00 44.00 56.00 OK
r-patched-linux-x86_64 1.0-4 0.86 12.79 13.66 NOTE
r-patched-solaris-sparc 1.0-4 124.50 NOTE
r-patched-solaris-x86 1.0-4 33.50 NOTE
r-release-linux-x86_64 1.0-4 1.02 12.49 13.51 NOTE
r-release-osx-x86_64-mavericks 1.0-4 NOTE
r-release-windows-ix86+x86_64 1.0-4 10.00 40.00 50.00 OK
r-oldrel-windows-ix86+x86_64 1.0-4 12.00 39.00 51.00 NOTE

Check Details

Version: 1.0-4
Check: compiled code
Result: NOTE
    File ‘fastmatch/libs/fastmatch.so’:
     Found non-API call to R: ‘match5’
    
    Compiled code should not call non-API entry points in R.
    
    See ‘Writing portable packages’ in the ‘Writing R Extensions’ manual.
Flavors: r-devel-linux-x86_64-debian-clang, r-devel-linux-x86_64-debian-gcc, r-patched-linux-x86_64, r-patched-solaris-sparc, r-patched-solaris-x86, r-release-linux-x86_64, r-release-osx-x86_64-mavericks

Version: 1.0-4
Flags: --no-stop-on-test-error
Check: compiled code
Result: NOTE
    File ‘fastmatch/libs/fastmatch.so’:
     Found non-API call to R: ‘match5’
    
    Compiled code should not call non-API entry points in R.
    
    See ‘Writing portable packages’ in the ‘Writing R Extensions’ manual.
Flavors: r-devel-linux-x86_64-fedora-clang, r-devel-linux-x86_64-fedora-gcc, r-devel-macos-x86_64-clang

Version: 1.0-4
Check: compiled code
Result: NOTE
    File 'fastmatch/libs/i386/fastmatch.dll':
     Found non-API call to R: 'match5'
    File 'fastmatch/libs/x64/fastmatch.dll':
     Found non-API call to R: 'match5'
    
    Compiled code should not call non-API entry points in R.
    
    See 'Writing portable packages' in the 'Writing R Extensions' manual.
Flavor: r-oldrel-windows-ix86+x86_64