CRAN Package Check Results for Package fastmatch

Last updated on 2019-02-18 21:48:41 CET.

Flavor Version Tinstall Tcheck Ttotal Status Flags
r-devel-linux-x86_64-debian-clang 1.1-0 2.27 33.46 35.73 NOTE
r-devel-linux-x86_64-debian-gcc 1.1-0 1.83 27.06 28.89 NOTE
r-devel-linux-x86_64-fedora-clang 1.1-0 43.54 NOTE
r-devel-linux-x86_64-fedora-gcc 1.1-0 41.19 NOTE
r-devel-windows-ix86+x86_64 1.1-0 12.00 69.00 81.00 NOTE
r-patched-linux-x86_64 1.1-0 1.89 31.89 33.78 NOTE
r-patched-solaris-x86 1.1-0 65.10 NOTE
r-release-linux-x86_64 1.1-0 NOTE
r-release-windows-ix86+x86_64 1.1-0 8.00 66.00 74.00 NOTE
r-release-osx-x86_64 1.1-0 NOTE
r-oldrel-windows-ix86+x86_64 1.1-0 9.00 91.00 100.00 NOTE
r-oldrel-osx-x86_64 1.1-0 NOTE

Additional issues

rchk

Check Details

Version: 1.1-0
Check: compiled code
Result: NOTE
    File ‘fastmatch/libs/fastmatch.so’:
     Found non-API call to R: ‘match5’
    
    Compiled code should not call non-API entry points in R.
    
    See ‘Writing portable packages’ in the ‘Writing R Extensions’ manual.
Flavors: r-devel-linux-x86_64-debian-clang, r-devel-linux-x86_64-debian-gcc, r-patched-linux-x86_64, r-patched-solaris-x86, r-release-linux-x86_64, r-release-osx-x86_64, r-oldrel-osx-x86_64

Version: 1.1-0
Check: compiled code
Result: NOTE
    File ‘fastmatch/libs/fastmatch.so’:
     Found non-API call to R: ‘match5’
    File ‘fastmatch/libs/fastmatch.so’:
     Found no calls to: ‘R_registerRoutines’, ‘R_useDynamicSymbols’
    
    Compiled code should not call non-API entry points in R.
    It is good practice to register native routines and to disable symbol
    search.
    
    See ‘Writing portable packages’ in the ‘Writing R Extensions’ manual.
Flavors: r-devel-linux-x86_64-fedora-clang, r-devel-linux-x86_64-fedora-gcc

Version: 1.1-0
Check: compiled code
Result: NOTE
    File 'fastmatch/libs/i386/fastmatch.dll':
     Found non-API call to R: 'match5'
    File 'fastmatch/libs/x64/fastmatch.dll':
     Found non-API call to R: 'match5'
    
    Compiled code should not call non-API entry points in R.
    
    See 'Writing portable packages' in the 'Writing R Extensions' manual.
Flavors: r-devel-windows-ix86+x86_64, r-release-windows-ix86+x86_64, r-oldrel-windows-ix86+x86_64