CRAN Package Check Results for Package fastmatch

Last updated on 2016-02-12 09:50:41.

Flavor Version Tinstall Tcheck Ttotal Status Flags
r-devel-linux-x86_64-debian-gcc 1.0-4 0.76 11.78 12.54 NOTE
r-devel-linux-x86_64-fedora-clang 1.0-4 22.87 NOTE
r-devel-linux-x86_64-fedora-gcc 1.0-4 23.53 NOTE
r-devel-osx-x86_64-clang 1.0-4 26.22 NOTE
r-devel-windows-ix86+x86_64 1.0-4 8.00 35.00 43.00 NOTE
r-patched-linux-x86_64 1.0-4 0.94 12.10 13.05 NOTE
r-patched-solaris-sparc 1.0-4 129.50 NOTE
r-patched-solaris-x86 1.0-4 35.90 NOTE
r-release-linux-x86_64 1.0-4 0.99 11.81 12.80 NOTE
r-release-osx-x86_64-mavericks 1.0-4 NOTE
r-release-windows-ix86+x86_64 1.0-4 5.00 30.00 35.00 NOTE
r-oldrel-windows-ix86+x86_64 1.0-4 8.00 34.00 42.00 NOTE

Check Details

Version: 1.0-4
Check: compiled code
Result: NOTE
    File ‘fastmatch/libs/fastmatch.so’:
     Found non-API call to R: ‘match5’
    
    Compiled code should not call non-API entry points in R.
    
    See ‘Writing portable packages’ in the ‘Writing R Extensions’ manual.
Flavors: r-devel-linux-x86_64-debian-gcc, r-devel-linux-x86_64-fedora-clang, r-devel-linux-x86_64-fedora-gcc, r-devel-osx-x86_64-clang, r-patched-linux-x86_64, r-patched-solaris-sparc, r-patched-solaris-x86, r-release-linux-x86_64, r-release-osx-x86_64-mavericks

Version: 1.0-4
Check: compiled code
Result: NOTE
    File 'fastmatch/libs/i386/fastmatch.dll':
     Found non-API call to R: 'match5'
    File 'fastmatch/libs/x64/fastmatch.dll':
     Found non-API call to R: 'match5'
    
    Compiled code should not call non-API entry points in R.
    
    See 'Writing portable packages' in the 'Writing R Extensions' manual.
Flavors: r-devel-windows-ix86+x86_64, r-release-windows-ix86+x86_64, r-oldrel-windows-ix86+x86_64