CRAN Package Check Results for Package fastmatch

Last updated on 2017-04-27 10:48:20.

Flavor Version Tinstall Tcheck Ttotal Status Flags
r-devel-linux-x86_64-debian-clang 1.1-0 1.64 20.25 21.88 NOTE
r-devel-linux-x86_64-debian-gcc 1.1-0 1.67 19.60 21.27 NOTE
r-devel-linux-x86_64-fedora-clang 1.1-0 42.02 NOTE --no-stop-on-test-error
r-devel-linux-x86_64-fedora-gcc 1.1-0 39.87 NOTE --no-stop-on-test-error
r-devel-windows-ix86+x86_64 1.1-0 10.00 68.00 78.00 NOTE
r-patched-linux-x86_64 1.1-0 1.50 20.11 21.61 NOTE
r-patched-solaris-sparc 1.1-0 226.00 NOTE
r-patched-solaris-x86 1.1-0 60.10 NOTE
r-release-linux-x86_64 1.1-0 1.69 20.16 21.84 NOTE
r-release-windows-ix86+x86_64 1.1-0 8.00 68.00 76.00 NOTE
r-release-osx-x86_64 1.1-0 NOTE
r-oldrel-windows-ix86+x86_64 1.1-0 12.00 78.00 90.00 OK
r-oldrel-osx-x86_64 1.1-0 NOTE

Check Details

Version: 1.1-0
Check: compiled code
Result: NOTE
    File ‘fastmatch/libs/fastmatch.so’:
     Found non-API call to R: ‘match5’
    File ‘fastmatch/libs/fastmatch.so’:
     Found no calls to: ‘R_registerRoutines’, ‘R_useDynamicSymbols’
    
    Compiled code should not call non-API entry points in R.
    It is good practice to register native routines and to disable symbol
    search.
    
    See ‘Writing portable packages’ in the ‘Writing R Extensions’ manual.
Flavors: r-devel-linux-x86_64-debian-clang, r-devel-linux-x86_64-debian-gcc, r-patched-linux-x86_64, r-release-linux-x86_64

Version: 1.1-0
Flags: --no-stop-on-test-error
Check: compiled code
Result: NOTE
    File ‘fastmatch/libs/fastmatch.so’:
     Found non-API call to R: ‘match5’
    File ‘fastmatch/libs/fastmatch.so’:
     Found no calls to: ‘R_registerRoutines’, ‘R_useDynamicSymbols’
    
    Compiled code should not call non-API entry points in R.
    It is good practice to register native routines and to disable symbol
    search.
    
    See ‘Writing portable packages’ in the ‘Writing R Extensions’ manual.
Flavors: r-devel-linux-x86_64-fedora-clang, r-devel-linux-x86_64-fedora-gcc

Version: 1.1-0
Check: compiled code
Result: NOTE
    File 'fastmatch/libs/i386/fastmatch.dll':
     Found non-API call to R: 'match5'
    File 'fastmatch/libs/x64/fastmatch.dll':
     Found non-API call to R: 'match5'
    
    Compiled code should not call non-API entry points in R.
    
    See 'Writing portable packages' in the 'Writing R Extensions' manual.
Flavors: r-devel-windows-ix86+x86_64, r-release-windows-ix86+x86_64

Version: 1.1-0
Check: compiled code
Result: NOTE
    File ‘fastmatch/libs/fastmatch.so’:
     Found non-API call to R: ‘match5’
    
    Compiled code should not call non-API entry points in R.
    
    See ‘Writing portable packages’ in the ‘Writing R Extensions’ manual.
Flavors: r-patched-solaris-sparc, r-patched-solaris-x86, r-release-osx-x86_64, r-oldrel-osx-x86_64