CRAN Package Check Results for Package fastmatch

Last updated on 2015-01-25 09:51:26.

Flavor Version Tinstall Tcheck Ttotal Status Flags
r-devel-linux-x86_64-debian-clang 1.0-4 0.85 13.00 13.84 NOTE
r-devel-linux-x86_64-debian-gcc 1.0-4 0.87 13.24 14.11 NOTE
r-devel-linux-x86_64-fedora-clang 1.0-4 31.70 NOTE
r-devel-linux-x86_64-fedora-gcc 1.0-4 30.37 NOTE
r-devel-osx-x86_64-clang 1.0-4 30.54 NOTE
r-devel-windows-ix86+x86_64 1.0-4 5.00 32.00 37.00 NOTE
r-patched-linux-x86_64 1.0-4 0.90 13.44 14.34 NOTE
r-patched-solaris-sparc 1.0-4 172.90 NOTE
r-patched-solaris-x86 1.0-4 46.50 NOTE
r-release-linux-ix86 1.0-4 1.26 18.91 20.17 NOTE
r-release-linux-x86_64 1.0-4 0.94 13.03 13.97 NOTE
r-release-osx-x86_64-mavericks 1.0-4 NOTE
r-release-windows-ix86+x86_64 1.0-4 5.00 46.00 51.00 NOTE
r-oldrel-windows-ix86+x86_64 1.0-4 5.00 34.00 39.00 NOTE

Check Details

Version: 1.0-4
Check: compiled code
Result: NOTE
    File ‘fastmatch/libs/fastmatch.so’:
     Found non-API call to R: ‘match5’
    
    Compiled code should not call non-API entry points in R.
    
    See ‘Writing portable packages’ in the ‘Writing R Extensions’ manual.
Flavors: r-devel-linux-x86_64-debian-clang, r-devel-linux-x86_64-debian-gcc, r-devel-linux-x86_64-fedora-clang, r-devel-linux-x86_64-fedora-gcc, r-devel-osx-x86_64-clang, r-patched-linux-x86_64, r-patched-solaris-sparc, r-patched-solaris-x86, r-release-linux-ix86, r-release-linux-x86_64, r-release-osx-x86_64-mavericks

Version: 1.0-4
Check: compiled code
Result: NOTE
    File 'fastmatch/libs/i386/fastmatch.dll':
     Found non-API call to R: 'match5'
    File 'fastmatch/libs/x64/fastmatch.dll':
     Found non-API call to R: 'match5'
    
    Compiled code should not call non-API entry points in R.
    
    See 'Writing portable packages' in the 'Writing R Extensions' manual.
Flavors: r-devel-windows-ix86+x86_64, r-release-windows-ix86+x86_64

Version: 1.0-4
Check: compiled code
Result: NOTE
    File 'd:/Rcompile/CRANpkg/lib/3.0/fastmatch/libs/i386/fastmatch.dll':
     Found non-API call to R: 'match5'
    File 'd:/Rcompile/CRANpkg/lib/3.0/fastmatch/libs/x64/fastmatch.dll':
     Found non-API call to R: 'match5'
    
    Compiled code should not call non-API entry points in R.
    
    See 'Writing portable packages' in the 'Writing R Extensions' manual.
Flavor: r-oldrel-windows-ix86+x86_64