CRAN Package Check Results for Package fastmatch

Last updated on 2015-02-28 19:51:05.

Flavor Version Tinstall Tcheck Ttotal Status Flags
r-devel-linux-x86_64-debian-clang 1.0-4 0.80 12.78 13.58 NOTE
r-devel-linux-x86_64-debian-gcc 1.0-4 0.80 13.49 14.29 NOTE
r-devel-linux-x86_64-fedora-clang 1.0-4 25.96 NOTE
r-devel-linux-x86_64-fedora-gcc 1.0-4 24.91 NOTE
r-devel-osx-x86_64-clang 1.0-4 27.03 NOTE
r-devel-windows-ix86+x86_64 1.0-4 6.00 30.00 36.00 NOTE
r-patched-linux-x86_64 1.0-4 0.93 13.16 14.09 NOTE
r-patched-solaris-sparc 1.0-4 172.90 NOTE
r-patched-solaris-x86 1.0-4 45.90 NOTE
r-release-linux-ix86 1.0-4 1.26 19.72 20.99 NOTE
r-release-linux-x86_64 1.0-4 0.84 12.72 13.56 NOTE
r-release-osx-x86_64-mavericks 1.0-4 NOTE
r-release-windows-ix86+x86_64 1.0-4 5.00 46.00 51.00 NOTE
r-oldrel-windows-ix86+x86_64 1.0-4 5.00 34.00 39.00 NOTE

Check Details

Version: 1.0-4
Check: compiled code
Result: NOTE
    File ‘fastmatch/libs/fastmatch.so’:
     Found non-API call to R: ‘match5’
    
    Compiled code should not call non-API entry points in R.
    
    See ‘Writing portable packages’ in the ‘Writing R Extensions’ manual.
Flavors: r-devel-linux-x86_64-debian-clang, r-devel-linux-x86_64-debian-gcc, r-devel-linux-x86_64-fedora-clang, r-devel-linux-x86_64-fedora-gcc, r-devel-osx-x86_64-clang, r-patched-linux-x86_64, r-patched-solaris-sparc, r-patched-solaris-x86, r-release-linux-ix86, r-release-linux-x86_64, r-release-osx-x86_64-mavericks

Version: 1.0-4
Check: compiled code
Result: NOTE
    File 'fastmatch/libs/i386/fastmatch.dll':
     Found non-API call to R: 'match5'
    File 'fastmatch/libs/x64/fastmatch.dll':
     Found non-API call to R: 'match5'
    
    Compiled code should not call non-API entry points in R.
    
    See 'Writing portable packages' in the 'Writing R Extensions' manual.
Flavors: r-devel-windows-ix86+x86_64, r-release-windows-ix86+x86_64

Version: 1.0-4
Check: compiled code
Result: NOTE
    File 'd:/Rcompile/CRANpkg/lib/3.0/fastmatch/libs/i386/fastmatch.dll':
     Found non-API call to R: 'match5'
    File 'd:/Rcompile/CRANpkg/lib/3.0/fastmatch/libs/x64/fastmatch.dll':
     Found non-API call to R: 'match5'
    
    Compiled code should not call non-API entry points in R.
    
    See 'Writing portable packages' in the 'Writing R Extensions' manual.
Flavor: r-oldrel-windows-ix86+x86_64