CRAN Package Check Results for Package fastmatch

Last updated on 2017-10-18 23:47:44.

Flavor Version Tinstall Tcheck Ttotal Status Flags
r-devel-linux-x86_64-debian-clang 1.1-0 1.58 23.43 25.00 NOTE
r-devel-linux-x86_64-debian-gcc 1.1-0 1.66 24.18 25.84 NOTE
r-devel-linux-x86_64-fedora-clang 1.1-0 44.46 NOTE
r-devel-linux-x86_64-fedora-gcc 1.1-0 41.17 NOTE
r-devel-windows-ix86+x86_64 1.1-0 13.00 67.00 80.00 NOTE
r-patched-linux-x86_64 1.1-0 1.64 20.51 22.15 NOTE
r-patched-solaris-x86 1.1-0 63.60 NOTE
r-release-linux-x86_64 1.1-0 1.54 20.47 22.00 NOTE
r-release-windows-ix86+x86_64 1.1-0 8.00 63.00 71.00 NOTE
r-release-osx-x86_64 1.1-0 NOTE
r-oldrel-windows-ix86+x86_64 1.1-0 12.00 78.00 90.00 OK
r-oldrel-osx-x86_64 1.1-0 NOTE

Additional issues

rchk

Check Details

Version: 1.1-0
Check: compiled code
Result: NOTE
    File ‘fastmatch/libs/fastmatch.so’:
     Found non-API call to R: ‘match5’
    File ‘fastmatch/libs/fastmatch.so’:
     Found no calls to: ‘R_registerRoutines’, ‘R_useDynamicSymbols’
    
    Compiled code should not call non-API entry points in R.
    It is good practice to register native routines and to disable symbol
    search.
    
    See ‘Writing portable packages’ in the ‘Writing R Extensions’ manual.
Flavors: r-devel-linux-x86_64-debian-clang, r-devel-linux-x86_64-debian-gcc, r-devel-linux-x86_64-fedora-clang, r-devel-linux-x86_64-fedora-gcc, r-patched-linux-x86_64, r-release-linux-x86_64

Version: 1.1-0
Check: compiled code
Result: NOTE
    File 'fastmatch/libs/i386/fastmatch.dll':
     Found non-API call to R: 'match5'
    File 'fastmatch/libs/x64/fastmatch.dll':
     Found non-API call to R: 'match5'
    
    Compiled code should not call non-API entry points in R.
    
    See 'Writing portable packages' in the 'Writing R Extensions' manual.
Flavors: r-devel-windows-ix86+x86_64, r-release-windows-ix86+x86_64

Version: 1.1-0
Check: compiled code
Result: NOTE
    File ‘fastmatch/libs/fastmatch.so’:
     Found non-API call to R: ‘match5’
    
    Compiled code should not call non-API entry points in R.
    
    See ‘Writing portable packages’ in the ‘Writing R Extensions’ manual.
Flavors: r-patched-solaris-x86, r-release-osx-x86_64, r-oldrel-osx-x86_64