CRAN Package Check Results for Package fastmatch

Last updated on 2014-09-30 11:48:23.

Flavor Version Tinstall Tcheck Ttotal Status Flags
r-devel-linux-x86_64-debian-clang 1.0-4 0.81 14.78 15.58 NOTE
r-devel-linux-x86_64-debian-gcc 1.0-4 1.05 13.30 14.35 NOTE
r-devel-linux-x86_64-fedora-clang 1.0-4 31.36 NOTE
r-devel-linux-x86_64-fedora-gcc 1.0-4 30.18 NOTE
r-devel-osx-x86_64-clang 1.0-4 29.49 NOTE
r-devel-windows-ix86+x86_64 1.0-4 5.00 33.00 38.00 NOTE
r-patched-linux-x86_64 1.0-4 0.92 13.16 14.08 NOTE
r-patched-solaris-sparc 1.0-4 160.30 NOTE
r-patched-solaris-x86 1.0-4 46.60 NOTE
r-release-linux-ix86 1.0-4 1.25 18.95 20.20 NOTE
r-release-linux-x86_64 1.0-4 0.85 12.92 13.78 NOTE
r-release-osx-x86_64-mavericks 1.0-4 NOTE
r-release-windows-ix86+x86_64 1.0-4 6.00 46.00 52.00 NOTE
r-oldrel-windows-ix86+x86_64 1.0-4 5.00 34.00 39.00 NOTE

Check Details

Version: 1.0-4
Check: compiled code
Result: NOTE
    File ‘fastmatch/libs/fastmatch.so’:
     Found non-API call to R: ‘match5’
    
    Compiled code should not call non-API entry points in R.
    
    See ‘Writing portable packages’ in the ‘Writing R Extensions’ manual.
Flavors: r-devel-linux-x86_64-debian-clang, r-devel-linux-x86_64-debian-gcc, r-devel-linux-x86_64-fedora-clang, r-devel-linux-x86_64-fedora-gcc, r-devel-osx-x86_64-clang

Version: 1.0-4
Check: compiled code
Result: NOTE
    File 'fastmatch/libs/i386/fastmatch.dll':
     Found non-API call to R: 'match5'
    File 'fastmatch/libs/x64/fastmatch.dll':
     Found non-API call to R: 'match5'
    
    Compiled code should not call non-API entry points in R.
    
    See 'Writing portable packages' in the 'Writing R Extensions' manual.
Flavor: r-devel-windows-ix86+x86_64

Version: 1.0-4
Check: compiled code
Result: NOTE
    File ‘/home/hornik/tmp/R.check/r-patched-gcc/Work/build/Packages/fastmatch/libs/fastmatch.so’:
     Found non-API call to R: ‘match5’
    
    Compiled code should not call non-API entry points in R.
    
    See ‘Writing portable packages’ in the ‘Writing R Extensions’ manual.
Flavor: r-patched-linux-x86_64

Version: 1.0-4
Check: compiled code
Result: NOTE
    File ‘/home/ripley/R/Lib32/fastmatch/libs/fastmatch.so’:
     Found non-API call to R: ‘match5’
    
    Compiled code should not call non-API entry points in R.
    
    See ‘Writing portable packages’ in the ‘Writing R Extensions’ manual.
Flavors: r-patched-solaris-sparc, r-patched-solaris-x86

Version: 1.0-4
Check: compiled code
Result: NOTE
    File ‘/home/hornik/tmp/R.check/r-release-gcc/Work/build/Packages/fastmatch/libs/fastmatch.so’:
     Found non-API call to R: ‘match5’
    
    Compiled code should not call non-API entry points in R.
    
    See ‘Writing portable packages’ in the ‘Writing R Extensions’ manual.
Flavors: r-release-linux-ix86, r-release-linux-x86_64

Version: 1.0-4
Check: compiled code
Result: NOTE
    File ‘/Builds/CRAN-QA-Simon/packages/mavericks-x86_64/results/3.1/fastmatch.Rcheck/fastmatch/libs/fastmatch.so’:
     Found non-API call to R: ‘match5’
    
    Compiled code should not call non-API entry points in R.
    
    See ‘Writing portable packages’ in the ‘Writing R Extensions’ manual.
Flavor: r-release-osx-x86_64-mavericks

Version: 1.0-4
Check: compiled code
Result: NOTE
    File 'd:/Rcompile/CRANpkg/lib/3.1/fastmatch/libs/i386/fastmatch.dll':
     Found non-API call to R: 'match5'
    File 'd:/Rcompile/CRANpkg/lib/3.1/fastmatch/libs/x64/fastmatch.dll':
     Found non-API call to R: 'match5'
    
    Compiled code should not call non-API entry points in R.
    
    See 'Writing portable packages' in the 'Writing R Extensions' manual.
Flavor: r-release-windows-ix86+x86_64

Version: 1.0-4
Check: compiled code
Result: NOTE
    File 'd:/Rcompile/CRANpkg/lib/3.0/fastmatch/libs/i386/fastmatch.dll':
     Found non-API call to R: 'match5'
    File 'd:/Rcompile/CRANpkg/lib/3.0/fastmatch/libs/x64/fastmatch.dll':
     Found non-API call to R: 'match5'
    
    Compiled code should not call non-API entry points in R.
    
    See 'Writing portable packages' in the 'Writing R Extensions' manual.
Flavor: r-oldrel-windows-ix86+x86_64