CRAN Package Check Results for Package fastmatch

Last updated on 2019-04-26 13:47:35 CEST.

Flavor Version Tinstall Tcheck Ttotal Status Flags
r-devel-linux-x86_64-debian-clang 1.1-0 2.62 33.73 36.35 NOTE
r-devel-linux-x86_64-debian-gcc 1.1-0 2.07 27.54 29.61 NOTE
r-devel-linux-x86_64-fedora-clang 1.1-0 43.50 NOTE
r-devel-linux-x86_64-fedora-gcc 1.1-0 42.02 NOTE
r-devel-windows-ix86+x86_64 1.1-0 15.00 70.00 85.00 NOTE
r-patched-linux-x86_64 1.1-0 2.59 33.60 36.19 NOTE
r-patched-solaris-x86 1.1-0 72.70 NOTE
r-release-linux-x86_64 1.1-0 1.77 31.32 33.09 NOTE
r-release-windows-ix86+x86_64 1.1-0 8.00 66.00 74.00 NOTE
r-release-osx-x86_64 1.1-0 NOTE
r-oldrel-windows-ix86+x86_64 1.1-0 9.00 91.00 100.00 NOTE
r-oldrel-osx-x86_64 1.1-0 NOTE

Additional issues

rchk

Check Details

Version: 1.1-0
Check: compiled code
Result: NOTE
    File 'fastmatch/libs/fastmatch.so':
     Found non-API call to R: 'match5'
    
    Compiled code should not call non-API entry points in R.
    
    See 'Writing portable packages' in the 'Writing R Extensions' manual.
Flavors: r-devel-linux-x86_64-debian-clang, r-devel-linux-x86_64-debian-gcc, r-patched-linux-x86_64, r-patched-solaris-x86, r-release-linux-x86_64, r-release-osx-x86_64, r-oldrel-osx-x86_64

Version: 1.1-0
Check: compiled code
Result: NOTE
    File ‘fastmatch/libs/fastmatch.so’:
     Found non-API call to R: ‘match5’
    File ‘fastmatch/libs/fastmatch.so’:
     Found no calls to: ‘R_registerRoutines’, ‘R_useDynamicSymbols’
    
    Compiled code should not call non-API entry points in R.
    It is good practice to register native routines and to disable symbol
    search.
    
    See ‘Writing portable packages’ in the ‘Writing R Extensions’ manual.
Flavors: r-devel-linux-x86_64-fedora-clang, r-devel-linux-x86_64-fedora-gcc

Version: 1.1-0
Check: compiled code
Result: NOTE
    File 'fastmatch/libs/i386/fastmatch.dll':
     Found non-API call to R: 'match5'
    File 'fastmatch/libs/x64/fastmatch.dll':
     Found non-API call to R: 'match5'
    
    Compiled code should not call non-API entry points in R.
    
    See 'Writing portable packages' in the 'Writing R Extensions' manual.
Flavors: r-devel-windows-ix86+x86_64, r-release-windows-ix86+x86_64, r-oldrel-windows-ix86+x86_64