CRAN Package Check Results for Package fastmatch

Last updated on 2014-11-21 16:46:30.

Flavor Version Tinstall Tcheck Ttotal Status Flags
r-devel-linux-x86_64-debian-clang 1.0-4 0.84 15.02 15.86 NOTE
r-devel-linux-x86_64-debian-gcc 1.0-4 0.86 13.50 14.36 NOTE
r-devel-linux-x86_64-fedora-clang 1.0-4 31.47 NOTE
r-devel-linux-x86_64-fedora-gcc 1.0-4 30.87 NOTE
r-devel-osx-x86_64-clang 1.0-4 30.92 NOTE
r-devel-windows-ix86+x86_64 1.0-4 5.00 32.00 37.00 NOTE
r-patched-linux-x86_64 1.0-4 0.92 13.06 13.98 NOTE
r-patched-solaris-sparc 1.0-4 160.30 NOTE
r-patched-solaris-x86 1.0-4 47.50 NOTE
r-release-linux-ix86 1.0-4 1.26 18.77 20.02 NOTE
r-release-linux-x86_64 1.0-4 0.89 13.06 13.94 NOTE
r-release-osx-x86_64-mavericks 1.0-4 NOTE
r-release-windows-ix86+x86_64 1.0-4 5.00 46.00 51.00 NOTE
r-oldrel-windows-ix86+x86_64 1.0-4 5.00 34.00 39.00 NOTE

Check Details

Version: 1.0-4
Check: compiled code
Result: NOTE
    File ‘fastmatch/libs/fastmatch.so’:
     Found non-API call to R: ‘match5’
    
    Compiled code should not call non-API entry points in R.
    
    See ‘Writing portable packages’ in the ‘Writing R Extensions’ manual.
Flavors: r-devel-linux-x86_64-debian-clang, r-devel-linux-x86_64-debian-gcc, r-devel-linux-x86_64-fedora-clang, r-devel-linux-x86_64-fedora-gcc, r-devel-osx-x86_64-clang, r-patched-linux-x86_64, r-patched-solaris-x86, r-release-linux-ix86, r-release-linux-x86_64

Version: 1.0-4
Check: compiled code
Result: NOTE
    File 'fastmatch/libs/i386/fastmatch.dll':
     Found non-API call to R: 'match5'
    File 'fastmatch/libs/x64/fastmatch.dll':
     Found non-API call to R: 'match5'
    
    Compiled code should not call non-API entry points in R.
    
    See 'Writing portable packages' in the 'Writing R Extensions' manual.
Flavors: r-devel-windows-ix86+x86_64, r-release-windows-ix86+x86_64

Version: 1.0-4
Check: compiled code
Result: NOTE
    File ‘/home/ripley/R/Lib32/fastmatch/libs/fastmatch.so’:
     Found non-API call to R: ‘match5’
    
    Compiled code should not call non-API entry points in R.
    
    See ‘Writing portable packages’ in the ‘Writing R Extensions’ manual.
Flavor: r-patched-solaris-sparc

Version: 1.0-4
Check: compiled code
Result: NOTE
    File ‘/Builds/CRAN-QA-Simon/packages/mavericks-x86_64/results/3.1/fastmatch.Rcheck/fastmatch/libs/fastmatch.so’:
     Found non-API call to R: ‘match5’
    
    Compiled code should not call non-API entry points in R.
    
    See ‘Writing portable packages’ in the ‘Writing R Extensions’ manual.
Flavor: r-release-osx-x86_64-mavericks

Version: 1.0-4
Check: compiled code
Result: NOTE
    File 'd:/Rcompile/CRANpkg/lib/3.0/fastmatch/libs/i386/fastmatch.dll':
     Found non-API call to R: 'match5'
    File 'd:/Rcompile/CRANpkg/lib/3.0/fastmatch/libs/x64/fastmatch.dll':
     Found non-API call to R: 'match5'
    
    Compiled code should not call non-API entry points in R.
    
    See 'Writing portable packages' in the 'Writing R Extensions' manual.
Flavor: r-oldrel-windows-ix86+x86_64