CRAN Package Check Results for Package fastmatch

Last updated on 2015-07-07 03:47:37.

Flavor Version Tinstall Tcheck Ttotal Status Flags
r-devel-linux-x86_64-debian-clang 1.0-4 0.80 12.66 13.46 NOTE
r-devel-linux-x86_64-debian-gcc 1.0-4 0.78 11.78 12.57 NOTE
r-devel-linux-x86_64-fedora-clang 1.0-4 24.49 NOTE
r-devel-linux-x86_64-fedora-gcc 1.0-4 23.46 NOTE
r-devel-osx-x86_64-clang 1.0-4 23.40 NOTE
r-devel-windows-ix86+x86_64 1.0-4 6.00 31.00 37.00 NOTE
r-patched-linux-x86_64 1.0-4 0.82 13.32 14.14 NOTE
r-patched-solaris-sparc 1.0-4 148.20 NOTE
r-patched-solaris-x86 1.0-4 39.00 NOTE
r-release-linux-x86_64 1.0-4 0.82 12.30 13.11 NOTE
r-release-osx-x86_64-mavericks 1.0-4 NOTE
r-release-windows-ix86+x86_64 1.0-4 6.00 34.00 40.00 NOTE
r-oldrel-windows-ix86+x86_64 1.0-4 8.00 34.00 42.00 NOTE

Check Details

Version: 1.0-4
Check: compiled code
Result: NOTE
    File ‘fastmatch/libs/fastmatch.so’:
     Found non-API call to R: ‘match5’
    
    Compiled code should not call non-API entry points in R.
    
    See ‘Writing portable packages’ in the ‘Writing R Extensions’ manual.
Flavors: r-devel-linux-x86_64-debian-clang, r-devel-linux-x86_64-debian-gcc, r-devel-linux-x86_64-fedora-clang, r-devel-linux-x86_64-fedora-gcc, r-devel-osx-x86_64-clang, r-patched-linux-x86_64, r-patched-solaris-sparc, r-patched-solaris-x86, r-release-linux-x86_64, r-release-osx-x86_64-mavericks

Version: 1.0-4
Check: compiled code
Result: NOTE
    File 'fastmatch/libs/i386/fastmatch.dll':
     Found non-API call to R: 'match5'
    File 'fastmatch/libs/x64/fastmatch.dll':
     Found non-API call to R: 'match5'
    
    Compiled code should not call non-API entry points in R.
    
    See 'Writing portable packages' in the 'Writing R Extensions' manual.
Flavors: r-devel-windows-ix86+x86_64, r-release-windows-ix86+x86_64, r-oldrel-windows-ix86+x86_64