CRAN Package Check Results for Package fastmatch

Last updated on 2014-07-29 08:49:32.

Flavor Version Tinstall Tcheck Ttotal Status Flags
r-devel-linux-x86_64-debian-clang 1.0-4 0.72 12.64 13.37 NOTE
r-devel-linux-x86_64-debian-gcc 1.0-4 0.78 12.40 13.18 NOTE
r-devel-linux-x86_64-fedora-clang 1.0-4 28.59 NOTE
r-devel-linux-x86_64-fedora-gcc 1.0-4 28.44 NOTE
r-devel-osx-x86_64-clang 1.0-4 28.84 NOTE
r-devel-windows-ix86+x86_64 1.0-4 4.00 31.00 35.00 NOTE
r-patched-linux-x86_64 1.0-4 0.80 12.46 13.26 NOTE
r-patched-solaris-sparc 1.0-4 147.70 NOTE
r-patched-solaris-x86 1.0-4 44.60 NOTE
r-release-linux-ix86 1.0-4 1.23 18.23 19.46 NOTE
r-release-linux-x86_64 1.0-4 0.83 12.74 13.57 NOTE
r-release-osx-x86_64-mavericks 1.0-4 NOTE
r-release-windows-ix86+x86_64 1.0-4 6.00 46.00 52.00 NOTE
r-oldrel-windows-ix86+x86_64 1.0-4 5.00 34.00 39.00 NOTE

Check Details

Version: 1.0-4
Check: compiled code
Result: NOTE
    File /home/hornik/tmp/R.check/r-devel-clang/Work/build/Packages/fastmatch/libs/fastmatch.so :
     Found non-API call to R: match5
    
    Compiled code should not call non-API entry points in R.
    
    See Writing portable packages in the Writing R Extensions manual.
Flavor: r-devel-linux-x86_64-debian-clang

Version: 1.0-4
Check: compiled code
Result: NOTE
    File /home/hornik/tmp/R.check/r-devel-gcc/Work/build/Packages/fastmatch/libs/fastmatch.so :
     Found non-API call to R: match5
    
    Compiled code should not call non-API entry points in R.
    
    See Writing portable packages in the Writing R Extensions manual.
Flavor: r-devel-linux-x86_64-debian-gcc

Version: 1.0-4
Check: compiled code
Result: NOTE
    File /data/gannet/ripley/R/packages/tests-clang/fastmatch.Rcheck/fastmatch/libs/fastmatch.so :
     Found non-API call to R: match5
    
    Compiled code should not call non-API entry points in R.
    
    See Writing portable packages in the Writing R Extensions manual.
Flavor: r-devel-linux-x86_64-fedora-clang

Version: 1.0-4
Check: compiled code
Result: NOTE
    File /data/gannet/ripley/R/packages/tests-devel/fastmatch.Rcheck/fastmatch/libs/fastmatch.so :
     Found non-API call to R: match5
    
    Compiled code should not call non-API entry points in R.
    
    See Writing portable packages in the Writing R Extensions manual.
Flavor: r-devel-linux-x86_64-fedora-gcc

Version: 1.0-4
Check: compiled code
Result: NOTE
    File /Users/ripley/R/packages/tests-devel/fastmatch.Rcheck/fastmatch/libs/fastmatch.so :
     Found non-API call to R: match5
    
    Compiled code should not call non-API entry points in R.
    
    See Writing portable packages in the Writing R Extensions manual.
Flavor: r-devel-osx-x86_64-clang

Version: 1.0-4
Check: compiled code
Result: NOTE
    File 'd:/Rcompile/CRANpkg/lib/3.2/fastmatch/libs/i386/fastmatch.dll':
     Found non-API call to R: 'match5'
    File 'd:/Rcompile/CRANpkg/lib/3.2/fastmatch/libs/x64/fastmatch.dll':
     Found non-API call to R: 'match5'
    
    Compiled code should not call non-API entry points in R.
    
    See 'Writing portable packages' in the 'Writing R Extensions' manual.
    * checking examples ...
Flavor: r-devel-windows-ix86+x86_64

Version: 1.0-4
Check: compiled code
Result: NOTE
    File /home/hornik/tmp/R.check/r-patched-gcc/Work/build/Packages/fastmatch/libs/fastmatch.so :
     Found non-API call to R: match5
    
    Compiled code should not call non-API entry points in R.
    
    See Writing portable packages in the Writing R Extensions manual.
Flavor: r-patched-linux-x86_64

Version: 1.0-4
Check: compiled code
Result: NOTE
    File /home/ripley/R/Lib32/fastmatch/libs/fastmatch.so :
     Found non-API call to R: match5
    
    Compiled code should not call non-API entry points in R.
    
    See Writing portable packages in the Writing R Extensions manual.
Flavors: r-patched-solaris-sparc, r-patched-solaris-x86

Version: 1.0-4
Check: compiled code
Result: NOTE
    File /home/hornik/tmp/R.check/r-release-gcc/Work/build/Packages/fastmatch/libs/fastmatch.so :
     Found non-API call to R: match5
    
    Compiled code should not call non-API entry points in R.
    
    See Writing portable packages in the Writing R Extensions manual.
Flavors: r-release-linux-ix86, r-release-linux-x86_64

Version: 1.0-4
Check: compiled code
Result: NOTE
    File /Builds/CRAN-QA-Simon/packages/mavericks-x86_64/results/3.1/fastmatch.Rcheck/fastmatch/libs/fastmatch.so :
     Found non-API call to R: match5
    
    Compiled code should not call non-API entry points in R.
    
    See Writing portable packages in the Writing R Extensions manual.
Flavor: r-release-osx-x86_64-mavericks

Version: 1.0-4
Check: compiled code
Result: NOTE
    File 'd:/Rcompile/CRANpkg/lib/3.1/fastmatch/libs/i386/fastmatch.dll':
     Found non-API call to R: 'match5'
    File 'd:/Rcompile/CRANpkg/lib/3.1/fastmatch/libs/x64/fastmatch.dll':
     Found non-API call to R: 'match5'
    
    Compiled code should not call non-API entry points in R.
    
    See 'Writing portable packages' in the 'Writing R Extensions' manual.
    * checking examples ...
Flavor: r-release-windows-ix86+x86_64

Version: 1.0-4
Check: compiled code
Result: NOTE
    File 'd:/Rcompile/CRANpkg/lib/3.0/fastmatch/libs/i386/fastmatch.dll':
     Found non-API call to R: 'match5'
    File 'd:/Rcompile/CRANpkg/lib/3.0/fastmatch/libs/x64/fastmatch.dll':
     Found non-API call to R: 'match5'
    
    Compiled code should not call non-API entry points in R.
    
    See 'Writing portable packages' in the 'Writing R Extensions' manual.
    * checking examples ...
Flavor: r-oldrel-windows-ix86+x86_64