CRAN Package Check Results for Package fastmatch

Last updated on 2016-08-24 03:47:10.

Flavor Version Tinstall Tcheck Ttotal Status Flags
r-devel-linux-x86_64-debian-clang 1.0-4 0.88 12.47 13.34 NOTE
r-devel-linux-x86_64-debian-gcc 1.0-4 0.88 12.36 13.23 NOTE
r-devel-linux-x86_64-fedora-clang 1.0-4 24.60 NOTE
r-devel-linux-x86_64-fedora-gcc 1.0-4 22.89 NOTE
r-devel-osx-x86_64-clang 1.0-4 19.74 NOTE
r-devel-windows-ix86+x86_64 1.0-4 9.00 52.00 61.00 OK
r-patched-linux-x86_64 1.0-4 1.01 12.42 13.43 NOTE
r-patched-solaris-sparc 1.0-4 121.70 NOTE
r-patched-solaris-x86 1.0-4 34.40 NOTE
r-release-linux-x86_64 1.0-4 0.90 13.43 14.33 NOTE
r-release-osx-x86_64-mavericks 1.0-4 NOTE
r-release-windows-ix86+x86_64 1.0-4 7.00 49.00 56.00 OK
r-oldrel-windows-ix86+x86_64 1.0-4 5.00 30.00 35.00 NOTE

Check Details

Version: 1.0-4
Check: compiled code
Result: NOTE
    File ‘fastmatch/libs/fastmatch.so’:
     Found non-API call to R: ‘match5’
    
    Compiled code should not call non-API entry points in R.
    
    See ‘Writing portable packages’ in the ‘Writing R Extensions’ manual.
Flavors: r-devel-linux-x86_64-debian-clang, r-devel-linux-x86_64-debian-gcc, r-devel-linux-x86_64-fedora-clang, r-devel-linux-x86_64-fedora-gcc, r-devel-osx-x86_64-clang, r-patched-linux-x86_64, r-patched-solaris-sparc, r-patched-solaris-x86, r-release-linux-x86_64, r-release-osx-x86_64-mavericks

Version: 1.0-4
Check: compiled code
Result: NOTE
    File 'fastmatch/libs/i386/fastmatch.dll':
     Found non-API call to R: 'match5'
    File 'fastmatch/libs/x64/fastmatch.dll':
     Found non-API call to R: 'match5'
    
    Compiled code should not call non-API entry points in R.
    
    See 'Writing portable packages' in the 'Writing R Extensions' manual.
Flavor: r-oldrel-windows-ix86+x86_64