CRAN Package Check Results for Package fastmatch

Last updated on 2015-05-27 19:47:07.

Flavor Version Tinstall Tcheck Ttotal Status Flags
r-devel-linux-x86_64-debian-clang 1.0-4 0.79 12.28 13.07 NOTE
r-devel-linux-x86_64-debian-gcc 1.0-4 0.82 12.51 13.33 NOTE
r-devel-linux-x86_64-fedora-clang 1.0-4 25.61 NOTE
r-devel-linux-x86_64-fedora-gcc 1.0-4 25.12 NOTE
r-devel-osx-x86_64-clang 1.0-4 26.90 NOTE
r-devel-windows-ix86+x86_64 1.0-4 6.00 35.00 41.00 NOTE
r-patched-linux-x86_64 1.0-4 0.82 12.35 13.18 NOTE
r-patched-solaris-sparc 1.0-4 148.20 NOTE
r-patched-solaris-x86 1.0-4 39.30 NOTE
r-release-linux-x86_64 1.0-4 0.81 12.49 13.30 NOTE
r-release-osx-x86_64-mavericks 1.0-4 NOTE
r-release-osx-x86_64-snowleopard 1.0-4 NOTE
r-release-windows-ix86+x86_64 1.0-4 3.00 36.00 39.00 NOTE
r-oldrel-windows-ix86+x86_64 1.0-4 8.00 34.00 42.00 NOTE

Check Details

Version: 1.0-4
Check: compiled code
Result: NOTE
    File ‘fastmatch/libs/fastmatch.so’:
     Found non-API call to R: ‘match5’
    
    Compiled code should not call non-API entry points in R.
    
    See ‘Writing portable packages’ in the ‘Writing R Extensions’ manual.
Flavors: r-devel-linux-x86_64-debian-clang, r-devel-linux-x86_64-debian-gcc, r-devel-linux-x86_64-fedora-clang, r-devel-linux-x86_64-fedora-gcc, r-devel-osx-x86_64-clang, r-patched-linux-x86_64, r-patched-solaris-sparc, r-patched-solaris-x86, r-release-linux-x86_64, r-release-osx-x86_64-mavericks, r-release-osx-x86_64-snowleopard

Version: 1.0-4
Check: compiled code
Result: NOTE
    File 'fastmatch/libs/i386/fastmatch.dll':
     Found non-API call to R: 'match5'
    File 'fastmatch/libs/x64/fastmatch.dll':
     Found non-API call to R: 'match5'
    
    Compiled code should not call non-API entry points in R.
    
    See 'Writing portable packages' in the 'Writing R Extensions' manual.
Flavors: r-devel-windows-ix86+x86_64, r-release-windows-ix86+x86_64, r-oldrel-windows-ix86+x86_64