CRAN Package Check Results for Package fastmit

Last updated on 2022-12-03 23:01:28 CET.

Flavor Version Tinstall Tcheck Ttotal Status Flags
r-devel-linux-x86_64-debian-clang 0.1.1 81.27 31.20 112.47 NOTE
r-devel-linux-x86_64-debian-gcc 0.1.1 56.99 24.42 81.41 NOTE
r-devel-linux-x86_64-fedora-clang 0.1.1 179.17 NOTE
r-devel-linux-x86_64-fedora-gcc 0.1.1 161.96 NOTE
r-devel-windows-x86_64 0.1.1 40.00 77.00 117.00 NOTE
r-patched-linux-x86_64 0.1.1 65.81 29.77 95.58 NOTE
r-release-linux-x86_64 0.1.1 66.35 29.76 96.11 NOTE
r-release-macos-arm64 0.1.1 36.00 NOTE
r-release-macos-x86_64 0.1.1 49.00 NOTE
r-release-windows-x86_64 0.1.1 49.00 81.00 130.00 NOTE
r-oldrel-macos-arm64 0.1.1 38.00 NOTE
r-oldrel-macos-x86_64 0.1.1 63.00 NOTE
r-oldrel-windows-ix86+x86_64 0.1.1 109.00 85.00 194.00 NOTE

Check Details

Version: 0.1.1
Check: LazyData
Result: NOTE
     'LazyData' is specified without a 'data' directory
Flavors: r-devel-linux-x86_64-debian-clang, r-devel-linux-x86_64-debian-gcc, r-devel-linux-x86_64-fedora-clang, r-devel-linux-x86_64-fedora-gcc, r-devel-windows-x86_64, r-patched-linux-x86_64, r-release-linux-x86_64, r-release-macos-arm64, r-release-macos-x86_64, r-release-windows-x86_64, r-oldrel-macos-arm64, r-oldrel-macos-x86_64, r-oldrel-windows-ix86+x86_64