Last updated on 2021-01-20 02:50:15 CET.
Flavor | Version | Tinstall | Tcheck | Ttotal | Status | Flags |
---|---|---|---|---|---|---|
r-devel-linux-x86_64-debian-clang | 1.0.0 | 4.06 | 41.27 | 45.33 | OK | |
r-devel-linux-x86_64-debian-gcc | 1.0.0 | 3.86 | 31.81 | 35.67 | OK | |
r-devel-linux-x86_64-fedora-clang | 1.0.0 | 63.95 | OK | |||
r-devel-linux-x86_64-fedora-gcc | 1.0.0 | 53.80 | OK | |||
r-devel-windows-ix86+x86_64 | 1.0.0 | 7.00 | 49.00 | 56.00 | OK | |
r-patched-linux-x86_64 | 1.0.0 | 4.92 | 39.25 | 44.17 | OK | |
r-patched-solaris-x86 | 1.0.0 | 83.10 | OK | |||
r-release-linux-x86_64 | 1.0.0 | 4.75 | 39.77 | 44.52 | OK | |
r-release-macos-x86_64 | 1.0.0 | OK | ||||
r-release-windows-ix86+x86_64 | 1.0.0 | 8.00 | 44.00 | 52.00 | OK | |
r-oldrel-macos-x86_64 | 1.0.0 | ERROR | ||||
r-oldrel-windows-ix86+x86_64 | 0.1.6 | 6.00 | 50.00 | 56.00 | OK |
Version: 1.0.0
Check: whether package can be installed
Result: ERROR
Installation failed.
Flavor: r-oldrel-macos-x86_64