Last updated on 2023-12-08 17:51:03 CET.
Flavor | Version | Tinstall | Tcheck | Ttotal | Status | Flags |
---|---|---|---|---|---|---|
r-devel-linux-x86_64-debian-clang | 0.7 | 3.37 | 51.19 | 54.56 | OK | |
r-devel-linux-x86_64-debian-gcc | 0.7 | 4.02 | 38.94 | 42.96 | OK | |
r-devel-linux-x86_64-fedora-clang | 0.7 | 69.41 | NOTE | |||
r-devel-linux-x86_64-fedora-gcc | 0.7 | 76.85 | NOTE | |||
r-devel-windows-x86_64 | 0.7 | 6.00 | 60.00 | 66.00 | OK | |
r-patched-linux-x86_64 | 0.7 | 5.13 | 48.94 | 54.07 | OK | |
r-release-linux-x86_64 | 0.7 | 3.32 | 48.77 | 52.09 | OK | |
r-release-macos-arm64 | 0.7 | 32.00 | OK | |||
r-release-macos-x86_64 | 0.7 | 46.00 | OK | |||
r-release-windows-x86_64 | 0.7 | 7.00 | 65.00 | 72.00 | OK | |
r-oldrel-macos-arm64 | 0.7 | 28.00 | NOTE | |||
r-oldrel-macos-x86_64 | 0.7 | 42.00 | NOTE | |||
r-oldrel-windows-x86_64 | 0.7 | 7.00 | 67.00 | 74.00 | OK |
Version: 0.7
Check: dependencies in R code
Result: NOTE
Namespace in Imports field not imported from: ‘ggplot2’
All declared Imports should be used.
Flavors: r-devel-linux-x86_64-fedora-clang, r-devel-linux-x86_64-fedora-gcc, r-oldrel-macos-arm64, r-oldrel-macos-x86_64