CRAN Package Check Results for Package fat2Lpoly

Last updated on 2019-07-19 12:55:21 CEST.

Flavor Version Tinstall Tcheck Ttotal Status Flags
r-devel-linux-x86_64-debian-clang 1.2.3 8.75 68.92 77.67 NOTE
r-devel-linux-x86_64-debian-gcc 1.2.3 8.19 56.62 64.81 NOTE
r-devel-linux-x86_64-fedora-clang 1.2.3 96.70 NOTE
r-devel-linux-x86_64-fedora-gcc 1.2.3 109.72 NOTE
r-devel-windows-ix86+x86_64 1.2.3 22.00 79.00 101.00 OK
r-patched-linux-x86_64 1.2.3 8.63 69.78 78.41 OK
r-patched-solaris-x86 1.2.3 152.00 OK
r-release-linux-x86_64 1.2.3 8.56 70.26 78.82 OK
r-release-windows-ix86+x86_64 1.2.3 18.00 78.00 96.00 OK
r-release-osx-x86_64 1.2.3 OK
r-oldrel-windows-ix86+x86_64 1.2.3 12.00 100.00 112.00 OK
r-oldrel-osx-x86_64 1.2.3 OK

Check Details

Version: 1.2.3
Check: for non-standard things in the check directory
Result: NOTE
    Found the following files/directories:
     'descriptive_statistics2019-07-18_21.38.19.txt'
Flavor: r-devel-linux-x86_64-debian-clang

Version: 1.2.3
Check: for non-standard things in the check directory
Result: NOTE
    Found the following files/directories:
     ‘descriptive_statistics2019-07-19_07.57.54.txt’
Flavor: r-devel-linux-x86_64-debian-gcc

Version: 1.2.3
Check: for non-standard things in the check directory
Result: NOTE
    Found the following files/directories:
     ‘descriptive_statistics2019-07-11_23.07.11.txt’
Flavor: r-devel-linux-x86_64-fedora-clang

Version: 1.2.3
Check: for non-standard things in the check directory
Result: NOTE
    Found the following files/directories:
     ‘descriptive_statistics2019-07-11_01.18.20.txt’
Flavor: r-devel-linux-x86_64-fedora-gcc