CRAN Package Check Results for Package fat2Lpoly

Last updated on 2019-03-23 05:47:47 CET.

Flavor Version Tinstall Tcheck Ttotal Status Flags
r-devel-linux-x86_64-debian-clang 1.2.3 9.42 72.41 81.83 OK
r-devel-linux-x86_64-debian-gcc 1.2.3 7.32 56.87 64.19 OK
r-devel-linux-x86_64-fedora-clang 1.2.3 96.68 OK
r-devel-linux-x86_64-fedora-gcc 1.2.3 94.57 OK
r-devel-windows-ix86+x86_64 1.2.3 22.00 78.00 100.00 OK
r-patched-linux-x86_64 1.2.3 7.74 65.54 73.28 OK
r-patched-solaris-x86 1.2.3 137.40 OK
r-release-linux-x86_64 1.2.3 0.34 2.21 2.55 ERROR
r-release-windows-ix86+x86_64 1.2.3 12.00 80.00 92.00 OK
r-release-osx-x86_64 1.2.3 OK
r-oldrel-windows-ix86+x86_64 1.2.3 14.00 103.00 117.00 OK
r-oldrel-osx-x86_64 1.2.3 OK

Check Details

Version: 1.2.3
Check: whether package can be installed
Result: ERROR
    Installation failed.
Flavor: r-release-linux-x86_64