CRAN Package Check Results for Package fat2Lpoly

Last updated on 2019-10-23 17:49:57 CEST.

Flavor Version Tinstall Tcheck Ttotal Status Flags
r-devel-linux-x86_64-debian-clang 1.2.3 9.27 70.06 79.33 NOTE
r-devel-linux-x86_64-debian-gcc 1.2.3 8.70 56.75 65.45 NOTE
r-devel-linux-x86_64-fedora-clang 1.2.3 96.67 NOTE
r-devel-linux-x86_64-fedora-gcc 1.2.3 97.04 NOTE
r-devel-windows-ix86+x86_64 1.2.3 17.00 110.00 127.00 OK
r-patched-linux-x86_64 1.2.3 9.17 69.65 78.82 OK
r-patched-solaris-x86 1.2.3 144.60 OK
r-release-linux-x86_64 1.2.3 8.97 69.68 78.65 OK
r-release-windows-ix86+x86_64 1.2.3 23.00 84.00 107.00 OK
r-release-osx-x86_64 1.2.3 OK
r-oldrel-windows-ix86+x86_64 1.2.3 16.00 109.00 125.00 OK
r-oldrel-osx-x86_64 1.2.3 OK

Check Details

Version: 1.2.3
Check: for non-standard things in the check directory
Result: NOTE
    Found the following files/directories:
     'descriptive_statistics2019-10-22_22.14.32.txt'
Flavor: r-devel-linux-x86_64-debian-clang

Version: 1.2.3
Check: for non-standard things in the check directory
Result: NOTE
    Found the following files/directories:
     ‘descriptive_statistics2019-10-23_08.15.48.txt’
Flavor: r-devel-linux-x86_64-debian-gcc

Version: 1.2.3
Check: for non-standard things in the check directory
Result: NOTE
    Found the following files/directories:
     ‘descriptive_statistics2019-10-19_15.16.01.txt’
Flavor: r-devel-linux-x86_64-fedora-clang

Version: 1.2.3
Check: for non-standard things in the check directory
Result: NOTE
    Found the following files/directories:
     ‘descriptive_statistics2019-10-20_15.03.16.txt’
Flavor: r-devel-linux-x86_64-fedora-gcc