CRAN Package Check Results for Package fbRanks

Last updated on 2015-09-04 14:46:58.

Flavor Version Tinstall Tcheck Ttotal Status Flags
r-devel-linux-x86_64-debian-clang 2.0 0.88 141.18 142.05 NOTE
r-devel-linux-x86_64-debian-gcc 2.0 0.83 145.27 146.10 NOTE
r-devel-linux-x86_64-fedora-clang 2.0 265.93 NOTE
r-devel-linux-x86_64-fedora-gcc 2.0 255.79 NOTE
r-devel-osx-x86_64-clang 2.0 261.70 NOTE
r-devel-windows-ix86+x86_64 2.0 3.00 185.00 188.00 NOTE
r-patched-linux-x86_64 2.0 0.86 145.21 146.07 NOTE
r-patched-solaris-sparc 2.0 287.60 NOTE --no-vignettes
r-patched-solaris-x86 2.0 445.40 NOTE
r-release-linux-x86_64 2.0 0.87 143.67 144.54 NOTE
r-release-osx-x86_64-mavericks 2.0 NOTE
r-release-windows-ix86+x86_64 2.0 6.00 252.00 258.00 NOTE
r-oldrel-windows-ix86+x86_64 2.0 6.00 250.00 256.00 NOTE

Check Details

Version: 2.0
Check: dependencies in R code
Result: NOTE
    'library' or 'require' calls in package code:
     ‘RCurl’ ‘RJSONIO’ ‘XML’ ‘glmnet’ ‘httr’ ‘speedglm’ ‘tcltk’ ‘xtable’
     Please use :: or requireNamespace() instead.
     See section 'Suggested packages' in the 'Writing R Extensions' manual.
Flavors: r-devel-linux-x86_64-debian-clang, r-devel-linux-x86_64-debian-gcc, r-devel-linux-x86_64-fedora-clang, r-devel-linux-x86_64-fedora-gcc, r-devel-osx-x86_64-clang, r-devel-windows-ix86+x86_64, r-patched-linux-x86_64, r-patched-solaris-x86, r-release-linux-x86_64, r-release-osx-x86_64-mavericks, r-release-windows-ix86+x86_64, r-oldrel-windows-ix86+x86_64

Version: 2.0
Check: R code for possible problems
Result: NOTE
    coef.fbRanks: no visible global function definition for ‘coef’
    construct.team.file: no visible global function definition for
     ‘read.csv’
    construct.team.file: no visible global function definition for
     ‘write.table’
    create.fbRanks.dataframes: no visible global function definition for
     ‘read.csv’
    detect.normality.outliers: no visible global function definition for
     ‘median’
    detect.normality.outliers: no visible global function definition for
     ‘mad’
    detect.normality.outliers: no visible global function definition for
     ‘pnorm’
    plot.fbRanks: no visible global function definition for ‘devAskNewPage’
    plot.fbRanks: no visible global function definition for ‘residuals’
    plot.fbRanks: no visible global function definition for ‘plot’
    plot.fbRanks: no visible global function definition for ‘axis’
    plot.fbRanks: no visible global function definition for ‘Axis’
    plot.fbRanks: no visible global function definition for ‘box’
    plot.fbRanks: no visible global function definition for ‘points’
    plot.fbRanks: no visible global function definition for ‘loess’
    plot.fbRanks: no visible global function definition for ‘lines’
    plot.fbRanks: no visible global function definition for ‘predict’
    plot.fbRanks: no visible global function definition for ‘abline’
    plot.fbRanks: no visible global function definition for ‘legend’
    plot.fbRanks: no visible global function definition for ‘title’
    plot.fbRanks: no visible global function definition for ‘text’
    plot.fbRanks: no visible global function definition for ‘hist’
    predict.fbRanks: no visible global function definition for ‘coef’
    predict.fbRanks: no visible global function definition for ‘terms’
    predict.fbRanks: no visible global function definition for ‘rpois’
    print.fbRanks: no visible global function definition for ‘coef’
    print.fbRanks: no visible global function definition for ‘median’
    print.fbRanks: no visible global function definition for ‘xtable’
    rank.teams: no visible global function definition for ‘glm’
    rank.teams: no visible global function definition for ‘as.formula’
    rank.teams: no visible global function definition for ‘residuals’
    rank.teams: no visible global function definition for ‘poisson’
    rank.teams: no visible global function definition for ‘speedglm’
    rank.teams: no visible global function definition for ‘sparseMatrix’
    rank.teams: no visible binding for global variable ‘glmnet’
    rank.teams: no visible global function definition for ‘terms’
    rank.teams: no visible global function definition for ‘coef’
    scale.for.ranks: no visible global function definition for ‘rpois’
    scale.for.ranks: no visible global function definition for ‘quantile’
    scale.for.ranks: no visible global function definition for ‘median’
    scrape.custom1: no visible global function definition for ‘htmlParse’
    scrape.custom1: no visible global function definition for ‘getNodeSet’
    scrape.custom1: no visible global function definition for ‘xmlValue’
    scrape.custom1: no visible global function definition for ‘write.table’
    scrape.custom2: no visible global function definition for
     ‘readHTMLTable’
    scrape.custom2: no visible global function definition for ‘write.table’
    scrape.custom3: no visible global function definition for
     ‘readHTMLTable’
    scrape.custom3: no visible global function definition for ‘write.table’
    scrape.custom4: no visible global function definition for
     ‘readHTMLTable’
    scrape.custom4: no visible global function definition for ‘write.table’
    scrape.demosphere: no visible global function definition for
     ‘readHTMLTable’
    scrape.demosphere : getthelink: no visible global function definition
     for ‘xmlChildren’
    scrape.demosphere : getthelink: no visible global function definition
     for ‘xmlAttrs’
    scrape.demosphere: no visible global function definition for ‘getURL’
    scrape.demosphere: no visible global function definition for
     ‘htmlParse’
    scrape.demosphere: no visible global function definition for
     ‘write.table’
    scrape.demosphere.main : getthelink: no visible global function
     definition for ‘xmlChildren’
    scrape.demosphere.main : getthelink: no visible global function
     definition for ‘xmlAttrs’
    scrape.demosphere.main : getthelink: no visible global function
     definition for ‘xmlValue’
    scrape.demosphere.main : getthelink3: no visible global function
     definition for ‘xmlChildren’
    scrape.demosphere.main : getthelink3: no visible global function
     definition for ‘xmlAttrs’
    scrape.demosphere.main : getthelink3: no visible global function
     definition for ‘xmlValue’
    scrape.demosphere.main: no visible global function definition for
     ‘readHTMLTable’
    scrape.gotsport: no visible global function definition for
     ‘readHTMLTable’
    scrape.gotsport: no visible global function definition for
     ‘write.table’
    scrape.gotsport.main : getthelink: no visible global function
     definition for ‘xmlChildren’
    scrape.gotsport.main : getthelink: no visible global function
     definition for ‘xmlAttrs’
    scrape.gotsport.main : getthelink: no visible global function
     definition for ‘xmlValue’
    scrape.gotsport.main: no visible global function definition for ‘GET’
    scrape.gotsport.main: no visible global function definition for
     ‘user_agent’
    scrape.gotsport.main: no visible global function definition for
     ‘htmlParse’
    scrape.gotsport.main: no visible global function definition for
     ‘text_content’
    scrape.gotsport.main: no visible global function definition for
     ‘readHTMLTable’
    scrape.json1: no visible global function definition for ‘getURL’
    scrape.json1: no visible global function definition for ‘fromJSON’
    scrape.json1: no visible global function definition for ‘write.table’
    scrape.korrio: no visible global function definition for ‘GET’
    scrape.korrio: no visible global function definition for ‘user_agent’
    scrape.korrio: no visible global function definition for
     ‘readHTMLTable’
    scrape.korrio: no visible global function definition for ‘text_content’
    scrape.korrio: no visible global function definition for ‘htmlParse’
    scrape.korrio: no visible global function definition for ‘getNodeSet’
    scrape.korrio: no visible binding for global variable ‘xmlValue’
    scrape.korrio: no visible global function definition for ‘xmlAttrs’
    scrape.korrio: no visible global function definition for ‘content’
    scrape.korrio: no visible global function definition for ‘xmlValue’
    scrape.korrio: no visible global function definition for ‘write.table’
    scrape.scoreboard: no visible global function definition for
     ‘readHTMLTable’
    scrape.scoreboard: no visible global function definition for
     ‘write.table’
    scrape.sportaffinity: no visible global function definition for
     ‘readHTMLTable’
    scrape.sportaffinity: no visible global function definition for
     ‘htmlParse’
    scrape.sportaffinity: no visible global function definition for
     ‘getNodeSet’
    scrape.sportaffinity: no visible binding for global variable ‘xmlValue’
    scrape.sportaffinity: no visible global function definition for
     ‘write.table’
    scrape.sportaffinity.brackets: no visible global function definition
     for ‘GET’
    scrape.sportaffinity.brackets: no visible global function definition
     for ‘user_agent’
    scrape.sportaffinity.brackets: no visible global function definition
     for ‘htmlParse’
    scrape.sportaffinity.brackets: no visible global function definition
     for ‘text_content’
    scrape.sportaffinity.brackets: no visible global function definition
     for ‘getNodeSet’
    scrape.sportaffinity.brackets : <anonymous>: no visible global function
     definition for ‘xmlValue’
    scrape.sportaffinity.brackets: no visible global function definition
     for ‘as’
    scrape.sportaffinity.brackets: no visible global function definition
     for ‘xmlAttrs’
    scrape.sportaffinity.brackets: no visible global function definition
     for ‘xmlValue’
    scrape.sportaffinity.main : getthelink3: no visible global function
     definition for ‘xmlChildren’
    scrape.sportaffinity.main : getthelink3: no visible global function
     definition for ‘xmlValue’
    scrape.sportaffinity.main : getthelink3: no visible global function
     definition for ‘xmlAttrs’
    scrape.sportaffinity.main: no visible global function definition for
     ‘readHTMLTable’
    scrape.usclub: no visible global function definition for
     ‘readHTMLTable’
    scrape.usclub: no visible global function definition for ‘write.table’
    simulate.fbRanks: no visible global function definition for ‘predict’
    simulate.fbRanks : <anonymous>: no visible global function definition
     for ‘runif’
    team.name.select : gogetem: no visible global function definition for
     ‘tclvalue<-’
    team.name.select : gogetem: no visible global function definition for
     ‘tkcurselection’
    team.name.select : clearteam: no visible global function definition for
     ‘tclvalue<-’
    team.name.select : clearteam: no visible global function definition for
     ‘tkselection.clear’
    team.name.select : showteam: no visible global function definition for
     ‘tclvalue<-’
    team.name.select : showteam: no visible global function definition for
     ‘tkcurselection’
    team.name.select : showteam: no visible global function definition for
     ‘tclvalue’
    team.name.select : enterteam: no visible global function definition for
     ‘tclvalue<-’
    team.name.select : enterteam: no visible global function definition for
     ‘tclvalue’
    team.name.select : updateteam: no visible global function definition
     for ‘tclvalue<-’
    team.name.select : updateteam: no visible global function definition
     for ‘tkcurselection’
    team.name.select : updateteam: no visible global function definition
     for ‘tclvalue’
    team.name.select : showlist: no visible global function definition for
     ‘tclvalue<-’
    team.name.select : showlist: no visible global function definition for
     ‘tclvalue’
    team.name.select : searchteam: no visible global function definition
     for ‘tclvalue<-’
    team.name.select : searchteam: no visible global function definition
     for ‘tclvalue’
    team.name.select : skipteam: no visible global function definition for
     ‘tclvalue<-’
    team.name.select: no visible global function definition for
     ‘tktoplevel’
    team.name.select: no visible global function definition for
     ‘tkwm.title’
    team.name.select: no visible global function definition for ‘tkframe’
    team.name.select: no visible global function definition for ‘tclVar’
    team.name.select: no visible global function definition for ‘tclObj<-’
    team.name.select: no visible global function definition for ‘tklistbox’
    team.name.select: no visible global function definition for ‘tkpack’
    team.name.select: no visible global function definition for
     ‘tkradiobutton’
    team.name.select: no visible global function definition for ‘tklabel’
    team.name.select: no visible global function definition for ‘tkentry’
    team.name.select: no visible global function definition for ‘tkbutton’
    team.name.select: no visible global function definition for ‘tkgrid’
    team.name.select: no visible global function definition for
     ‘tclvalue<-’
    team.name.select : <anonymous>: no visible global function definition
     for ‘tkdestroy’
    team.name.select: no visible global function definition for
     ‘tkwait.window’
    Undefined global functions or variables:
     Axis GET abline as as.formula axis box coef content devAskNewPage
     fromJSON getNodeSet getURL glm glmnet hist htmlParse legend lines
     loess mad median plot pnorm points poisson predict quantile read.csv
     readHTMLTable residuals rpois runif sparseMatrix speedglm tclObj<-
     tclVar tclvalue tclvalue<- terms text text_content title tkbutton
     tkcurselection tkdestroy tkentry tkframe tkgrid tklabel tklistbox
     tkpack tkradiobutton tkselection.clear tktoplevel tkwait.window
     tkwm.title user_agent write.table xmlAttrs xmlChildren xmlValue
     xtable
    Consider adding
     importFrom("grDevices", "devAskNewPage")
     importFrom("graphics", "Axis", "abline", "axis", "box", "hist",
     "legend", "lines", "plot", "points", "text", "title")
     importFrom("methods", "as")
     importFrom("stats", "as.formula", "coef", "glm", "loess", "mad",
     "median", "pnorm", "poisson", "predict", "quantile",
     "residuals", "rpois", "runif", "terms")
     importFrom("utils", "read.csv", "write.table")
    to your NAMESPACE (and ensure that your DESCRIPTION Imports field
    contains 'methods').
Flavors: r-devel-linux-x86_64-debian-clang, r-devel-linux-x86_64-debian-gcc, r-devel-linux-x86_64-fedora-clang, r-devel-linux-x86_64-fedora-gcc, r-devel-windows-ix86+x86_64

Version: 2.0
Check: R code for possible problems
Result: NOTE
    print.fbRanks: no visible global function definition for ‘xtable’
    rank.teams: no visible global function definition for ‘speedglm’
    rank.teams: no visible global function definition for ‘sparseMatrix’
    rank.teams: no visible binding for global variable ‘glmnet’
    scrape.custom1: no visible global function definition for ‘htmlParse’
    scrape.custom1: no visible global function definition for ‘getNodeSet’
    scrape.custom1: no visible global function definition for ‘xmlValue’
    scrape.custom2: no visible global function definition for
     ‘readHTMLTable’
    scrape.custom3: no visible global function definition for
     ‘readHTMLTable’
    scrape.custom4: no visible global function definition for
     ‘readHTMLTable’
    scrape.demosphere: no visible global function definition for
     ‘readHTMLTable’
    scrape.demosphere : getthelink: no visible global function definition
     for ‘xmlChildren’
    scrape.demosphere : getthelink: no visible global function definition
     for ‘xmlAttrs’
    scrape.demosphere: no visible global function definition for ‘getURL’
    scrape.demosphere: no visible global function definition for
     ‘htmlParse’
    scrape.demosphere.main : getthelink: no visible global function
     definition for ‘xmlChildren’
    scrape.demosphere.main : getthelink: no visible global function
     definition for ‘xmlAttrs’
    scrape.demosphere.main : getthelink: no visible global function
     definition for ‘xmlValue’
    scrape.demosphere.main : getthelink3: no visible global function
     definition for ‘xmlChildren’
    scrape.demosphere.main : getthelink3: no visible global function
     definition for ‘xmlAttrs’
    scrape.demosphere.main : getthelink3: no visible global function
     definition for ‘xmlValue’
    scrape.demosphere.main: no visible global function definition for
     ‘readHTMLTable’
    scrape.gotsport: no visible global function definition for
     ‘readHTMLTable’
    scrape.gotsport.main : getthelink: no visible global function
     definition for ‘xmlChildren’
    scrape.gotsport.main : getthelink: no visible global function
     definition for ‘xmlAttrs’
    scrape.gotsport.main : getthelink: no visible global function
     definition for ‘xmlValue’
    scrape.gotsport.main: no visible global function definition for ‘GET’
    scrape.gotsport.main: no visible global function definition for
     ‘user_agent’
    scrape.gotsport.main: no visible global function definition for
     ‘htmlParse’
    scrape.gotsport.main: no visible global function definition for
     ‘text_content’
    scrape.gotsport.main: no visible global function definition for
     ‘readHTMLTable’
    scrape.json1: no visible global function definition for ‘getURL’
    scrape.json1: no visible global function definition for ‘fromJSON’
    scrape.korrio: no visible global function definition for ‘GET’
    scrape.korrio: no visible global function definition for ‘user_agent’
    scrape.korrio: no visible global function definition for
     ‘readHTMLTable’
    scrape.korrio: no visible global function definition for ‘text_content’
    scrape.korrio: no visible global function definition for ‘htmlParse’
    scrape.korrio: no visible global function definition for ‘getNodeSet’
    scrape.korrio: no visible binding for global variable ‘xmlValue’
    scrape.korrio: no visible global function definition for ‘xmlAttrs’
    scrape.korrio: no visible global function definition for ‘content’
    scrape.korrio: no visible global function definition for ‘xmlValue’
    scrape.scoreboard: no visible global function definition for
     ‘readHTMLTable’
    scrape.sportaffinity: no visible global function definition for
     ‘readHTMLTable’
    scrape.sportaffinity: no visible global function definition for
     ‘htmlParse’
    scrape.sportaffinity: no visible global function definition for
     ‘getNodeSet’
    scrape.sportaffinity: no visible binding for global variable ‘xmlValue’
    scrape.sportaffinity.brackets: no visible global function definition
     for ‘GET’
    scrape.sportaffinity.brackets: no visible global function definition
     for ‘user_agent’
    scrape.sportaffinity.brackets: no visible global function definition
     for ‘htmlParse’
    scrape.sportaffinity.brackets: no visible global function definition
     for ‘text_content’
    scrape.sportaffinity.brackets: no visible global function definition
     for ‘getNodeSet’
    scrape.sportaffinity.brackets : <anonymous>: no visible global function
     definition for ‘xmlValue’
    scrape.sportaffinity.brackets: no visible global function definition
     for ‘xmlAttrs’
    scrape.sportaffinity.brackets: no visible global function definition
     for ‘xmlValue’
    scrape.sportaffinity.main : getthelink3: no visible global function
     definition for ‘xmlChildren’
    scrape.sportaffinity.main : getthelink3: no visible global function
     definition for ‘xmlValue’
    scrape.sportaffinity.main : getthelink3: no visible global function
     definition for ‘xmlAttrs’
    scrape.sportaffinity.main: no visible global function definition for
     ‘readHTMLTable’
    scrape.usclub: no visible global function definition for
     ‘readHTMLTable’
    team.name.select : gogetem: no visible global function definition for
     ‘tclvalue<-’
    team.name.select : gogetem: no visible global function definition for
     ‘tkcurselection’
    team.name.select : clearteam: no visible global function definition for
     ‘tclvalue<-’
    team.name.select : clearteam: no visible global function definition for
     ‘tkselection.clear’
    team.name.select : showteam: no visible global function definition for
     ‘tclvalue<-’
    team.name.select : showteam: no visible global function definition for
     ‘tkcurselection’
    team.name.select : showteam: no visible global function definition for
     ‘tclvalue’
    team.name.select : enterteam: no visible global function definition for
     ‘tclvalue<-’
    team.name.select : enterteam: no visible global function definition for
     ‘tclvalue’
    team.name.select : updateteam: no visible global function definition
     for ‘tclvalue<-’
    team.name.select : updateteam: no visible global function definition
     for ‘tkcurselection’
    team.name.select : updateteam: no visible global function definition
     for ‘tclvalue’
    team.name.select : showlist: no visible global function definition for
     ‘tclvalue<-’
    team.name.select : showlist: no visible global function definition for
     ‘tclvalue’
    team.name.select : searchteam: no visible global function definition
     for ‘tclvalue<-’
    team.name.select : searchteam: no visible global function definition
     for ‘tclvalue’
    team.name.select : skipteam: no visible global function definition for
     ‘tclvalue<-’
    team.name.select: no visible global function definition for
     ‘tktoplevel’
    team.name.select: no visible global function definition for
     ‘tkwm.title’
    team.name.select: no visible global function definition for ‘tkframe’
    team.name.select: no visible global function definition for ‘tclVar’
    team.name.select: no visible global function definition for ‘tclObj<-’
    team.name.select: no visible global function definition for ‘tklistbox’
    team.name.select: no visible global function definition for ‘tkpack’
    team.name.select: no visible global function definition for
     ‘tkradiobutton’
    team.name.select: no visible global function definition for ‘tklabel’
    team.name.select: no visible global function definition for ‘tkentry’
    team.name.select: no visible global function definition for ‘tkbutton’
    team.name.select: no visible global function definition for ‘tkgrid’
    team.name.select: no visible global function definition for
     ‘tclvalue<-’
    team.name.select : <anonymous>: no visible global function definition
     for ‘tkdestroy’
    team.name.select: no visible global function definition for
     ‘tkwait.window’
    Undefined global functions or variables:
     GET content fromJSON getNodeSet getURL glmnet htmlParse readHTMLTable
     sparseMatrix speedglm tclObj<- tclVar tclvalue tclvalue<-
     text_content tkbutton tkcurselection tkdestroy tkentry tkframe tkgrid
     tklabel tklistbox tkpack tkradiobutton tkselection.clear tktoplevel
     tkwait.window tkwm.title user_agent xmlAttrs xmlChildren xmlValue
     xtable
Flavor: r-devel-osx-x86_64-clang

Version: 2.0
Check: R code for possible problems
Result: NOTE
    print.fbRanks: no visible global function definition for ‘xtable’
    rank.teams: no visible global function definition for ‘speedglm’
    rank.teams: no visible global function definition for ‘sparseMatrix’
    rank.teams: no visible binding for global variable ‘glmnet’
    scrape.custom1: no visible global function definition for ‘htmlParse’
    scrape.custom1: no visible global function definition for ‘getNodeSet’
    scrape.custom1: no visible global function definition for ‘xmlValue’
    scrape.custom2: no visible global function definition for
     ‘readHTMLTable’
    scrape.custom3: no visible global function definition for
     ‘readHTMLTable’
    scrape.custom4: no visible global function definition for
     ‘readHTMLTable’
    scrape.demosphere: no visible global function definition for
     ‘readHTMLTable’
    scrape.demosphere : getthelink: no visible global function definition
     for ‘xmlChildren’
    scrape.demosphere : getthelink: no visible global function definition
     for ‘xmlAttrs’
    scrape.demosphere: no visible global function definition for ‘getURL’
    scrape.demosphere: no visible global function definition for
     ‘htmlParse’
    scrape.demosphere.main : getthelink: no visible global function
     definition for ‘xmlChildren’
    scrape.demosphere.main : getthelink: no visible global function
     definition for ‘xmlAttrs’
    scrape.demosphere.main : getthelink: no visible global function
     definition for ‘xmlValue’
    scrape.demosphere.main : getthelink3: no visible global function
     definition for ‘xmlChildren’
    scrape.demosphere.main : getthelink3: no visible global function
     definition for ‘xmlAttrs’
    scrape.demosphere.main : getthelink3: no visible global function
     definition for ‘xmlValue’
    scrape.demosphere.main: no visible global function definition for
     ‘readHTMLTable’
    scrape.gotsport: no visible global function definition for
     ‘readHTMLTable’
    scrape.gotsport.main : getthelink: no visible global function
     definition for ‘xmlChildren’
    scrape.gotsport.main : getthelink: no visible global function
     definition for ‘xmlAttrs’
    scrape.gotsport.main : getthelink: no visible global function
     definition for ‘xmlValue’
    scrape.gotsport.main: no visible global function definition for ‘GET’
    scrape.gotsport.main: no visible global function definition for
     ‘user_agent’
    scrape.gotsport.main: no visible global function definition for
     ‘htmlParse’
    scrape.gotsport.main: no visible global function definition for
     ‘text_content’
    scrape.gotsport.main: no visible global function definition for
     ‘readHTMLTable’
    scrape.json1: no visible global function definition for ‘getURL’
    scrape.json1: no visible global function definition for ‘fromJSON’
    scrape.korrio: no visible global function definition for ‘GET’
    scrape.korrio: no visible global function definition for ‘user_agent’
    scrape.korrio: no visible global function definition for
     ‘readHTMLTable’
    scrape.korrio: no visible global function definition for ‘text_content’
    scrape.korrio: no visible global function definition for ‘htmlParse’
    scrape.korrio: no visible global function definition for ‘getNodeSet’
    scrape.korrio: no visible binding for global variable ‘xmlValue’
    scrape.korrio: no visible global function definition for ‘xmlAttrs’
    scrape.korrio: no visible global function definition for ‘content’
    scrape.korrio: no visible global function definition for ‘xmlValue’
    scrape.scoreboard: no visible global function definition for
     ‘readHTMLTable’
    scrape.sportaffinity: no visible global function definition for
     ‘readHTMLTable’
    scrape.sportaffinity: no visible global function definition for
     ‘htmlParse’
    scrape.sportaffinity: no visible global function definition for
     ‘getNodeSet’
    scrape.sportaffinity: no visible binding for global variable ‘xmlValue’
    scrape.sportaffinity.brackets: no visible global function definition
     for ‘GET’
    scrape.sportaffinity.brackets: no visible global function definition
     for ‘user_agent’
    scrape.sportaffinity.brackets: no visible global function definition
     for ‘htmlParse’
    scrape.sportaffinity.brackets: no visible global function definition
     for ‘text_content’
    scrape.sportaffinity.brackets: no visible global function definition
     for ‘getNodeSet’
    scrape.sportaffinity.brackets : <anonymous>: no visible global function
     definition for ‘xmlValue’
    scrape.sportaffinity.brackets: no visible global function definition
     for ‘xmlAttrs’
    scrape.sportaffinity.brackets: no visible global function definition
     for ‘xmlValue’
    scrape.sportaffinity.main : getthelink3: no visible global function
     definition for ‘xmlChildren’
    scrape.sportaffinity.main : getthelink3: no visible global function
     definition for ‘xmlValue’
    scrape.sportaffinity.main : getthelink3: no visible global function
     definition for ‘xmlAttrs’
    scrape.sportaffinity.main: no visible global function definition for
     ‘readHTMLTable’
    scrape.usclub: no visible global function definition for
     ‘readHTMLTable’
    team.name.select : gogetem: no visible global function definition for
     ‘tclvalue<-’
    team.name.select : gogetem: no visible global function definition for
     ‘tkcurselection’
    team.name.select : clearteam: no visible global function definition for
     ‘tclvalue<-’
    team.name.select : clearteam: no visible global function definition for
     ‘tkselection.clear’
    team.name.select : showteam: no visible global function definition for
     ‘tclvalue<-’
    team.name.select : showteam: no visible global function definition for
     ‘tkcurselection’
    team.name.select : showteam: no visible global function definition for
     ‘tclvalue’
    team.name.select : enterteam: no visible global function definition for
     ‘tclvalue<-’
    team.name.select : enterteam: no visible global function definition for
     ‘tclvalue’
    team.name.select : updateteam: no visible global function definition
     for ‘tclvalue<-’
    team.name.select : updateteam: no visible global function definition
     for ‘tkcurselection’
    team.name.select : updateteam: no visible global function definition
     for ‘tclvalue’
    team.name.select : showlist: no visible global function definition for
     ‘tclvalue<-’
    team.name.select : showlist: no visible global function definition for
     ‘tclvalue’
    team.name.select : searchteam: no visible global function definition
     for ‘tclvalue<-’
    team.name.select : searchteam: no visible global function definition
     for ‘tclvalue’
    team.name.select : skipteam: no visible global function definition for
     ‘tclvalue<-’
    team.name.select: no visible global function definition for
     ‘tktoplevel’
    team.name.select: no visible global function definition for
     ‘tkwm.title’
    team.name.select: no visible global function definition for ‘tkframe’
    team.name.select: no visible global function definition for ‘tclVar’
    team.name.select: no visible global function definition for ‘tclObj<-’
    team.name.select: no visible global function definition for ‘tklistbox’
    team.name.select: no visible global function definition for ‘tkpack’
    team.name.select: no visible global function definition for
     ‘tkradiobutton’
    team.name.select: no visible global function definition for ‘tklabel’
    team.name.select: no visible global function definition for ‘tkentry’
    team.name.select: no visible global function definition for ‘tkbutton’
    team.name.select: no visible global function definition for ‘tkgrid’
    team.name.select: no visible global function definition for
     ‘tclvalue<-’
    team.name.select : <anonymous>: no visible global function definition
     for ‘tkdestroy’
    team.name.select: no visible global function definition for
     ‘tkwait.window’
Flavors: r-patched-linux-x86_64, r-patched-solaris-x86, r-release-linux-x86_64, r-release-osx-x86_64-mavericks, r-release-windows-ix86+x86_64, r-oldrel-windows-ix86+x86_64

Version: 2.0
Flags: --no-vignettes
Check: dependencies in R code
Result: NOTE
    'library' or 'require' calls in package code:
     ‘RCurl’ ‘RJSONIO’ ‘XML’ ‘glmnet’ ‘httr’ ‘speedglm’ ‘tcltk’ ‘xtable’
     Please use :: or requireNamespace() instead.
     See section 'Suggested packages' in the 'Writing R Extensions' manual.
Flavor: r-patched-solaris-sparc

Version: 2.0
Flags: --no-vignettes
Check: R code for possible problems
Result: NOTE
    print.fbRanks: no visible global function definition for ‘xtable’
    rank.teams: no visible global function definition for ‘speedglm’
    rank.teams: no visible global function definition for ‘sparseMatrix’
    rank.teams: no visible binding for global variable ‘glmnet’
    scrape.custom1: no visible global function definition for ‘htmlParse’
    scrape.custom1: no visible global function definition for ‘getNodeSet’
    scrape.custom1: no visible global function definition for ‘xmlValue’
    scrape.custom2: no visible global function definition for
     ‘readHTMLTable’
    scrape.custom3: no visible global function definition for
     ‘readHTMLTable’
    scrape.custom4: no visible global function definition for
     ‘readHTMLTable’
    scrape.demosphere: no visible global function definition for
     ‘readHTMLTable’
    scrape.demosphere : getthelink: no visible global function definition
     for ‘xmlChildren’
    scrape.demosphere : getthelink: no visible global function definition
     for ‘xmlAttrs’
    scrape.demosphere: no visible global function definition for ‘getURL’
    scrape.demosphere: no visible global function definition for
     ‘htmlParse’
    scrape.demosphere.main : getthelink: no visible global function
     definition for ‘xmlChildren’
    scrape.demosphere.main : getthelink: no visible global function
     definition for ‘xmlAttrs’
    scrape.demosphere.main : getthelink: no visible global function
     definition for ‘xmlValue’
    scrape.demosphere.main : getthelink3: no visible global function
     definition for ‘xmlChildren’
    scrape.demosphere.main : getthelink3: no visible global function
     definition for ‘xmlAttrs’
    scrape.demosphere.main : getthelink3: no visible global function
     definition for ‘xmlValue’
    scrape.demosphere.main: no visible global function definition for
     ‘readHTMLTable’
    scrape.gotsport: no visible global function definition for
     ‘readHTMLTable’
    scrape.gotsport.main : getthelink: no visible global function
     definition for ‘xmlChildren’
    scrape.gotsport.main : getthelink: no visible global function
     definition for ‘xmlAttrs’
    scrape.gotsport.main : getthelink: no visible global function
     definition for ‘xmlValue’
    scrape.gotsport.main: no visible global function definition for ‘GET’
    scrape.gotsport.main: no visible global function definition for
     ‘user_agent’
    scrape.gotsport.main: no visible global function definition for
     ‘htmlParse’
    scrape.gotsport.main: no visible global function definition for
     ‘text_content’
    scrape.gotsport.main: no visible global function definition for
     ‘readHTMLTable’
    scrape.json1: no visible global function definition for ‘getURL’
    scrape.json1: no visible global function definition for ‘fromJSON’
    scrape.korrio: no visible global function definition for ‘GET’
    scrape.korrio: no visible global function definition for ‘user_agent’
    scrape.korrio: no visible global function definition for
     ‘readHTMLTable’
    scrape.korrio: no visible global function definition for ‘text_content’
    scrape.korrio: no visible global function definition for ‘htmlParse’
    scrape.korrio: no visible global function definition for ‘getNodeSet’
    scrape.korrio: no visible binding for global variable ‘xmlValue’
    scrape.korrio: no visible global function definition for ‘xmlAttrs’
    scrape.korrio: no visible global function definition for ‘content’
    scrape.korrio: no visible global function definition for ‘xmlValue’
    scrape.scoreboard: no visible global function definition for
     ‘readHTMLTable’
    scrape.sportaffinity: no visible global function definition for
     ‘readHTMLTable’
    scrape.sportaffinity: no visible global function definition for
     ‘htmlParse’
    scrape.sportaffinity: no visible global function definition for
     ‘getNodeSet’
    scrape.sportaffinity: no visible binding for global variable ‘xmlValue’
    scrape.sportaffinity.brackets: no visible global function definition
     for ‘GET’
    scrape.sportaffinity.brackets: no visible global function definition
     for ‘user_agent’
    scrape.sportaffinity.brackets: no visible global function definition
     for ‘htmlParse’
    scrape.sportaffinity.brackets: no visible global function definition
     for ‘text_content’
    scrape.sportaffinity.brackets: no visible global function definition
     for ‘getNodeSet’
    scrape.sportaffinity.brackets : <anonymous>: no visible global function
     definition for ‘xmlValue’
    scrape.sportaffinity.brackets: no visible global function definition
     for ‘xmlAttrs’
    scrape.sportaffinity.brackets: no visible global function definition
     for ‘xmlValue’
    scrape.sportaffinity.main : getthelink3: no visible global function
     definition for ‘xmlChildren’
    scrape.sportaffinity.main : getthelink3: no visible global function
     definition for ‘xmlValue’
    scrape.sportaffinity.main : getthelink3: no visible global function
     definition for ‘xmlAttrs’
    scrape.sportaffinity.main: no visible global function definition for
     ‘readHTMLTable’
    scrape.usclub: no visible global function definition for
     ‘readHTMLTable’
    team.name.select : gogetem: no visible global function definition for
     ‘tclvalue<-’
    team.name.select : gogetem: no visible global function definition for
     ‘tkcurselection’
    team.name.select : clearteam: no visible global function definition for
     ‘tclvalue<-’
    team.name.select : clearteam: no visible global function definition for
     ‘tkselection.clear’
    team.name.select : showteam: no visible global function definition for
     ‘tclvalue<-’
    team.name.select : showteam: no visible global function definition for
     ‘tkcurselection’
    team.name.select : showteam: no visible global function definition for
     ‘tclvalue’
    team.name.select : enterteam: no visible global function definition for
     ‘tclvalue<-’
    team.name.select : enterteam: no visible global function definition for
     ‘tclvalue’
    team.name.select : updateteam: no visible global function definition
     for ‘tclvalue<-’
    team.name.select : updateteam: no visible global function definition
     for ‘tkcurselection’
    team.name.select : updateteam: no visible global function definition
     for ‘tclvalue’
    team.name.select : showlist: no visible global function definition for
     ‘tclvalue<-’
    team.name.select : showlist: no visible global function definition for
     ‘tclvalue’
    team.name.select : searchteam: no visible global function definition
     for ‘tclvalue<-’
    team.name.select : searchteam: no visible global function definition
     for ‘tclvalue’
    team.name.select : skipteam: no visible global function definition for
     ‘tclvalue<-’
    team.name.select: no visible global function definition for
     ‘tktoplevel’
    team.name.select: no visible global function definition for
     ‘tkwm.title’
    team.name.select: no visible global function definition for ‘tkframe’
    team.name.select: no visible global function definition for ‘tclVar’
    team.name.select: no visible global function definition for ‘tclObj<-’
    team.name.select: no visible global function definition for ‘tklistbox’
    team.name.select: no visible global function definition for ‘tkpack’
    team.name.select: no visible global function definition for
     ‘tkradiobutton’
    team.name.select: no visible global function definition for ‘tklabel’
    team.name.select: no visible global function definition for ‘tkentry’
    team.name.select: no visible global function definition for ‘tkbutton’
    team.name.select: no visible global function definition for ‘tkgrid’
    team.name.select: no visible global function definition for
     ‘tclvalue<-’
    team.name.select : <anonymous>: no visible global function definition
     for ‘tkdestroy’
    team.name.select: no visible global function definition for
     ‘tkwait.window’
Flavor: r-patched-solaris-sparc