CRAN Package Check Results for Package fbRanks

Last updated on 2014-07-26 08:50:49.

Flavor Version Tinstall Tcheck Ttotal Status Flags
r-devel-linux-x86_64-debian-clang 2.0 1.14 160.67 161.82 OK
r-devel-linux-x86_64-debian-gcc 2.0 1.52 157.52 159.04 OK
r-devel-linux-x86_64-fedora-clang 2.0 295.95 OK
r-devel-linux-x86_64-fedora-gcc 2.0 282.32 OK
r-devel-osx-x86_64-clang 2.0 290.39 OK
r-devel-windows-ix86+x86_64 2.0 3.00 191.00 194.00 OK
r-patched-linux-x86_64 2.0 1.02 152.12 153.14 OK
r-patched-solaris-sparc 2.0 304.70 OK --no-vignettes
r-patched-solaris-x86 2.0 471.20 OK
r-release-linux-ix86 2.0 1.40 206.63 208.02 OK
r-release-linux-x86_64 2.0 1.04 149.46 150.50 OK
r-release-osx-x86_64-mavericks 2.0 OK
r-release-osx-x86_64-snowleopard 2.0 NOTE
r-release-windows-ix86+x86_64 2.0 4.00 212.00 216.00 OK
r-oldrel-windows-ix86+x86_64 2.0 4.00 183.00 187.00 OK

Check Details

Version: 2.0
Check: package dependencies
Result: NOTE
    Package suggested but not available for checking: 'httr'
Flavor: r-release-osx-x86_64-snowleopard

Version: 2.0
Check: R code for possible problems
Result: NOTE
    scrape.gotsport.main: no visible global function definition for 'GET'
    scrape.gotsport.main: no visible global function definition for
     'user_agent'
    scrape.gotsport.main: no visible global function definition for
     'text_content'
    scrape.korrio: no visible global function definition for 'GET'
    scrape.korrio: no visible global function definition for 'user_agent'
    scrape.korrio: no visible global function definition for 'text_content'
    scrape.korrio: no visible global function definition for 'content'
    scrape.sportaffinity.brackets: no visible global function definition
     for 'GET'
    scrape.sportaffinity.brackets: no visible global function definition
     for 'user_agent'
    scrape.sportaffinity.brackets: no visible global function definition
     for 'text_content'
Flavor: r-release-osx-x86_64-snowleopard