CRAN Package Check Results for Package fbRanks

Last updated on 2014-09-03 03:50:27.

Flavor Version Tinstall Tcheck Ttotal Status Flags
r-devel-linux-x86_64-debian-clang 2.0 1.03 154.66 155.68 NOTE
r-devel-linux-x86_64-debian-gcc 2.0 0.98 149.05 150.03 NOTE
r-devel-linux-x86_64-fedora-clang 2.0 290.28 NOTE
r-devel-linux-x86_64-fedora-gcc 2.0 268.95 NOTE
r-devel-osx-x86_64-clang 2.0 275.25 NOTE
r-devel-windows-ix86+x86_64 2.0 3.00 214.00 217.00 NOTE
r-patched-linux-x86_64 2.0 1.04 150.66 151.70 OK
r-patched-solaris-sparc 2.0 320.40 OK --no-vignettes
r-patched-solaris-x86 2.0 473.40 OK
r-release-linux-ix86 2.0 1.40 208.30 209.70 OK
r-release-linux-x86_64 2.0 1.07 152.02 153.09 OK
r-release-osx-x86_64-mavericks 2.0 OK
r-release-osx-x86_64-snowleopard 2.0 NOTE
r-release-windows-ix86+x86_64 2.0 3.00 204.00 207.00 OK
r-oldrel-windows-ix86+x86_64 2.0 3.00 185.00 188.00 OK

Check Details

Version: 2.0
Check: R code for possible problems
Result: NOTE
    print.fbRanks: no visible global function definition for ‘xtable’
    rank.teams: no visible global function definition for ‘speedglm’
    rank.teams: no visible global function definition for ‘sparseMatrix’
    rank.teams: no visible binding for global variable ‘glmnet’
    scrape.custom1: no visible global function definition for ‘htmlParse’
    scrape.custom1: no visible global function definition for ‘getNodeSet’
    scrape.custom1: no visible global function definition for ‘xmlValue’
    scrape.custom2: no visible global function definition for
     ‘readHTMLTable’
    scrape.custom3: no visible global function definition for
     ‘readHTMLTable’
    scrape.custom4: no visible global function definition for
     ‘readHTMLTable’
    scrape.demosphere: no visible global function definition for
     ‘readHTMLTable’
    scrape.demosphere : getthelink: no visible global function definition
     for ‘xmlChildren’
    scrape.demosphere : getthelink: no visible global function definition
     for ‘xmlAttrs’
    scrape.demosphere: no visible global function definition for ‘getURL’
    scrape.demosphere: no visible global function definition for
     ‘htmlParse’
    scrape.demosphere.main : getthelink: no visible global function
     definition for ‘xmlChildren’
    scrape.demosphere.main : getthelink: no visible global function
     definition for ‘xmlAttrs’
    scrape.demosphere.main : getthelink: no visible global function
     definition for ‘xmlValue’
    scrape.demosphere.main : getthelink3: no visible global function
     definition for ‘xmlChildren’
    scrape.demosphere.main : getthelink3: no visible global function
     definition for ‘xmlAttrs’
    scrape.demosphere.main : getthelink3: no visible global function
     definition for ‘xmlValue’
    scrape.demosphere.main: no visible global function definition for
     ‘readHTMLTable’
    scrape.gotsport: no visible global function definition for
     ‘readHTMLTable’
    scrape.gotsport.main : getthelink: no visible global function
     definition for ‘xmlChildren’
    scrape.gotsport.main : getthelink: no visible global function
     definition for ‘xmlAttrs’
    scrape.gotsport.main : getthelink: no visible global function
     definition for ‘xmlValue’
    scrape.gotsport.main: no visible global function definition for ‘GET’
    scrape.gotsport.main: no visible global function definition for
     ‘user_agent’
    scrape.gotsport.main: no visible global function definition for
     ‘htmlParse’
    scrape.gotsport.main: no visible global function definition for
     ‘text_content’
    scrape.gotsport.main: no visible global function definition for
     ‘readHTMLTable’
    scrape.json1: no visible global function definition for ‘getURL’
    scrape.json1: no visible global function definition for ‘fromJSON’
    scrape.korrio: no visible global function definition for ‘GET’
    scrape.korrio: no visible global function definition for ‘user_agent’
    scrape.korrio: no visible global function definition for
     ‘readHTMLTable’
    scrape.korrio: no visible global function definition for ‘text_content’
    scrape.korrio: no visible global function definition for ‘htmlParse’
    scrape.korrio: no visible global function definition for ‘getNodeSet’
    scrape.korrio: no visible binding for global variable ‘xmlValue’
    scrape.korrio: no visible global function definition for ‘xmlAttrs’
    scrape.korrio: no visible global function definition for ‘content’
    scrape.korrio: no visible global function definition for ‘xmlValue’
    scrape.scoreboard: no visible global function definition for
     ‘readHTMLTable’
    scrape.sportaffinity: no visible global function definition for
     ‘readHTMLTable’
    scrape.sportaffinity: no visible global function definition for
     ‘htmlParse’
    scrape.sportaffinity: no visible global function definition for
     ‘getNodeSet’
    scrape.sportaffinity: no visible binding for global variable ‘xmlValue’
    scrape.sportaffinity.brackets: no visible global function definition
     for ‘GET’
    scrape.sportaffinity.brackets: no visible global function definition
     for ‘user_agent’
    scrape.sportaffinity.brackets: no visible global function definition
     for ‘htmlParse’
    scrape.sportaffinity.brackets: no visible global function definition
     for ‘text_content’
    scrape.sportaffinity.brackets: no visible global function definition
     for ‘getNodeSet’
    scrape.sportaffinity.brackets : <anonymous>: no visible global function
     definition for ‘xmlValue’
    scrape.sportaffinity.brackets: no visible global function definition
     for ‘xmlAttrs’
    scrape.sportaffinity.brackets: no visible global function definition
     for ‘xmlValue’
    scrape.sportaffinity.main : getthelink3: no visible global function
     definition for ‘xmlChildren’
    scrape.sportaffinity.main : getthelink3: no visible global function
     definition for ‘xmlValue’
    scrape.sportaffinity.main : getthelink3: no visible global function
     definition for ‘xmlAttrs’
    scrape.sportaffinity.main: no visible global function definition for
     ‘readHTMLTable’
    scrape.usclub: no visible global function definition for
     ‘readHTMLTable’
    team.name.select : gogetem: no visible global function definition for
     ‘tclvalue<-’
    team.name.select : gogetem: no visible global function definition for
     ‘tkcurselection’
    team.name.select : clearteam: no visible global function definition for
     ‘tclvalue<-’
    team.name.select : clearteam: no visible global function definition for
     ‘tkselection.clear’
    team.name.select : showteam: no visible global function definition for
     ‘tclvalue<-’
    team.name.select : showteam: no visible global function definition for
     ‘tkcurselection’
    team.name.select : showteam: no visible global function definition for
     ‘tclvalue’
    team.name.select : enterteam: no visible global function definition for
     ‘tclvalue<-’
    team.name.select : enterteam: no visible global function definition for
     ‘tclvalue’
    team.name.select : updateteam: no visible global function definition
     for ‘tclvalue<-’
    team.name.select : updateteam: no visible global function definition
     for ‘tkcurselection’
    team.name.select : updateteam: no visible global function definition
     for ‘tclvalue’
    team.name.select : showlist: no visible global function definition for
     ‘tclvalue<-’
    team.name.select : showlist: no visible global function definition for
     ‘tclvalue’
    team.name.select : searchteam: no visible global function definition
     for ‘tclvalue<-’
    team.name.select : searchteam: no visible global function definition
     for ‘tclvalue’
    team.name.select : skipteam: no visible global function definition for
     ‘tclvalue<-’
    team.name.select: no visible global function definition for
     ‘tktoplevel’
    team.name.select: no visible global function definition for
     ‘tkwm.title’
    team.name.select: no visible global function definition for ‘tkframe’
    team.name.select: no visible global function definition for ‘tclVar’
    team.name.select: no visible global function definition for ‘tclObj<-’
    team.name.select: no visible global function definition for ‘tklistbox’
    team.name.select: no visible global function definition for ‘tkpack’
    team.name.select: no visible global function definition for
     ‘tkradiobutton’
    team.name.select: no visible global function definition for ‘tklabel’
    team.name.select: no visible global function definition for ‘tkentry’
    team.name.select: no visible global function definition for ‘tkbutton’
    team.name.select: no visible global function definition for ‘tkgrid’
    team.name.select: no visible global function definition for
     ‘tclvalue<-’
    team.name.select : <anonymous>: no visible global function definition
     for ‘tkdestroy’
    team.name.select: no visible global function definition for
     ‘tkwait.window’
Flavors: r-devel-linux-x86_64-debian-clang, r-devel-linux-x86_64-debian-gcc, r-devel-linux-x86_64-fedora-clang, r-devel-linux-x86_64-fedora-gcc, r-devel-osx-x86_64-clang, r-devel-windows-ix86+x86_64

Version: 2.0
Check: package dependencies
Result: NOTE
    Package suggested but not available for checking: 'httr'
Flavor: r-release-osx-x86_64-snowleopard

Version: 2.0
Check: R code for possible problems
Result: NOTE
    scrape.gotsport.main: no visible global function definition for 'GET'
    scrape.gotsport.main: no visible global function definition for
     'user_agent'
    scrape.gotsport.main: no visible global function definition for
     'text_content'
    scrape.korrio: no visible global function definition for 'GET'
    scrape.korrio: no visible global function definition for 'user_agent'
    scrape.korrio: no visible global function definition for 'text_content'
    scrape.korrio: no visible global function definition for 'content'
    scrape.sportaffinity.brackets: no visible global function definition
     for 'GET'
    scrape.sportaffinity.brackets: no visible global function definition
     for 'user_agent'
    scrape.sportaffinity.brackets: no visible global function definition
     for 'text_content'
Flavor: r-release-osx-x86_64-snowleopard