CRAN Package Check Results for Package fbRanks

Last updated on 2014-04-23 17:47:44.

Flavor Version Tinstall Tcheck Ttotal Status Flags
r-devel-linux-x86_64-debian-clang 2.0 1.12 157.65 158.77 OK
r-devel-linux-x86_64-debian-gcc 2.0 1.11 156.52 157.63 OK
r-devel-linux-x86_64-fedora-clang 2.0 276.09 OK
r-devel-linux-x86_64-fedora-gcc 2.0 280.67 OK
r-devel-osx-x86_64-clang 2.0 274.24 OK
r-devel-osx-x86_64-gcc 2.0 ERROR
r-devel-windows-ix86+x86_64 2.0 3.00 186.00 189.00 OK
r-patched-linux-x86_64 2.0 1.12 155.72 156.85 OK
r-patched-solaris-sparc 2.0 304.70 OK --no-vignettes
r-patched-solaris-x86 2.0 468.80 OK
r-release-linux-ix86 2.0 2.00 279.00 281.00 OK
r-release-linux-x86_64 2.0 1.12 156.07 157.19 OK
r-release-osx-x86_64-mavericks 2.0 WARN
r-release-osx-x86_64-snowleopard 2.0 NOTE
r-release-windows-ix86+x86_64 2.0 4.00 190.00 194.00 OK
r-oldrel-windows-ix86+x86_64 2.0 3.00 186.00 189.00 OK

Check Details

Version: 2.0
Check: package dependencies
Result: ERROR
    Package required but not available: ‘igraph’
    
    Package suggested but not available for checking: ‘XML’
    
    See the information on DESCRIPTION files in the chapter ‘Creating R
    packages’ of the ‘Writing R Extensions’ manual.
Flavor: r-devel-osx-x86_64-gcc

Version: 2.0
Check: PDF version of manual
Result: WARNING
    LaTeX errors when creating PDF version.
    This typically indicates Rd problems.
    LaTeX errors found:
    ! LaTeX Error: File `upquote.sty' not found.
    
    Type X to quit or <RETURN> to proceed,
    or enter new name. (Default extension: sty)
    
    27e6940f/Rd2.tex:8: ==> Fatal error occurred, no output PDF file produced!
Flavor: r-release-osx-x86_64-mavericks

Version: 2.0
Check: package dependencies
Result: NOTE
    Package suggested but not available for checking: 'httr'
Flavor: r-release-osx-x86_64-snowleopard

Version: 2.0
Check: R code for possible problems
Result: NOTE
    scrape.gotsport.main: no visible global function definition for 'GET'
    scrape.gotsport.main: no visible global function definition for
     'user_agent'
    scrape.gotsport.main: no visible global function definition for
     'text_content'
    scrape.korrio: no visible global function definition for 'GET'
    scrape.korrio: no visible global function definition for 'user_agent'
    scrape.korrio: no visible global function definition for 'text_content'
    scrape.korrio: no visible global function definition for 'content'
    scrape.sportaffinity.brackets: no visible global function definition
     for 'GET'
    scrape.sportaffinity.brackets: no visible global function definition
     for 'user_agent'
    scrape.sportaffinity.brackets: no visible global function definition
     for 'text_content'
Flavor: r-release-osx-x86_64-snowleopard