CRAN Package Check Results for Package fbati

Last updated on 2018-04-23 10:49:56 CEST.

Flavor Version Tinstall Tcheck Ttotal Status Flags
r-devel-linux-x86_64-debian-clang 1.0-1.1 29.31 64.21 93.52 NOTE
r-devel-linux-x86_64-debian-gcc 1.0-1.1 25.00 54.91 79.91 WARN
r-devel-linux-x86_64-fedora-clang 1.0-1.1 133.14 NOTE
r-devel-linux-x86_64-fedora-gcc 1.0-1.1 119.81 WARN
r-devel-windows-ix86+x86_64 1.0-1.1 75.00 103.00 178.00 WARN
r-devel-osx-x86_64 1.0-1.1 WARN
r-patched-linux-x86_64 1.0-1.1 29.89 69.01 98.90 WARN
r-patched-solaris-x86 1.0-1.1 292.80 NOTE
r-release-linux-x86_64 1.0-1.1 24.87 71.86 96.73 NOTE
r-release-windows-ix86+x86_64 1.0-1.1 72.00 102.00 174.00 NOTE
r-release-osx-x86_64 1.0-1.1 NOTE
r-oldrel-windows-ix86+x86_64 1.0-1.1 72.00 126.00 198.00 NOTE

Check Details

Version: 1.0-1.1
Check: R code for possible problems
Result: NOTE
    condGene: no visible global function definition for ‘getFromNamespace’
    condGene: no visible global function definition for ‘pchisq’
    condGeneFBATControl_estEq: no visible global function definition for
     ‘getFromNamespace’
    condGeneFBATControl_estEq: no visible global function definition for
     ‘pchisq’
    condGeneFBATControl_estEqNuis: no visible global function definition
     for ‘getFromNamespace’
    condGeneP: no visible global function definition for ‘getFromNamespace’
    condGeneP: no visible global function definition for ‘pchisq’
    condGeneP2: no visible global function definition for
     ‘getFromNamespace’
    condGeneP2: no visible global function definition for ‘pchisq’
    condGeneP4: no visible global function definition for
     ‘getFromNamespace’
    condGeneP4: no visible global function definition for ‘pchisq’
    condGeneR: no visible global function definition for ‘getFromNamespace’
    condGeneR: no visible global function definition for ‘pchisq’
    cpp_gesim_set: no visible global function definition for ‘qnorm’
    cpp_gped_statCompute: no visible global function definition for
     ‘pchisq’
    cpp_gped_statCompute_A: no visible global function definition for
     ‘pchisq’
    datamatrix.R.debug: no visible global function definition for
     ‘write.csv’
    fbat.install: no visible global function definition for ‘download.file’
    fbatcStrategyStepLatex: no visible global function definition for ‘str’
    fbatj: no visible global function definition for ‘pchisq’
    fbatme: no visible global function definition for ‘pchisq’
    fbatmeev: no visible global function definition for ‘pchisq’
    ibat.R.debug: no visible global function definition for ‘rnorm’
    mmlroot: no visible global function definition for ‘runif’
    mroot: no visible global function definition for ‘optim’
    mroptim: no visible global function definition for ‘optim’
    mroptim: no visible global function definition for ‘runif’
    mrroot: no visible global function definition for ‘runif’
    mrroot2: no visible global function definition for ‘runif’
    mrroot3: no visible global function definition for ‘rnorm’
    programControl: no visible global function definition for
     ‘getFromNamespace’
    sh.install: no visible global function definition for ‘download.file’
    updateFbatcGUI: no visible global function definition for
     ‘getFromNamespace’
    updateFbatcSSFunc: no visible global function definition for
     ‘getFromNamespace’
    updateFbatgeAllGUI: no visible global function definition for
     ‘getFromNamespace’
    updateFbatgeGUI: no visible global function definition for
     ‘getFromNamespace’
    updateFbatiGUI: no visible global function definition for
     ‘getFromNamespace’
    updateFbatjGUI: no visible global function definition for
     ‘getFromNamespace’
    writeFbatcGUI: no visible global function definition for
     ‘getFromNamespace’
    writeFbatcGUI: no visible global function definition for ‘write.csv’
    writeFbatgeAllGUI: no visible global function definition for
     ‘getFromNamespace’
    writeFbatgeAllGUI: no visible global function definition for
     ‘write.csv’
    writeFbatgeGUI: no visible global function definition for
     ‘getFromNamespace’
    writeFbatgeGUI: no visible global function definition for ‘write.csv’
    writeFbatiGUI: no visible global function definition for
     ‘getFromNamespace’
    writeFbatiGUI: no visible global function definition for ‘write.csv’
    writeFbatjGUI: no visible global function definition for
     ‘getFromNamespace’
    writeFbatjGUI: no visible global function definition for ‘write.csv’
    Undefined global functions or variables:
     download.file getFromNamespace optim pchisq qnorm rnorm runif str
     write.csv
    Consider adding
     importFrom("stats", "optim", "pchisq", "qnorm", "rnorm", "runif")
     importFrom("utils", "download.file", "getFromNamespace", "str",
     "write.csv")
    to your NAMESPACE file.
Flavors: r-devel-linux-x86_64-debian-clang, r-devel-linux-x86_64-debian-gcc, r-devel-linux-x86_64-fedora-clang, r-devel-linux-x86_64-fedora-gcc, r-devel-windows-ix86+x86_64, r-devel-osx-x86_64, r-patched-linux-x86_64, r-patched-solaris-x86, r-release-linux-x86_64, r-release-windows-ix86+x86_64, r-release-osx-x86_64, r-oldrel-windows-ix86+x86_64

Version: 1.0-1.1
Check: compiled code
Result: NOTE
    File ‘fbati/libs/fbati.so’:
     Found no calls to: ‘R_registerRoutines’, ‘R_useDynamicSymbols’
    
    It is good practice to register native routines and to disable symbol
    search.
    
    See ‘Writing portable packages’ in the ‘Writing R Extensions’ manual.
Flavors: r-devel-linux-x86_64-debian-clang, r-devel-linux-x86_64-debian-gcc, r-devel-linux-x86_64-fedora-clang, r-devel-linux-x86_64-fedora-gcc, r-patched-linux-x86_64, r-release-linux-x86_64

Version: 1.0-1.1
Check: whether package can be installed
Result: WARN
    Found the following significant warnings:
     fbatdist.cpp:431:11: warning: suggest parentheses around comparison in operand of ‘&’ [-Wparentheses]
     nuclify.cpp:110:30: warning: suggest parentheses around comparison in operand of ‘&’ [-Wparentheses]
Flavors: r-devel-linux-x86_64-debian-gcc, r-devel-linux-x86_64-fedora-gcc, r-devel-windows-ix86+x86_64, r-patched-linux-x86_64

Version: 1.0-1.1
Check: whether package can be installed
Result: WARN
    Found the following significant warnings:
     cgFbat.cpp:222:13: warning: comparison of unsigned expression < 0 is always false [-Wtautological-compare]
     cgFbat.cpp:265:13: warning: comparison of unsigned expression < 0 is always false [-Wtautological-compare]
     cgFbat.cpp:358:40: warning: comparison of unsigned expression < 0 is always false [-Wtautological-compare]
     cgFbat.cpp:2210:14: warning: comparison of unsigned expression < 0 is always false [-Wtautological-compare]
     rmatrix.cpp:23:8: warning: comparison of unsigned expression < 0 is always false [-Wtautological-compare]
     rmatrix.cpp:23:23: warning: comparison of unsigned expression < 0 is always false [-Wtautological-compare]
     rmatrix.cpp:33:8: warning: comparison of unsigned expression < 0 is always false [-Wtautological-compare]
     rmatrix.cpp:33:23: warning: comparison of unsigned expression < 0 is always false [-Wtautological-compare]
     rvector.cpp:23:8: warning: comparison of unsigned expression < 0 is always false [-Wtautological-compare]
     rvector.cpp:34:8: warning: comparison of unsigned expression < 0 is always false [-Wtautological-compare]
Flavor: r-devel-osx-x86_64