CRAN Package Check Results for Package fbati

Last updated on 2016-02-07 17:49:44.

Flavor Version Tinstall Tcheck Ttotal Status Flags
r-devel-linux-x86_64-debian-gcc 1.0-1 13.42 30.12 43.54 NOTE
r-devel-linux-x86_64-fedora-clang 1.0-1 76.85 NOTE
r-devel-linux-x86_64-fedora-gcc 1.0-1 71.08 NOTE
r-devel-osx-x86_64-clang 1.0-1 74.72 NOTE
r-devel-windows-ix86+x86_64 1.0-1 47.00 59.00 106.00 NOTE
r-patched-linux-x86_64 1.0-1 13.62 29.24 42.86 OK
r-patched-solaris-sparc 1.0-1 417.50 OK
r-patched-solaris-x86 1.0-1 81.90 OK
r-release-linux-x86_64 1.0-1 13.77 29.29 43.06 OK
r-release-osx-x86_64-mavericks 1.0-1 OK
r-release-windows-ix86+x86_64 1.0-1 57.00 60.00 117.00 OK
r-oldrel-windows-ix86+x86_64 1.0-1 66.00 84.00 150.00 OK

Check Details

Version: 1.0-1
Check: R code for possible problems
Result: NOTE
    condGene: no visible global function definition for ‘getFromNamespace’
    condGene: no visible global function definition for ‘pchisq’
    condGeneFBATControl_estEq: no visible global function definition for
     ‘getFromNamespace’
    condGeneFBATControl_estEq: no visible global function definition for
     ‘pchisq’
    condGeneFBATControl_estEqNuis: no visible global function definition
     for ‘getFromNamespace’
    condGeneP: no visible global function definition for ‘getFromNamespace’
    condGeneP: no visible global function definition for ‘pchisq’
    condGeneP2: no visible global function definition for
     ‘getFromNamespace’
    condGeneP2: no visible global function definition for ‘pchisq’
    condGeneP4: no visible global function definition for
     ‘getFromNamespace’
    condGeneP4: no visible global function definition for ‘pchisq’
    condGeneR: no visible global function definition for ‘getFromNamespace’
    condGeneR: no visible global function definition for ‘pchisq’
    cpp_gesim_set: no visible global function definition for ‘qnorm’
    cpp_gped_statCompute: no visible global function definition for
     ‘pchisq’
    cpp_gped_statCompute_A: no visible global function definition for
     ‘pchisq’
    datamatrix.R.debug: no visible global function definition for
     ‘write.csv’
    fbat.install: no visible global function definition for ‘download.file’
    fbatcStrategyStepLatex: no visible global function definition for ‘str’
    fbatj: no visible global function definition for ‘pchisq’
    fbatme: no visible global function definition for ‘pchisq’
    fbatmeev: no visible global function definition for ‘pchisq’
    ibat.R.debug: no visible global function definition for ‘rnorm’
    mmlroot: no visible global function definition for ‘runif’
    mroot: no visible global function definition for ‘optim’
    mroptim: no visible global function definition for ‘optim’
    mroptim: no visible global function definition for ‘runif’
    mrroot: no visible global function definition for ‘runif’
    mrroot2: no visible global function definition for ‘runif’
    mrroot3: no visible global function definition for ‘rnorm’
    programControl: no visible global function definition for
     ‘getFromNamespace’
    sh.install: no visible global function definition for ‘download.file’
    updateFbatcGUI: no visible global function definition for
     ‘getFromNamespace’
    updateFbatcSSFunc: no visible global function definition for
     ‘getFromNamespace’
    updateFbatgeAllGUI: no visible global function definition for
     ‘getFromNamespace’
    updateFbatgeGUI: no visible global function definition for
     ‘getFromNamespace’
    updateFbatiGUI: no visible global function definition for
     ‘getFromNamespace’
    updateFbatjGUI: no visible global function definition for
     ‘getFromNamespace’
    writeFbatcGUI: no visible global function definition for
     ‘getFromNamespace’
    writeFbatcGUI: no visible global function definition for ‘write.csv’
    writeFbatgeAllGUI: no visible global function definition for
     ‘getFromNamespace’
    writeFbatgeAllGUI: no visible global function definition for
     ‘write.csv’
    writeFbatgeGUI: no visible global function definition for
     ‘getFromNamespace’
    writeFbatgeGUI: no visible global function definition for ‘write.csv’
    writeFbatiGUI: no visible global function definition for
     ‘getFromNamespace’
    writeFbatiGUI: no visible global function definition for ‘write.csv’
    writeFbatjGUI: no visible global function definition for
     ‘getFromNamespace’
    writeFbatjGUI: no visible global function definition for ‘write.csv’
    Undefined global functions or variables:
     download.file getFromNamespace optim pchisq qnorm rnorm runif str
     write.csv
    Consider adding
     importFrom("stats", "optim", "pchisq", "qnorm", "rnorm", "runif")
     importFrom("utils", "download.file", "getFromNamespace", "str",
     "write.csv")
    to your NAMESPACE file.
Flavors: r-devel-linux-x86_64-debian-gcc, r-devel-linux-x86_64-fedora-clang, r-devel-linux-x86_64-fedora-gcc, r-devel-osx-x86_64-clang, r-devel-windows-ix86+x86_64