CRAN Package Check Results for Package fcd

Last updated on 2014-10-25 19:47:36.

Flavor Version Tinstall Tcheck Ttotal Status Flags
r-devel-linux-x86_64-debian-clang 0.1 4.01 34.59 38.60 NOTE
r-devel-linux-x86_64-debian-gcc 0.1 3.13 33.03 36.16 NOTE
r-devel-linux-x86_64-fedora-clang 0.1 87.08 NOTE
r-devel-linux-x86_64-fedora-gcc 0.1 84.42 NOTE
r-devel-osx-x86_64-clang 0.1 74.98 NOTE
r-devel-windows-ix86+x86_64 0.1 9.00 46.00 55.00 NOTE
r-patched-linux-x86_64 0.1 3.78 34.29 38.07 NOTE
r-patched-solaris-sparc 0.1 472.40 NOTE
r-patched-solaris-x86 0.1 114.90 NOTE
r-release-linux-ix86 0.1 4.24 44.96 49.20 NOTE
r-release-linux-x86_64 0.1 3.42 35.96 39.38 NOTE
r-release-osx-x86_64-mavericks 0.1 NOTE
r-release-osx-x86_64-snowleopard 0.1 OK
r-release-windows-ix86+x86_64 0.1 10.00 52.00 62.00 NOTE
r-oldrel-windows-ix86+x86_64 0.1 9.00 48.00 57.00 NOTE

Check Details

Version: 0.1
Check: dependencies in R code
Result: NOTE
    Packages in Depends field not imported from:
     ‘MASS’ ‘combinat’ ‘glmnet’
     These packages need to be imported from (in the NAMESPACE file)
     for when this namespace is loaded but not attached.
    See the information on DESCRIPTION files in the chapter ‘Creating R
    packages’ of the ‘Writing R Extensions’ manual.
Flavors: r-devel-linux-x86_64-debian-clang, r-devel-linux-x86_64-debian-gcc, r-devel-linux-x86_64-fedora-clang, r-devel-linux-x86_64-fedora-gcc, r-devel-osx-x86_64-clang, r-devel-windows-ix86+x86_64, r-patched-linux-x86_64, r-patched-solaris-sparc, r-patched-solaris-x86, r-release-linux-ix86, r-release-linux-x86_64, r-release-osx-x86_64-mavericks, r-release-windows-ix86+x86_64, r-oldrel-windows-ix86+x86_64

Version: 0.1
Check: R code for possible problems
Result: NOTE
    fcd.start: no visible global function definition for ‘ginv’
    fcd.start: no visible global function definition for ‘glmnet’
    mis.cluster: no visible global function definition for ‘permn’
Flavors: r-devel-linux-x86_64-debian-clang, r-devel-linux-x86_64-debian-gcc, r-devel-linux-x86_64-fedora-clang, r-devel-linux-x86_64-fedora-gcc, r-devel-osx-x86_64-clang, r-devel-windows-ix86+x86_64, r-patched-linux-x86_64, r-patched-solaris-sparc, r-patched-solaris-x86