CRAN Package Check Results for Package fcd

Last updated on 2017-07-24 05:50:10.

Flavor Version Tinstall Tcheck Ttotal Status Flags
r-devel-linux-x86_64-debian-clang 0.1 2.30 34.22 36.52 NOTE
r-devel-linux-x86_64-debian-gcc 0.1 2.51 33.63 36.14 NOTE
r-devel-linux-x86_64-fedora-clang 0.1 65.65 NOTE
r-devel-linux-x86_64-fedora-gcc 0.1 64.03 NOTE
r-devel-windows-ix86+x86_64 0.1 9.00 73.00 82.00 NOTE
r-patched-linux-x86_64 0.1 2.68 33.92 36.61 NOTE
r-patched-solaris-x86 0.1 93.40 NOTE
r-release-linux-x86_64 0.1 2.69 34.15 36.84 NOTE
r-release-windows-ix86+x86_64 0.1 7.00 69.00 76.00 NOTE
r-release-osx-x86_64 0.1 NOTE
r-oldrel-windows-ix86+x86_64 0.1 7.00 51.00 58.00 NOTE
r-oldrel-osx-x86_64 0.1 NOTE

Check Details

Version: 0.1
Check: dependencies in R code
Result: NOTE
    Packages in Depends field not imported from:
     ‘MASS’ ‘combinat’ ‘glmnet’
     These packages need to be imported from (in the NAMESPACE file)
     for when this namespace is loaded but not attached.
Flavors: r-devel-linux-x86_64-debian-clang, r-devel-linux-x86_64-debian-gcc, r-devel-linux-x86_64-fedora-clang, r-devel-linux-x86_64-fedora-gcc, r-devel-windows-ix86+x86_64, r-patched-linux-x86_64, r-patched-solaris-x86, r-release-linux-x86_64, r-release-windows-ix86+x86_64, r-release-osx-x86_64, r-oldrel-windows-ix86+x86_64, r-oldrel-osx-x86_64

Version: 0.1
Check: R code for possible problems
Result: NOTE
    fcd.cluster: no visible global function definition for ‘kmeans’
    fcd.start: no visible global function definition for ‘ginv’
    fcd.start: no visible global function definition for ‘glmnet’
    gen.dcbm: no visible global function definition for ‘rbinom’
    gen.sbm: no visible global function definition for ‘rbinom’
    mis.cluster: no visible global function definition for ‘permn’
    spectral.clustering: no visible global function definition for ‘kmeans’
    Undefined global functions or variables:
     ginv glmnet kmeans permn rbinom
    Consider adding
     importFrom("stats", "kmeans", "rbinom")
    to your NAMESPACE file.
Flavors: r-devel-linux-x86_64-debian-clang, r-devel-linux-x86_64-debian-gcc, r-devel-linux-x86_64-fedora-clang, r-devel-linux-x86_64-fedora-gcc, r-devel-windows-ix86+x86_64, r-patched-linux-x86_64, r-patched-solaris-x86, r-release-linux-x86_64, r-release-windows-ix86+x86_64, r-release-osx-x86_64, r-oldrel-windows-ix86+x86_64, r-oldrel-osx-x86_64