CRAN Package Check Results for Package fcd

Last updated on 2016-06-27 15:47:33.

Flavor Version Tinstall Tcheck Ttotal Status Flags
r-devel-linux-x86_64-debian-gcc 0.1 2.69 26.20 28.89 NOTE
r-devel-linux-x86_64-fedora-clang 0.1 54.49 NOTE
r-devel-linux-x86_64-fedora-gcc 0.1 53.03 NOTE
r-devel-osx-x86_64-clang 0.1 45.61 NOTE
r-devel-windows-ix86+x86_64 0.1 8.00 73.00 81.00 NOTE
r-patched-linux-x86_64 0.1 2.57 27.58 30.15 NOTE
r-patched-solaris-sparc 0.1 333.50 NOTE
r-patched-solaris-x86 0.1 76.60 NOTE
r-release-linux-x86_64 0.1 2.70 27.05 29.75 NOTE
r-release-osx-x86_64-mavericks 0.1 NOTE
r-release-windows-ix86+x86_64 0.1 7.00 50.00 57.00 NOTE
r-oldrel-windows-ix86+x86_64 0.1 12.00 47.00 59.00 NOTE

Check Details

Version: 0.1
Check: dependencies in R code
Result: NOTE
    Packages in Depends field not imported from:
     ‘MASS’ ‘combinat’ ‘glmnet’
     These packages need to be imported from (in the NAMESPACE file)
     for when this namespace is loaded but not attached.
Flavors: r-devel-linux-x86_64-debian-gcc, r-devel-linux-x86_64-fedora-clang, r-devel-linux-x86_64-fedora-gcc, r-devel-osx-x86_64-clang, r-devel-windows-ix86+x86_64, r-patched-linux-x86_64, r-patched-solaris-sparc, r-patched-solaris-x86, r-release-linux-x86_64, r-release-osx-x86_64-mavericks, r-release-windows-ix86+x86_64, r-oldrel-windows-ix86+x86_64

Version: 0.1
Check: R code for possible problems
Result: NOTE
    fcd.cluster: no visible global function definition for ‘kmeans’
    fcd.start: no visible global function definition for ‘ginv’
    fcd.start: no visible global function definition for ‘glmnet’
    gen.dcbm: no visible global function definition for ‘rbinom’
    gen.sbm: no visible global function definition for ‘rbinom’
    mis.cluster: no visible global function definition for ‘permn’
    spectral.clustering: no visible global function definition for ‘kmeans’
    Undefined global functions or variables:
     ginv glmnet kmeans permn rbinom
    Consider adding
     importFrom("stats", "kmeans", "rbinom")
    to your NAMESPACE file.
Flavors: r-devel-linux-x86_64-debian-gcc, r-devel-linux-x86_64-fedora-clang, r-devel-linux-x86_64-fedora-gcc, r-devel-osx-x86_64-clang, r-devel-windows-ix86+x86_64, r-patched-linux-x86_64, r-patched-solaris-sparc, r-patched-solaris-x86, r-release-linux-x86_64, r-release-osx-x86_64-mavericks, r-release-windows-ix86+x86_64

Version: 0.1
Check: R code for possible problems
Result: NOTE
    fcd.start: no visible global function definition for 'ginv'
    fcd.start: no visible global function definition for 'glmnet'
    mis.cluster: no visible global function definition for 'permn'
Flavor: r-oldrel-windows-ix86+x86_64