CRAN Package Check Results for Package fcd

Last updated on 2014-04-19 11:48:50.

Flavor Version Tinstall Tcheck Ttotal Status Flags
r-devel-linux-x86_64-debian-clang 0.1 3.88 36.72 40.60 NOTE
r-devel-linux-x86_64-debian-gcc 0.1 3.53 37.45 40.98 NOTE
r-devel-linux-x86_64-fedora-clang 0.1 95.03 NOTE
r-devel-linux-x86_64-fedora-gcc 0.1 91.41 NOTE
r-devel-macosx-x86_64-clang 0.1 72.34 NOTE
r-devel-macosx-x86_64-gcc 0.1 NOTE
r-devel-windows-ix86+x86_64 0.1 9.00 59.00 68.00 NOTE
r-patched-linux-x86_64 0.1 3.66 36.64 40.30 NOTE
r-patched-solaris-sparc 0.1 481.70 NOTE
r-patched-solaris-x86 0.1 122.50 NOTE
r-release-linux-ix86 0.1 8.00 66.00 74.00 NOTE
r-release-linux-x86_64 0.1 3.68 36.49 40.17 NOTE
r-release-macosx-x86_64 0.1 OK
r-release-windows-ix86+x86_64 0.1 12.00 49.00 61.00 NOTE
r-oldrel-windows-ix86+x86_64 0.1 9.00 50.00 59.00 NOTE

Check Details

Version: 0.1
Check: dependencies in R code
Result: NOTE
    Packages in Depends field not imported from:
     ‘MASS’ ‘combinat’ ‘glmnet’
     These packages need to be imported from (in the NAMESPACE file)
     for when this namespace is loaded but not attached.
    See the information on DESCRIPTION files in the chapter ‘Creating R
    packages’ of the ‘Writing R Extensions’ manual.
Flavors: r-devel-linux-x86_64-debian-clang, r-devel-linux-x86_64-debian-gcc, r-devel-linux-x86_64-fedora-clang, r-devel-linux-x86_64-fedora-gcc, r-devel-macosx-x86_64-clang, r-devel-macosx-x86_64-gcc, r-devel-windows-ix86+x86_64, r-patched-linux-x86_64, r-patched-solaris-sparc, r-patched-solaris-x86, r-release-linux-ix86, r-release-linux-x86_64, r-release-windows-ix86+x86_64, r-oldrel-windows-ix86+x86_64