CRAN Package Check Results for Package fcd

Last updated on 2014-07-24 11:53:22.

Flavor Version Tinstall Tcheck Ttotal Status Flags
r-devel-linux-x86_64-debian-clang 0.1 3.53 35.94 39.47 NOTE
r-devel-linux-x86_64-debian-gcc 0.1 3.26 35.43 38.69 NOTE
r-devel-linux-x86_64-fedora-clang 0.1 96.89 NOTE
r-devel-linux-x86_64-fedora-gcc 0.1 92.69 NOTE
r-devel-osx-x86_64-clang 0.1 76.54 NOTE
r-devel-windows-ix86+x86_64 0.1 9.00 53.00 62.00 NOTE
r-patched-linux-x86_64 0.1 3.30 36.24 39.54 NOTE
r-patched-solaris-sparc 0.1 481.70 NOTE
r-patched-solaris-x86 0.1 118.70 NOTE
r-release-linux-ix86 0.1 3.96 45.12 49.08 NOTE
r-release-linux-x86_64 0.1 3.46 36.03 39.49 NOTE
r-release-osx-x86_64-mavericks 0.1 NOTE
r-release-osx-x86_64-snowleopard 0.1 OK
r-release-windows-ix86+x86_64 0.1 9.00 51.00 60.00 NOTE
r-oldrel-windows-ix86+x86_64 0.1 9.00 52.00 61.00 NOTE

Check Details

Version: 0.1
Check: dependencies in R code
Result: NOTE
    Packages in Depends field not imported from:
     ‘MASS’ ‘combinat’ ‘glmnet’
     These packages need to be imported from (in the NAMESPACE file)
     for when this namespace is loaded but not attached.
    See the information on DESCRIPTION files in the chapter ‘Creating R
    packages’ of the ‘Writing R Extensions’ manual.
Flavors: r-devel-linux-x86_64-debian-clang, r-devel-linux-x86_64-debian-gcc, r-devel-linux-x86_64-fedora-clang, r-devel-linux-x86_64-fedora-gcc, r-devel-osx-x86_64-clang, r-devel-windows-ix86+x86_64, r-patched-linux-x86_64, r-patched-solaris-sparc, r-patched-solaris-x86, r-release-linux-ix86, r-release-linux-x86_64, r-release-osx-x86_64-mavericks, r-release-windows-ix86+x86_64, r-oldrel-windows-ix86+x86_64