CRAN Package Check Results for Package fcd

Last updated on 2014-08-22 07:50:30.

Flavor Version Tinstall Tcheck Ttotal Status Flags
r-devel-linux-x86_64-debian-clang 0.1 3.32 35.05 38.37 NOTE
r-devel-linux-x86_64-debian-gcc 0.1 3.22 34.46 37.68 NOTE
r-devel-linux-x86_64-fedora-clang 0.1 90.34 NOTE
r-devel-linux-x86_64-fedora-gcc 0.1 82.32 NOTE
r-devel-osx-x86_64-clang 0.1 73.43 NOTE
r-devel-windows-ix86+x86_64 0.1 9.00 51.00 60.00 NOTE
r-patched-linux-x86_64 0.1 3.32 35.33 38.66 NOTE
r-patched-solaris-sparc 0.1 493.70 NOTE
r-patched-solaris-x86 0.1 122.30 NOTE
r-release-linux-ix86 0.1 3.97 45.54 49.51 NOTE
r-release-linux-x86_64 0.1 3.40 36.19 39.58 NOTE
r-release-osx-x86_64-mavericks 0.1 NOTE
r-release-osx-x86_64-snowleopard 0.1 OK
r-release-windows-ix86+x86_64 0.1 9.00 52.00 61.00 NOTE
r-oldrel-windows-ix86+x86_64 0.1 9.00 48.00 57.00 NOTE

Check Details

Version: 0.1
Check: dependencies in R code
Result: NOTE
    Packages in Depends field not imported from:
     ‘MASS’ ‘combinat’ ‘glmnet’
     These packages need to be imported from (in the NAMESPACE file)
     for when this namespace is loaded but not attached.
    See the information on DESCRIPTION files in the chapter ‘Creating R
    packages’ of the ‘Writing R Extensions’ manual.
Flavors: r-devel-linux-x86_64-debian-clang, r-devel-linux-x86_64-debian-gcc, r-devel-linux-x86_64-fedora-clang, r-devel-linux-x86_64-fedora-gcc, r-devel-osx-x86_64-clang, r-devel-windows-ix86+x86_64, r-patched-linux-x86_64, r-patched-solaris-sparc, r-patched-solaris-x86, r-release-linux-ix86, r-release-linux-x86_64, r-release-osx-x86_64-mavericks, r-release-windows-ix86+x86_64, r-oldrel-windows-ix86+x86_64

Version: 0.1
Check: R code for possible problems
Result: NOTE
    fcd.start: no visible global function definition for ‘ginv’
    fcd.start: no visible global function definition for ‘glmnet’
    mis.cluster: no visible global function definition for ‘permn’
Flavors: r-devel-linux-x86_64-fedora-clang, r-devel-linux-x86_64-fedora-gcc, r-devel-osx-x86_64-clang