CRAN Package Check Results for Package fcd

Last updated on 2014-12-19 08:48:30.

Flavor Version Tinstall Tcheck Ttotal Status Flags
r-devel-linux-x86_64-debian-clang 0.1 3.14 34.20 37.34 NOTE
r-devel-linux-x86_64-debian-gcc 0.1 3.12 32.64 35.76 NOTE
r-devel-linux-x86_64-fedora-clang 0.1 90.57 NOTE
r-devel-linux-x86_64-fedora-gcc 0.1 80.05 NOTE
r-devel-osx-x86_64-clang 0.1 76.30 NOTE
r-devel-windows-ix86+x86_64 0.1 9.00 51.00 60.00 NOTE
r-patched-linux-x86_64 0.1 3.51 34.74 38.25 NOTE
r-patched-solaris-sparc 0.1 472.40 NOTE
r-patched-solaris-x86 0.1 116.40 NOTE
r-release-linux-ix86 0.1 3.78 42.67 46.44 NOTE
r-release-linux-x86_64 0.1 3.32 34.38 37.70 NOTE
r-release-osx-x86_64-mavericks 0.1 NOTE
r-release-osx-x86_64-snowleopard 0.1 OK
r-release-windows-ix86+x86_64 0.1 8.00 53.00 61.00 NOTE
r-oldrel-windows-ix86+x86_64 0.1 11.00 51.00 62.00 NOTE

Check Details

Version: 0.1
Check: dependencies in R code
Result: NOTE
    Packages in Depends field not imported from:
     ‘MASS’ ‘combinat’ ‘glmnet’
     These packages need to be imported from (in the NAMESPACE file)
     for when this namespace is loaded but not attached.
    See the information on DESCRIPTION files in the chapter ‘Creating R
    packages’ of the ‘Writing R Extensions’ manual.
Flavors: r-devel-linux-x86_64-debian-clang, r-devel-linux-x86_64-debian-gcc, r-devel-linux-x86_64-fedora-clang, r-devel-linux-x86_64-fedora-gcc, r-devel-osx-x86_64-clang, r-devel-windows-ix86+x86_64, r-patched-linux-x86_64, r-patched-solaris-sparc, r-patched-solaris-x86, r-release-linux-ix86, r-release-linux-x86_64, r-release-osx-x86_64-mavericks, r-release-windows-ix86+x86_64, r-oldrel-windows-ix86+x86_64

Version: 0.1
Check: R code for possible problems
Result: NOTE
    fcd.start: no visible global function definition for ‘ginv’
    fcd.start: no visible global function definition for ‘glmnet’
    mis.cluster: no visible global function definition for ‘permn’
Flavors: r-devel-linux-x86_64-debian-clang, r-devel-linux-x86_64-debian-gcc, r-devel-linux-x86_64-fedora-clang, r-devel-linux-x86_64-fedora-gcc, r-devel-osx-x86_64-clang, r-devel-windows-ix86+x86_64, r-patched-linux-x86_64, r-patched-solaris-sparc, r-patched-solaris-x86, r-release-linux-ix86, r-release-linux-x86_64, r-release-windows-ix86+x86_64