CRAN Package Check Results for Package fcd

Last updated on 2017-11-20 23:49:29 CET.

Flavor Version Tinstall Tcheck Ttotal Status Flags
r-devel-linux-x86_64-debian-clang 0.1 2.22 25.72 27.95 NOTE
r-devel-linux-x86_64-debian-gcc 0.1 3.16 64.42 67.58 NOTE
r-devel-linux-x86_64-fedora-clang 0.1 49.74 NOTE
r-devel-linux-x86_64-fedora-gcc 0.1 88.54 NOTE
r-devel-windows-ix86+x86_64 0.1 10.00 55.00 65.00 NOTE
r-patched-linux-x86_64 0.1 2.60 28.10 30.69 NOTE
r-patched-solaris-x86 0.1 94.60 NOTE
r-release-linux-x86_64 0.1 2.63 28.20 30.83 NOTE
r-release-windows-ix86+x86_64 0.1 7.00 55.00 62.00 NOTE
r-release-osx-x86_64 0.1 NOTE
r-oldrel-windows-ix86+x86_64 0.1 6.00 65.00 71.00 NOTE
r-oldrel-osx-x86_64 0.1 NOTE

Check Details

Version: 0.1
Check: dependencies in R code
Result: NOTE
    Packages in Depends field not imported from:
     ‘MASS’ ‘combinat’ ‘glmnet’
     These packages need to be imported from (in the NAMESPACE file)
     for when this namespace is loaded but not attached.
Flavors: r-devel-linux-x86_64-debian-clang, r-devel-linux-x86_64-debian-gcc, r-devel-linux-x86_64-fedora-clang, r-devel-linux-x86_64-fedora-gcc, r-devel-windows-ix86+x86_64, r-patched-linux-x86_64, r-patched-solaris-x86, r-release-linux-x86_64, r-release-windows-ix86+x86_64, r-release-osx-x86_64, r-oldrel-windows-ix86+x86_64, r-oldrel-osx-x86_64

Version: 0.1
Check: R code for possible problems
Result: NOTE
    fcd.cluster: no visible global function definition for ‘kmeans’
    fcd.start: no visible global function definition for ‘ginv’
    fcd.start: no visible global function definition for ‘glmnet’
    gen.dcbm: no visible global function definition for ‘rbinom’
    gen.sbm: no visible global function definition for ‘rbinom’
    mis.cluster: no visible global function definition for ‘permn’
    spectral.clustering: no visible global function definition for ‘kmeans’
    Undefined global functions or variables:
     ginv glmnet kmeans permn rbinom
    Consider adding
     importFrom("stats", "kmeans", "rbinom")
    to your NAMESPACE file.
Flavors: r-devel-linux-x86_64-debian-clang, r-devel-linux-x86_64-debian-gcc, r-devel-linux-x86_64-fedora-clang, r-devel-linux-x86_64-fedora-gcc, r-devel-windows-ix86+x86_64, r-patched-linux-x86_64, r-patched-solaris-x86, r-release-linux-x86_64, r-release-windows-ix86+x86_64, r-release-osx-x86_64, r-oldrel-windows-ix86+x86_64, r-oldrel-osx-x86_64