CRAN Package Check Results for Package fcd

Last updated on 2015-03-04 03:46:46.

Flavor Version Tinstall Tcheck Ttotal Status Flags
r-devel-linux-x86_64-debian-clang 0.1 2.59 28.46 31.04 NOTE
r-devel-linux-x86_64-debian-gcc 0.1 2.52 28.84 31.35 NOTE
r-devel-linux-x86_64-fedora-clang 0.1 61.45 NOTE
r-devel-linux-x86_64-fedora-gcc 0.1 58.96 NOTE
r-devel-osx-x86_64-clang 0.1 57.80 NOTE
r-devel-windows-ix86+x86_64 0.1 8.00 41.00 49.00 NOTE
r-patched-linux-x86_64 0.1 4.58 35.58 40.16 NOTE
r-patched-solaris-sparc 0.1 490.50 NOTE
r-patched-solaris-x86 0.1 115.50 NOTE
r-release-linux-ix86 0.1 3.87 43.26 47.13 NOTE
r-release-linux-x86_64 0.1 3.36 34.52 37.87 NOTE
r-release-osx-x86_64-mavericks 0.1 NOTE
r-release-osx-x86_64-snowleopard 0.1 OK
r-release-windows-ix86+x86_64 0.1 14.00 68.00 82.00 NOTE
r-oldrel-windows-ix86+x86_64 0.1 9.00 57.00 66.00 NOTE

Check Details

Version: 0.1
Check: dependencies in R code
Result: NOTE
    Packages in Depends field not imported from:
     ‘MASS’ ‘combinat’ ‘glmnet’
     These packages need to be imported from (in the NAMESPACE file)
     for when this namespace is loaded but not attached.
Flavors: r-devel-linux-x86_64-debian-clang, r-devel-linux-x86_64-debian-gcc, r-devel-linux-x86_64-fedora-clang, r-devel-linux-x86_64-fedora-gcc, r-devel-osx-x86_64-clang, r-devel-windows-ix86+x86_64, r-patched-linux-x86_64, r-patched-solaris-sparc, r-patched-solaris-x86

Version: 0.1
Check: R code for possible problems
Result: NOTE
    fcd.start: no visible global function definition for ‘ginv’
    fcd.start: no visible global function definition for ‘glmnet’
    mis.cluster: no visible global function definition for ‘permn’
Flavors: r-devel-linux-x86_64-debian-clang, r-devel-linux-x86_64-debian-gcc, r-devel-linux-x86_64-fedora-clang, r-devel-linux-x86_64-fedora-gcc, r-devel-osx-x86_64-clang, r-devel-windows-ix86+x86_64, r-patched-linux-x86_64, r-patched-solaris-sparc, r-patched-solaris-x86, r-release-linux-ix86, r-release-linux-x86_64, r-release-osx-x86_64-mavericks, r-release-windows-ix86+x86_64

Version: 0.1
Check: dependencies in R code
Result: NOTE
    Packages in Depends field not imported from:
     ‘MASS’ ‘combinat’ ‘glmnet’
     These packages need to be imported from (in the NAMESPACE file)
     for when this namespace is loaded but not attached.
    See the information on DESCRIPTION files in the chapter ‘Creating R
    packages’ of the ‘Writing R Extensions’ manual.
Flavors: r-release-linux-ix86, r-release-linux-x86_64, r-release-osx-x86_64-mavericks, r-release-windows-ix86+x86_64, r-oldrel-windows-ix86+x86_64