CRAN Package Check Results for Package fcd

Last updated on 2015-05-22 19:48:04.

Flavor Version Tinstall Tcheck Ttotal Status Flags
r-devel-linux-x86_64-debian-clang 0.1 2.75 29.32 32.07 NOTE
r-devel-linux-x86_64-debian-gcc 0.1 2.70 27.38 30.08 NOTE
r-devel-linux-x86_64-fedora-clang 0.1 62.22 NOTE
r-devel-linux-x86_64-fedora-gcc 0.1 61.68 NOTE
r-devel-osx-x86_64-clang 0.1 59.86 NOTE
r-devel-windows-ix86+x86_64 0.1 10.00 42.00 52.00 NOTE
r-patched-linux-x86_64 0.1 2.92 29.00 31.92 NOTE
r-patched-solaris-sparc 0.1 372.30 NOTE
r-patched-solaris-x86 0.1 85.80 NOTE
r-release-linux-x86_64 0.1 2.64 28.52 31.17 NOTE
r-release-osx-x86_64-mavericks 0.1 NOTE
r-release-osx-x86_64-snowleopard 0.1 NOTE
r-release-windows-ix86+x86_64 0.1 6.00 42.00 48.00 NOTE
r-oldrel-windows-ix86+x86_64 0.1 11.00 53.00 64.00 NOTE

Check Details

Version: 0.1
Check: dependencies in R code
Result: NOTE
    Packages in Depends field not imported from:
     ‘MASS’ ‘combinat’ ‘glmnet’
     These packages need to be imported from (in the NAMESPACE file)
     for when this namespace is loaded but not attached.
Flavors: r-devel-linux-x86_64-debian-clang, r-devel-linux-x86_64-debian-gcc, r-devel-linux-x86_64-fedora-clang, r-devel-linux-x86_64-fedora-gcc, r-devel-osx-x86_64-clang, r-devel-windows-ix86+x86_64, r-patched-linux-x86_64, r-patched-solaris-sparc, r-patched-solaris-x86, r-release-linux-x86_64, r-release-osx-x86_64-mavericks, r-release-osx-x86_64-snowleopard, r-release-windows-ix86+x86_64, r-oldrel-windows-ix86+x86_64

Version: 0.1
Check: R code for possible problems
Result: NOTE
    fcd.start: no visible global function definition for ‘ginv’
    fcd.start: no visible global function definition for ‘glmnet’
    mis.cluster: no visible global function definition for ‘permn’
Flavors: r-devel-linux-x86_64-debian-clang, r-devel-linux-x86_64-debian-gcc, r-devel-linux-x86_64-fedora-clang, r-devel-linux-x86_64-fedora-gcc, r-devel-osx-x86_64-clang, r-devel-windows-ix86+x86_64, r-patched-linux-x86_64, r-patched-solaris-sparc, r-patched-solaris-x86, r-release-linux-x86_64, r-release-osx-x86_64-mavericks, r-release-osx-x86_64-snowleopard, r-release-windows-ix86+x86_64, r-oldrel-windows-ix86+x86_64