CRAN Package Check Results for Package fcd

Last updated on 2017-05-25 07:48:23.

Flavor Version Tinstall Tcheck Ttotal Status Flags
r-devel-linux-x86_64-debian-clang 0.1 2.46 28.02 30.47 NOTE
r-devel-linux-x86_64-debian-gcc 0.1 2.67 27.83 30.50 NOTE
r-devel-linux-x86_64-fedora-clang 0.1 63.23 NOTE --no-stop-on-test-error
r-devel-linux-x86_64-fedora-gcc 0.1 63.54 NOTE --no-stop-on-test-error
r-devel-windows-ix86+x86_64 0.1 7.00 54.00 61.00 NOTE
r-patched-linux-x86_64 0.1 2.46 27.52 29.98 NOTE
r-patched-solaris-sparc 0.1 371.90 NOTE
r-patched-solaris-x86 0.1 89.90 NOTE
r-release-linux-x86_64 0.1 2.58 27.47 30.05 NOTE
r-release-windows-ix86+x86_64 0.1 12.00 119.00 131.00 NOTE
r-release-osx-x86_64 0.1 NOTE
r-oldrel-windows-ix86+x86_64 0.1 10.00 70.00 80.00 NOTE
r-oldrel-osx-x86_64 0.1 NOTE

Check Details

Version: 0.1
Check: dependencies in R code
Result: NOTE
    Packages in Depends field not imported from:
     ‘MASS’ ‘combinat’ ‘glmnet’
     These packages need to be imported from (in the NAMESPACE file)
     for when this namespace is loaded but not attached.
Flavors: r-devel-linux-x86_64-debian-clang, r-devel-linux-x86_64-debian-gcc, r-devel-windows-ix86+x86_64, r-patched-linux-x86_64, r-patched-solaris-sparc, r-patched-solaris-x86, r-release-linux-x86_64, r-release-windows-ix86+x86_64, r-release-osx-x86_64, r-oldrel-windows-ix86+x86_64, r-oldrel-osx-x86_64

Version: 0.1
Check: R code for possible problems
Result: NOTE
    fcd.cluster: no visible global function definition for ‘kmeans’
    fcd.start: no visible global function definition for ‘ginv’
    fcd.start: no visible global function definition for ‘glmnet’
    gen.dcbm: no visible global function definition for ‘rbinom’
    gen.sbm: no visible global function definition for ‘rbinom’
    mis.cluster: no visible global function definition for ‘permn’
    spectral.clustering: no visible global function definition for ‘kmeans’
    Undefined global functions or variables:
     ginv glmnet kmeans permn rbinom
    Consider adding
     importFrom("stats", "kmeans", "rbinom")
    to your NAMESPACE file.
Flavors: r-devel-linux-x86_64-debian-clang, r-devel-linux-x86_64-debian-gcc, r-devel-windows-ix86+x86_64, r-patched-linux-x86_64, r-patched-solaris-sparc, r-patched-solaris-x86, r-release-linux-x86_64, r-release-windows-ix86+x86_64, r-release-osx-x86_64, r-oldrel-windows-ix86+x86_64, r-oldrel-osx-x86_64

Version: 0.1
Flags: --no-stop-on-test-error
Check: dependencies in R code
Result: NOTE
    Packages in Depends field not imported from:
     ‘MASS’ ‘combinat’ ‘glmnet’
     These packages need to be imported from (in the NAMESPACE file)
     for when this namespace is loaded but not attached.
Flavors: r-devel-linux-x86_64-fedora-clang, r-devel-linux-x86_64-fedora-gcc

Version: 0.1
Flags: --no-stop-on-test-error
Check: R code for possible problems
Result: NOTE
    fcd.cluster: no visible global function definition for ‘kmeans’
    fcd.start: no visible global function definition for ‘ginv’
    fcd.start: no visible global function definition for ‘glmnet’
    gen.dcbm: no visible global function definition for ‘rbinom’
    gen.sbm: no visible global function definition for ‘rbinom’
    mis.cluster: no visible global function definition for ‘permn’
    spectral.clustering: no visible global function definition for ‘kmeans’
    Undefined global functions or variables:
     ginv glmnet kmeans permn rbinom
    Consider adding
     importFrom("stats", "kmeans", "rbinom")
    to your NAMESPACE file.
Flavors: r-devel-linux-x86_64-fedora-clang, r-devel-linux-x86_64-fedora-gcc