CRAN Package Check Results for Package fcd

Last updated on 2016-08-31 21:47:01.

Flavor Version Tinstall Tcheck Ttotal Status Flags
r-devel-linux-x86_64-debian-clang 0.1 2.37 24.83 27.20 NOTE
r-devel-linux-x86_64-debian-gcc 0.1 2.26 24.33 26.59 NOTE
r-devel-linux-x86_64-fedora-clang 0.1 57.55 NOTE
r-devel-linux-x86_64-fedora-gcc 0.1 48.23 NOTE
r-devel-osx-x86_64-clang 0.1 47.50 NOTE
r-devel-windows-ix86+x86_64 0.1 9.00 62.00 71.00 NOTE
r-patched-linux-x86_64 0.1 2.69 26.18 28.87 NOTE
r-patched-solaris-sparc 0.1 333.50 NOTE
r-patched-solaris-x86 0.1 65.30 NOTE
r-release-linux-x86_64 0.1 2.17 23.46 25.62 NOTE
r-release-osx-x86_64-mavericks 0.1 NOTE
r-release-windows-ix86+x86_64 0.1 9.00 69.00 78.00 NOTE
r-oldrel-windows-ix86+x86_64 0.1 11.00 62.00 73.00 NOTE

Check Details

Version: 0.1
Check: dependencies in R code
Result: NOTE
    Packages in Depends field not imported from:
     ‘MASS’ ‘combinat’ ‘glmnet’
     These packages need to be imported from (in the NAMESPACE file)
     for when this namespace is loaded but not attached.
Flavors: r-devel-linux-x86_64-debian-clang, r-devel-linux-x86_64-debian-gcc, r-devel-linux-x86_64-fedora-clang, r-devel-linux-x86_64-fedora-gcc, r-devel-osx-x86_64-clang, r-devel-windows-ix86+x86_64, r-patched-linux-x86_64, r-patched-solaris-sparc, r-patched-solaris-x86, r-release-linux-x86_64, r-release-osx-x86_64-mavericks, r-release-windows-ix86+x86_64, r-oldrel-windows-ix86+x86_64

Version: 0.1
Check: R code for possible problems
Result: NOTE
    fcd.cluster: no visible global function definition for ‘kmeans’
    fcd.start: no visible global function definition for ‘ginv’
    fcd.start: no visible global function definition for ‘glmnet’
    gen.dcbm: no visible global function definition for ‘rbinom’
    gen.sbm: no visible global function definition for ‘rbinom’
    mis.cluster: no visible global function definition for ‘permn’
    spectral.clustering: no visible global function definition for ‘kmeans’
    Undefined global functions or variables:
     ginv glmnet kmeans permn rbinom
    Consider adding
     importFrom("stats", "kmeans", "rbinom")
    to your NAMESPACE file.
Flavors: r-devel-linux-x86_64-debian-clang, r-devel-linux-x86_64-debian-gcc, r-devel-linux-x86_64-fedora-clang, r-devel-linux-x86_64-fedora-gcc, r-devel-osx-x86_64-clang, r-devel-windows-ix86+x86_64, r-patched-linux-x86_64, r-patched-solaris-sparc, r-patched-solaris-x86, r-release-linux-x86_64, r-release-osx-x86_64-mavericks, r-release-windows-ix86+x86_64

Version: 0.1
Check: R code for possible problems
Result: NOTE
    fcd.start: no visible global function definition for 'ginv'
    fcd.start: no visible global function definition for 'glmnet'
    mis.cluster: no visible global function definition for 'permn'
Flavor: r-oldrel-windows-ix86+x86_64