CRAN Package Check Results for Package fcd

Last updated on 2015-04-25 03:47:42.

Flavor Version Tinstall Tcheck Ttotal Status Flags
r-devel-linux-x86_64-debian-clang 0.1 2.64 29.36 32.00 NOTE
r-devel-linux-x86_64-debian-gcc 0.1 2.55 28.96 31.51 NOTE
r-devel-linux-x86_64-fedora-clang 0.1 63.24 NOTE
r-devel-linux-x86_64-fedora-gcc 0.1 61.52 NOTE
r-devel-osx-x86_64-clang 0.1 57.25 NOTE
r-devel-windows-ix86+x86_64 0.1 7.00 44.00 51.00 NOTE
r-patched-linux-x86_64 0.1 2.55 29.43 31.98 NOTE
r-patched-solaris-sparc 0.1 366.40 NOTE
r-patched-solaris-x86 0.1 84.60 NOTE
r-release-linux-x86_64 0.1 2.64 28.35 30.99 NOTE
r-release-osx-x86_64-mavericks 0.1 NOTE
r-release-osx-x86_64-snowleopard 0.1 NOTE
r-release-windows-ix86+x86_64 0.1 7.00 45.00 52.00 NOTE
r-oldrel-windows-ix86+x86_64 0.1 9.00 55.00 64.00 NOTE

Check Details

Version: 0.1
Check: dependencies in R code
Result: NOTE
    Packages in Depends field not imported from:
     'MASS' 'combinat' 'glmnet'
     These packages need to be imported from (in the NAMESPACE file)
     for when this namespace is loaded but not attached.
Flavors: r-devel-windows-ix86+x86_64, r-patched-linux-x86_64, r-release-windows-ix86+x86_64, r-oldrel-windows-ix86+x86_64

Version: 0.1
Check: R code for possible problems
Result: NOTE
    fcd.start: no visible global function definition for 'ginv'
    fcd.start: no visible global function definition for 'glmnet'
    mis.cluster: no visible global function definition for 'permn'
Flavors: r-devel-windows-ix86+x86_64, r-patched-linux-x86_64, r-release-windows-ix86+x86_64, r-oldrel-windows-ix86+x86_64