CRAN Package Check Results for Package fcd

Last updated on 2018-04-21 14:46:34 CEST.

Flavor Version Tinstall Tcheck Ttotal Status Flags
r-devel-linux-x86_64-debian-clang 0.1 4.64 45.17 49.81 NOTE
r-devel-linux-x86_64-debian-gcc 0.1 3.44 36.16 39.60 NOTE
r-devel-linux-x86_64-fedora-clang 0.1 59.20 NOTE
r-devel-linux-x86_64-fedora-gcc 0.1 57.60 NOTE
r-devel-windows-ix86+x86_64 0.1 10.00 98.00 108.00 NOTE
r-devel-osx-x86_64 0.1 NOTE
r-patched-linux-x86_64 0.1 4.63 44.69 49.32 NOTE
r-patched-solaris-x86 0.1 92.60 NOTE
r-release-linux-x86_64 0.1 2.92 43.05 45.97 NOTE
r-release-windows-ix86+x86_64 0.1 10.00 50.00 60.00 NOTE
r-release-osx-x86_64 0.1 NOTE
r-oldrel-windows-ix86+x86_64 0.1 9.00 50.00 59.00 NOTE

Check Details

Version: 0.1
Check: dependencies in R code
Result: NOTE
    Packages in Depends field not imported from:
     ‘MASS’ ‘combinat’ ‘glmnet’
     These packages need to be imported from (in the NAMESPACE file)
     for when this namespace is loaded but not attached.
Flavors: r-devel-linux-x86_64-debian-clang, r-devel-linux-x86_64-debian-gcc, r-devel-linux-x86_64-fedora-clang, r-devel-linux-x86_64-fedora-gcc, r-devel-windows-ix86+x86_64, r-devel-osx-x86_64, r-patched-linux-x86_64, r-patched-solaris-x86, r-release-linux-x86_64, r-release-windows-ix86+x86_64, r-release-osx-x86_64, r-oldrel-windows-ix86+x86_64

Version: 0.1
Check: R code for possible problems
Result: NOTE
    fcd.cluster: no visible global function definition for ‘kmeans’
    fcd.start: no visible global function definition for ‘ginv’
    fcd.start: no visible global function definition for ‘glmnet’
    gen.dcbm: no visible global function definition for ‘rbinom’
    gen.sbm: no visible global function definition for ‘rbinom’
    mis.cluster: no visible global function definition for ‘permn’
    spectral.clustering: no visible global function definition for ‘kmeans’
    Undefined global functions or variables:
     ginv glmnet kmeans permn rbinom
    Consider adding
     importFrom("stats", "kmeans", "rbinom")
    to your NAMESPACE file.
Flavors: r-devel-linux-x86_64-debian-clang, r-devel-linux-x86_64-debian-gcc, r-devel-linux-x86_64-fedora-clang, r-devel-linux-x86_64-fedora-gcc, r-devel-windows-ix86+x86_64, r-devel-osx-x86_64, r-patched-linux-x86_64, r-patched-solaris-x86, r-release-linux-x86_64, r-release-windows-ix86+x86_64, r-release-osx-x86_64, r-oldrel-windows-ix86+x86_64