CRAN Package Check Results for Package fcros

Last updated on 2025-01-21 12:49:34 CET.

Flavor Version Tinstall Tcheck Ttotal Status Flags
r-devel-linux-x86_64-debian-clang 1.6.1 3.85 47.52 51.37 NOTE
r-devel-linux-x86_64-debian-gcc 1.6.1 3.23 33.66 36.89 NOTE
r-devel-linux-x86_64-fedora-clang 1.6.1 84.33 NOTE
r-devel-linux-x86_64-fedora-gcc 1.6.1 81.03 NOTE
r-devel-windows-x86_64 1.6.1 8.00 74.00 82.00 OK
r-patched-linux-x86_64 1.6.1 4.27 46.40 50.67 NOTE
r-release-linux-x86_64 1.6.1 3.62 46.03 49.65 NOTE
r-release-macos-arm64 1.6.1 27.00 OK
r-release-macos-x86_64 1.6.1 46.00 OK
r-release-windows-x86_64 1.6.1 7.00 71.00 78.00 OK
r-oldrel-macos-arm64 1.6.1 29.00 OK
r-oldrel-macos-x86_64 1.6.1 46.00 OK
r-oldrel-windows-x86_64 1.6.1 10.00 84.00 94.00 OK

Check Details

Version: 1.6.1
Check: for non-standard things in the check directory
Result: NOTE Found the following files/directories: ‘test2delete.txt’ ‘test2delete2_values.txt’ ‘test2delete_values.txt’ Flavors: r-devel-linux-x86_64-debian-clang, r-devel-linux-x86_64-debian-gcc, r-devel-linux-x86_64-fedora-clang, r-devel-linux-x86_64-fedora-gcc, r-patched-linux-x86_64, r-release-linux-x86_64