CRAN Package Check Results for Package fda

Last updated on 2014-09-21 00:46:42.

Flavor Version Tinstall Tcheck Ttotal Status Flags
r-devel-linux-x86_64-debian-clang 2.4.3 6.02 124.04 130.06 NOTE
r-devel-linux-x86_64-debian-gcc 2.4.3 5.98 123.61 129.58 NOTE
r-devel-linux-x86_64-fedora-clang 2.4.3 280.79 NOTE
r-devel-linux-x86_64-fedora-gcc 2.4.3 268.41 NOTE
r-devel-osx-x86_64-clang 2.4.3 217.36 NOTE
r-devel-windows-ix86+x86_64 2.4.3 13.00 159.00 172.00 NOTE
r-patched-linux-x86_64 2.4.3 6.20 139.85 146.06 NOTE
r-patched-solaris-sparc 2.4.3 1203.20 NOTE --no-examples
r-patched-solaris-x86 2.4.3 342.80 NOTE
r-release-linux-ix86 2.4.3 7.76 161.60 169.37 OK
r-release-linux-x86_64 2.4.3 6.49 143.92 150.41 OK
r-release-osx-x86_64-mavericks 2.4.3 OK
r-release-osx-x86_64-snowleopard 2.4.3 OK
r-release-windows-ix86+x86_64 2.4.3 12.00 196.00 208.00 OK
r-oldrel-windows-ix86+x86_64 2.4.3 16.00 172.00 188.00 OK

Check Details

Version: 2.4.3
Check: dependencies in R code
Result: NOTE
    Package in Depends field not imported from: ‘splines’
     These packages need to be imported from (in the NAMESPACE file)
     for when this namespace is loaded but not attached.
    See the information on DESCRIPTION files in the chapter ‘Creating R
    packages’ of the ‘Writing R Extensions’ manual.
Flavors: r-devel-linux-x86_64-debian-clang, r-devel-linux-x86_64-debian-gcc, r-devel-linux-x86_64-fedora-clang, r-devel-linux-x86_64-fedora-gcc, r-devel-osx-x86_64-clang, r-devel-windows-ix86+x86_64, r-patched-linux-x86_64, r-patched-solaris-x86

Version: 2.4.3
Check: R code for possible problems
Result: NOTE
    axesIntervals: no visible binding for global variable ‘monthBegin.5’
    axesIntervals: no visible binding for global variable ‘monthEnd.5’
    axesIntervals: no visible binding for global variable ‘monthMid’
    axisIntervals: no visible binding for global variable ‘monthBegin.5’
    axisIntervals: no visible binding for global variable ‘monthEnd.5’
    axisIntervals: no visible binding for global variable ‘monthMid’
    bsplineS: no visible global function definition for ‘spline.des’
    phaseplanePlot: no visible binding for global variable ‘monthLetters’
    polyg: no visible global function definition for ‘spline.des’
    readHMD: no visible global function definition for ‘getURL’
Flavors: r-devel-linux-x86_64-debian-clang, r-devel-linux-x86_64-debian-gcc, r-devel-linux-x86_64-fedora-clang, r-devel-linux-x86_64-fedora-gcc, r-devel-osx-x86_64-clang, r-devel-windows-ix86+x86_64

Version: 2.4.3
Flags: --no-examples
Check: dependencies in R code
Result: NOTE
    Package in Depends field not imported from: ‘splines’
     These packages need to be imported from (in the NAMESPACE file)
     for when this namespace is loaded but not attached.
    See the information on DESCRIPTION files in the chapter ‘Creating R
    packages’ of the ‘Writing R Extensions’ manual.
Flavor: r-patched-solaris-sparc