CRAN Package Check Results for Package fda

Last updated on 2014-04-24 17:49:43.

Flavor Version Tinstall Tcheck Ttotal Status Flags
r-devel-linux-x86_64-debian-clang 2.4.0 6.63 142.78 149.41 WARN
r-devel-linux-x86_64-debian-gcc 2.4.0 6.50 135.88 142.38 WARN
r-devel-linux-x86_64-fedora-clang 2.4.0 298.22 WARN
r-devel-linux-x86_64-fedora-gcc 2.4.0 292.23 WARN
r-devel-osx-x86_64-clang 2.4.0 210.45 WARN
r-devel-osx-x86_64-gcc 2.4.0 ERROR
r-devel-windows-ix86+x86_64 2.4.0 15.00 175.00 190.00 WARN
r-patched-linux-x86_64 2.4.0 6.52 137.49 144.01 WARN
r-patched-solaris-sparc 2.4.0 1089.10 WARN --no-examples
r-patched-solaris-x86 2.4.0 336.40 WARN
r-release-linux-ix86 2.4.0 10.00 199.00 209.00 WARN
r-release-linux-x86_64 2.4.0 6.71 137.80 144.51 WARN
r-release-osx-x86_64-mavericks 2.4.0 WARN
r-release-windows-ix86+x86_64 2.4.0 15.00 193.00 208.00 WARN
r-oldrel-windows-ix86+x86_64 2.4.0 14.00 172.00 186.00 WARN

Check Details

Version: 2.4.0
Check: Rd cross-references
Result: WARNING
    Missing link or links in documentation object 'as.POSIXct1970.Rd':
     ‘[Ecdat]{as.Date1970}’
    
    See the information in section 'Cross-references' of the 'Writing R
    Extensions' manual.
Flavors: r-devel-linux-x86_64-debian-clang, r-devel-linux-x86_64-debian-gcc, r-devel-linux-x86_64-fedora-clang, r-devel-linux-x86_64-fedora-gcc, r-devel-osx-x86_64-clang, r-patched-linux-x86_64, r-patched-solaris-x86, r-release-linux-ix86, r-release-linux-x86_64

Version: 2.4.0
Check: package dependencies
Result: NOTE
    Packages suggested but not available for checking: ‘DierckxSpline’ ‘zoo’
Flavor: r-devel-osx-x86_64-gcc

Version: 2.4.0
Check: Rd cross-references
Result: NOTE
    Packages unavailable to check Rd xrefs: ‘Ecdat’, ‘DierckxSpline’, ‘FinTS’, ‘zoo’, ‘demography’
Flavor: r-devel-osx-x86_64-gcc

Version: 2.4.0
Check: examples
Result: ERROR
    Running examples in ‘fda-Ex.R’ failed
    The error most likely occurred in:
    
    > ### Name: TaylorSpline
    > ### Title: Taylor representation of a B-Spline
    > ### Aliases: TaylorSpline TaylorSpline.fd TaylorSpline.fdPar
    > ### TaylorSpline.fdSmooth TaylorSpline.dierckx
    > ### Keywords: smooth manip
    >
    > ### ** Examples
    >
    > ##
    > ## The simplest b-spline basis: order 1, degree 0, zero interior knots:
    > ## a single step function
    > ##
    > library(DierckxSpline)
    Error in library(DierckxSpline) :
     there is no package called ‘DierckxSpline’
    Execution halted
Flavor: r-devel-osx-x86_64-gcc

Version: 2.4.0
Check: Rd cross-references
Result: WARNING
    Missing link or links in documentation object '/as.POSIXct1970.Rd':
     '[Ecdat]{as.Date1970}'
    
    See the information in section 'Cross-references' of the 'Writing R
    Extensions' manual.
Flavors: r-devel-windows-ix86+x86_64, r-release-windows-ix86+x86_64

Version: 2.4.0
Flags: --no-examples
Check: Rd cross-references
Result: WARNING
    Missing link or links in documentation object 'as.POSIXct1970.Rd':
     ‘[Ecdat]{as.Date1970}’
    
    See the information in section 'Cross-references' of the 'Writing R
    Extensions' manual.
Flavor: r-patched-solaris-sparc

Version: 2.4.0
Check: Rd cross-references
Result: NOTE
    Package unavailable to check Rd xrefs: ‘demography’
Flavor: r-release-osx-x86_64-mavericks

Version: 2.4.0
Check: PDF version of manual
Result: WARNING
    LaTeX errors when creating PDF version.
    This typically indicates Rd problems.
    LaTeX errors found:
    ! LaTeX Error: File `upquote.sty' not found.
    
    Type X to quit or <RETURN> to proceed,
    or enter new name. (Default extension: sty)
    
    cace91/Rd2.tex:8: ==> Fatal error occurred, no output PDF file produced!
Flavor: r-release-osx-x86_64-mavericks

Version: 2.4.0
Check: Rd cross-references
Result: WARNING
    Missing link or links in documentation object 'D:/temp/RtmpUbTBaj/R.INSTALL1da848a16cf0/fda/man/as.POSIXct1970.Rd':
     '[Ecdat]{as.Date1970}'
    
    See the information in section 'Cross-references' of the 'Writing R
    Extensions' manual.
Flavor: r-oldrel-windows-ix86+x86_64