CRAN Package Check Results for Package fda

Last updated on 2014-08-22 18:48:32.

Flavor Version Tinstall Tcheck Ttotal Status Flags
r-devel-linux-x86_64-debian-clang 2.4.3 6.22 126.56 132.77 NOTE
r-devel-linux-x86_64-debian-gcc 2.4.3 6.16 127.62 133.78 NOTE
r-devel-linux-x86_64-fedora-clang 2.4.3 283.40 NOTE
r-devel-linux-x86_64-fedora-gcc 2.4.3 266.36 NOTE
r-devel-osx-x86_64-clang 2.4.3 225.35 NOTE
r-devel-windows-ix86+x86_64 2.4.3 16.00 168.00 184.00 NOTE
r-patched-linux-x86_64 2.4.3 6.19 132.22 138.42 NOTE
r-patched-solaris-sparc 2.4.3 1203.20 NOTE --no-examples
r-patched-solaris-x86 2.4.3 351.60 NOTE
r-release-linux-ix86 2.4.3 7.72 160.67 168.39 OK
r-release-linux-x86_64 2.4.3 6.20 133.37 139.57 OK
r-release-osx-x86_64-mavericks 2.4.3 OK
r-release-osx-x86_64-snowleopard 2.4.3 OK
r-release-windows-ix86+x86_64 2.4.3 14.00 183.00 197.00 OK
r-oldrel-windows-ix86+x86_64 2.4.3 13.00 180.00 193.00 OK

Check Details

Version: 2.4.3
Check: dependencies in R code
Result: NOTE
    Package in Depends field not imported from: ‘splines’
     These packages need to be imported from (in the NAMESPACE file)
     for when this namespace is loaded but not attached.
    See the information on DESCRIPTION files in the chapter ‘Creating R
    packages’ of the ‘Writing R Extensions’ manual.
Flavors: r-devel-linux-x86_64-debian-clang, r-devel-linux-x86_64-debian-gcc, r-devel-linux-x86_64-fedora-clang, r-devel-linux-x86_64-fedora-gcc, r-devel-osx-x86_64-clang, r-devel-windows-ix86+x86_64, r-patched-linux-x86_64, r-patched-solaris-x86

Version: 2.4.3
Check: R code for possible problems
Result: NOTE
    axesIntervals: no visible binding for global variable ‘monthBegin.5’
    axesIntervals: no visible binding for global variable ‘monthEnd.5’
    axesIntervals: no visible binding for global variable ‘monthMid’
    axisIntervals: no visible binding for global variable ‘monthBegin.5’
    axisIntervals: no visible binding for global variable ‘monthEnd.5’
    axisIntervals: no visible binding for global variable ‘monthMid’
    bsplineS: no visible global function definition for ‘spline.des’
    phaseplanePlot: no visible binding for global variable ‘monthLetters’
    polyg: no visible global function definition for ‘spline.des’
    readHMD: no visible global function definition for ‘getURL’
Flavors: r-devel-linux-x86_64-debian-clang, r-devel-linux-x86_64-fedora-clang, r-devel-linux-x86_64-fedora-gcc, r-devel-osx-x86_64-clang

Version: 2.4.3
Flags: --no-examples
Check: dependencies in R code
Result: NOTE
    Package in Depends field not imported from: ‘splines’
     These packages need to be imported from (in the NAMESPACE file)
     for when this namespace is loaded but not attached.
    See the information on DESCRIPTION files in the chapter ‘Creating R
    packages’ of the ‘Writing R Extensions’ manual.
Flavor: r-patched-solaris-sparc