CRAN Package Check Results for Package fda

Last updated on 2015-03-26 19:47:38.

Flavor Version Tinstall Tcheck Ttotal Status Flags
r-devel-linux-x86_64-debian-clang 2.4.4 5.78 121.42 127.21 NOTE
r-devel-linux-x86_64-debian-gcc 2.4.4 4.93 116.35 121.28 NOTE
r-devel-linux-x86_64-fedora-clang 2.4.4 241.28 NOTE
r-devel-linux-x86_64-fedora-gcc 2.4.4 225.77 NOTE
r-devel-osx-x86_64-clang 2.4.4 219.63 NOTE
r-prerel-windows-ix86+x86_64 2.4.4 17.00 163.00 180.00 NOTE
r-prerel-linux-x86_64 2.4.4 5.05 120.35 125.40 NOTE
r-prerel-solaris-sparc 2.4.4 1023.10 NOTE --no-examples
r-prerel-solaris-x86 2.4.4 281.10 NOTE
r-release-linux-x86_64 2.4.4 6.37 130.49 136.86 NOTE
r-release-osx-x86_64-mavericks 2.4.4 OK
r-release-osx-x86_64-snowleopard 2.4.4 OK
r-release-windows-ix86+x86_64 2.4.4 16.00 187.00 203.00 NOTE
r-oldrel-windows-ix86+x86_64 2.4.4 19.00 178.00 197.00 OK

Check Details

Version: 2.4.4
Check: dependencies in R code
Result: NOTE
    'library' or 'require' calls in package code:
     ‘R.matlab’ ‘RCurl’ ‘nlme’ ‘quadprog’
     Please use :: or requireNamespace() instead.
     See section 'Suggested packages' in the 'Writing R Extensions' manual.
Flavors: r-devel-linux-x86_64-debian-clang, r-devel-linux-x86_64-debian-gcc, r-devel-linux-x86_64-fedora-clang, r-devel-linux-x86_64-fedora-gcc, r-devel-osx-x86_64-clang, r-prerel-windows-ix86+x86_64, r-prerel-linux-x86_64, r-prerel-solaris-x86, r-release-linux-x86_64, r-release-windows-ix86+x86_64

Version: 2.4.4
Check: S3 generic/method consistency
Result: NOTE
    Found the following apparent S3 methods exported but not registered:
     fRegress.CV fRegress.stderr norder.bspline plot.cca.fd plot.pca.fd
    See section ‘Registering S3 methods’ in the ‘Writing R Extensions’
    manual.
Flavors: r-devel-linux-x86_64-debian-clang, r-devel-linux-x86_64-debian-gcc, r-devel-linux-x86_64-fedora-clang, r-devel-linux-x86_64-fedora-gcc, r-devel-osx-x86_64-clang, r-prerel-linux-x86_64

Version: 2.4.4
Flags: --no-examples
Check: dependencies in R code
Result: NOTE
    'library' or 'require' calls in package code:
     ‘R.matlab’ ‘RCurl’ ‘nlme’ ‘quadprog’
     Please use :: or requireNamespace() instead.
     See section 'Suggested packages' in the 'Writing R Extensions' manual.
Flavor: r-prerel-solaris-sparc