CRAN Package Check Results for Package fda

Last updated on 2015-01-31 19:51:23.

Flavor Version Tinstall Tcheck Ttotal Status Flags
r-devel-linux-x86_64-debian-clang 2.4.4 5.49 117.03 122.52 NOTE
r-devel-linux-x86_64-debian-gcc 2.4.4 5.25 123.47 128.72 NOTE
r-devel-linux-x86_64-fedora-clang 2.4.4 275.51 NOTE
r-devel-linux-x86_64-fedora-gcc 2.4.4 250.88 NOTE
r-devel-osx-x86_64-clang 2.4.4 233.94 NOTE
r-devel-windows-ix86+x86_64 2.4.4 24.00 165.00 189.00 NOTE
r-patched-linux-x86_64 2.4.4 6.41 131.07 137.48 OK
r-patched-solaris-sparc 2.4.4 1182.20 OK --no-examples
r-patched-solaris-x86 2.4.4 333.40 OK
r-release-linux-ix86 2.4.4 7.45 154.10 161.55 OK
r-release-linux-x86_64 2.4.4 6.11 140.23 146.34 OK
r-release-osx-x86_64-mavericks 2.4.4 OK
r-release-osx-x86_64-snowleopard 2.4.4 OK
r-release-windows-ix86+x86_64 2.4.4 14.00 183.00 197.00 OK
r-oldrel-windows-ix86+x86_64 2.4.4 15.00 176.00 191.00 OK

Check Details

Version: 2.4.4
Check: dependencies in R code
Result: NOTE
    'library' or 'require' calls in package code:
     ‘R.matlab’ ‘RCurl’ ‘nlme’ ‘quadprog’
     Please use :: or requireNamespace() instead.
     See section 'Suggested packages' in the 'Writing R Extensions' manual.
Flavors: r-devel-linux-x86_64-debian-clang, r-devel-linux-x86_64-debian-gcc, r-devel-linux-x86_64-fedora-clang, r-devel-linux-x86_64-fedora-gcc, r-devel-osx-x86_64-clang, r-devel-windows-ix86+x86_64

Version: 2.4.4
Check: S3 generic/method consistency
Result: NOTE
    Found the following apparent S3 methods exported but not registered:
     fRegress.CV fRegress.stderr norder.bspline plot.cca.fd plot.pca.fd
    See section ‘Registering S3 methods’ in the ‘Writing R Extensions’
    manual.
Flavors: r-devel-linux-x86_64-debian-clang, r-devel-linux-x86_64-debian-gcc, r-devel-linux-x86_64-fedora-clang, r-devel-linux-x86_64-fedora-gcc, r-devel-osx-x86_64-clang