CRAN Package Check Results for Package fda

Last updated on 2018-06-24 18:46:35 CEST.

Flavor Version Tinstall Tcheck Ttotal Status Flags
r-devel-linux-x86_64-debian-clang 2.4.7 23.90 151.86 175.76 ERROR
r-devel-linux-x86_64-debian-gcc 2.4.7 21.93 114.72 136.65 ERROR
r-devel-linux-x86_64-fedora-clang 2.4.7 254.89 OK
r-devel-linux-x86_64-fedora-gcc 2.4.7 243.05 OK
r-devel-windows-ix86+x86_64 2.4.7 47.00 195.00 242.00 OK
r-patched-linux-x86_64 2.4.7 22.85 141.08 163.93 ERROR
r-patched-solaris-x86 2.4.7 309.30 OK
r-release-linux-x86_64 2.4.7 25.07 138.35 163.42 ERROR
r-release-windows-ix86+x86_64 2.4.7 47.00 180.00 227.00 OK
r-release-osx-x86_64 2.4.7 OK
r-oldrel-windows-ix86+x86_64 2.4.7 22.00 176.00 198.00 OK
r-oldrel-osx-x86_64 2.4.7 OK

Additional issues

ATLAS

Check Details

Version: 2.4.7
Check: examples
Result: ERROR
    Running examples in ‘fda-Ex.R’ failed
    The error most likely occurred in:
    
    > base::assign(".ptime", proc.time(), pos = "CheckExEnv")
    > ### Name: arithmetic.fd
    > ### Title: Arithmetic on functional data ('fd') objects
    > ### Aliases: arithmetic.fd +.fd plus.fd -.fd minus.fd *.fd times.fd
    > ### Keywords: smooth
    >
    > ### ** Examples
    >
    > ##
    > ## add a parabola to itself
    > ##
    > bspl4 <- create.bspline.basis(nbasis=4)
    > parab4.5 <- fd(c(3, -1, -1, 3)/3, bspl4)
    >
    > coef2 <- matrix(c(6, -2, -2, 6)/3, 4)
    > dimnames(coef2) <- list(NULL, 'reps 1')
    > ## Don't show:
    > stopifnot(
    + ## End(Don't show)
    + all.equal(coef(parab4.5+parab4.5), coef2)
    + ## Don't show:
    + )
    > ## End(Don't show)
    >
    > ##
    > ## Same example with interior knots at 1/3 and 1/2
    > ##
    > bspl5.3 <- create.bspline.basis(breaks=c(0, 1/3, 1))
    > plot(bspl5.3)
    > x. <- seq(0, 1, .1)
    > para4.5.3 <- smooth.basis(x., 4*(x.-0.5)^2, fdParobj=bspl5.3)[['fd']]
    > plot(para4.5.3)
    [1] "done"
    >
    > bspl5.2 <- create.bspline.basis(breaks=c(0, 1/2, 1))
    > plot(bspl5.2)
    > para4.5.2 <- smooth.basis(x., 4*(x.-0.5)^2, fdParobj=bspl5.2)[['fd']]
    > plot(para4.5.2)
    [1] "done"
    >
    > #str(para4.5.3+para4.5.2)
    >
    > coef2. <- matrix(0, 9, 1)
    > dimnames(coef2.) <- list(NULL, 'rep1')
    > ## Don't show:
    > stopifnot(
    + ## End(Don't show)
    + all.equal(coef(para4.5.3-para4.5.2), coef2.)
    + ## Don't show:
    + )
    > ## End(Don't show)
    >
    > ##
    > ## product
    > ##
    > quart <- para4.5.3*para4.5.2
    >
    > # interior knots of the sum
    > # = union(interior knots of the summands);
    > # ditto for difference and product.
    > ## Don't show:
    > stopifnot(
    + ## End(Don't show)
    + all.equal(knots(quart), c(knots(para4.5.3), knots(para4.5.2)))
    + ## Don't show:
    + )
    Error in all.equal(knots(quart), c(knots(para4.5.3), knots(para4.5.2))) :
     no applicable method for 'knots' applied to an object of class "fd"
    Calls: stopifnot ... tryCatch -> tryCatchList -> tryCatchOne -> <Anonymous>
    Execution halted
Flavors: r-devel-linux-x86_64-debian-clang, r-devel-linux-x86_64-debian-gcc, r-patched-linux-x86_64, r-release-linux-x86_64