CRAN Package Check Results for Package fda

Last updated on 2015-02-28 05:47:59.

Flavor Version Tinstall Tcheck Ttotal Status Flags
r-devel-linux-x86_64-debian-clang 2.4.4 5.21 119.43 124.64 NOTE
r-devel-linux-x86_64-debian-gcc 2.4.4 4.99 113.90 118.89 NOTE
r-devel-linux-x86_64-fedora-clang 2.4.4 243.62 NOTE
r-devel-linux-x86_64-fedora-gcc 2.4.4 226.30 NOTE
r-devel-osx-x86_64-clang 2.4.4 214.80 NOTE
r-devel-windows-ix86+x86_64 2.4.4 22.00 167.00 189.00 NOTE
r-patched-linux-x86_64 2.4.4 7.21 131.10 138.30 NOTE
r-patched-solaris-sparc 2.4.4 1212.50 NOTE --no-examples
r-release-linux-ix86 2.4.4 7.33 154.28 161.61 OK
r-release-linux-x86_64 2.4.4 6.13 130.86 136.98 OK
r-release-osx-x86_64-mavericks 2.4.4 OK
r-release-osx-x86_64-snowleopard 2.4.4 OK
r-release-windows-ix86+x86_64 2.4.4 19.00 197.00 216.00 OK
r-oldrel-windows-ix86+x86_64 2.4.4 18.00 184.00 202.00 OK

Check Details

Version: 2.4.4
Check: dependencies in R code
Result: NOTE
    'library' or 'require' calls in package code:
     ‘R.matlab’ ‘RCurl’ ‘nlme’ ‘quadprog’
     Please use :: or requireNamespace() instead.
     See section 'Suggested packages' in the 'Writing R Extensions' manual.
Flavors: r-devel-linux-x86_64-debian-clang, r-devel-linux-x86_64-debian-gcc, r-devel-linux-x86_64-fedora-clang, r-devel-linux-x86_64-fedora-gcc, r-devel-osx-x86_64-clang, r-devel-windows-ix86+x86_64, r-patched-linux-x86_64

Version: 2.4.4
Check: S3 generic/method consistency
Result: NOTE
    Found the following apparent S3 methods exported but not registered:
     fRegress.CV fRegress.stderr norder.bspline plot.cca.fd plot.pca.fd
    See section ‘Registering S3 methods’ in the ‘Writing R Extensions’
    manual.
Flavors: r-devel-linux-x86_64-debian-clang, r-devel-linux-x86_64-debian-gcc, r-devel-linux-x86_64-fedora-clang, r-devel-linux-x86_64-fedora-gcc, r-devel-osx-x86_64-clang

Version: 2.4.4
Flags: --no-examples
Check: dependencies in R code
Result: NOTE
    'library' or 'require' calls in package code:
     ‘R.matlab’ ‘RCurl’ ‘nlme’ ‘quadprog’
     Please use :: or requireNamespace() instead.
     See section 'Suggested packages' in the 'Writing R Extensions' manual.
Flavor: r-patched-solaris-sparc