CRAN Package Check Results for Package fda

Last updated on 2014-10-21 05:47:57.

Flavor Version Tinstall Tcheck Ttotal Status Flags
r-devel-linux-x86_64-debian-clang 2.4.3 6.77 124.69 131.46 NOTE
r-devel-linux-x86_64-debian-gcc 2.4.3 5.87 123.36 129.24 NOTE
r-devel-linux-x86_64-fedora-clang 2.4.3 277.15 NOTE
r-devel-linux-x86_64-fedora-gcc 2.4.3 268.55 NOTE
r-devel-osx-x86_64-clang 2.4.3 227.61 NOTE
r-devel-windows-ix86+x86_64 2.4.3 15.00 155.00 170.00 NOTE
r-patched-linux-x86_64 2.4.3 6.16 136.43 142.59 NOTE
r-patched-solaris-sparc 2.4.3 1148.30 NOTE --no-examples
r-patched-solaris-x86 2.4.3 336.80 NOTE
r-release-linux-ix86 2.4.3 7.74 161.32 169.06 OK
r-release-linux-x86_64 2.4.3 8.27 138.02 146.29 OK
r-release-osx-x86_64-mavericks 2.4.3 OK
r-release-osx-x86_64-snowleopard 2.4.3 OK
r-release-windows-ix86+x86_64 2.4.3 13.00 189.00 202.00 OK
r-oldrel-windows-ix86+x86_64 2.4.3 14.00 170.00 184.00 OK

Check Details

Version: 2.4.3
Check: dependencies in R code
Result: NOTE
    Package in Depends field not imported from: ‘splines’
     These packages need to be imported from (in the NAMESPACE file)
     for when this namespace is loaded but not attached.
    See the information on DESCRIPTION files in the chapter ‘Creating R
    packages’ of the ‘Writing R Extensions’ manual.
Flavors: r-devel-linux-x86_64-debian-clang, r-devel-linux-x86_64-debian-gcc, r-devel-linux-x86_64-fedora-clang, r-devel-linux-x86_64-fedora-gcc, r-devel-osx-x86_64-clang, r-devel-windows-ix86+x86_64, r-patched-linux-x86_64, r-patched-solaris-x86

Version: 2.4.3
Check: R code for possible problems
Result: NOTE
    axesIntervals: no visible binding for global variable ‘monthBegin.5’
    axesIntervals: no visible binding for global variable ‘monthEnd.5’
    axesIntervals: no visible binding for global variable ‘monthMid’
    axisIntervals: no visible binding for global variable ‘monthBegin.5’
    axisIntervals: no visible binding for global variable ‘monthEnd.5’
    axisIntervals: no visible binding for global variable ‘monthMid’
    bsplineS: no visible global function definition for ‘spline.des’
    phaseplanePlot: no visible binding for global variable ‘monthLetters’
    polyg: no visible global function definition for ‘spline.des’
    readHMD: no visible global function definition for ‘getURL’
Flavors: r-devel-linux-x86_64-debian-clang, r-devel-linux-x86_64-debian-gcc, r-devel-linux-x86_64-fedora-clang, r-devel-linux-x86_64-fedora-gcc, r-devel-osx-x86_64-clang, r-devel-windows-ix86+x86_64, r-patched-linux-x86_64, r-patched-solaris-x86

Version: 2.4.3
Flags: --no-examples
Check: dependencies in R code
Result: NOTE
    Package in Depends field not imported from: ‘splines’
     These packages need to be imported from (in the NAMESPACE file)
     for when this namespace is loaded but not attached.
    See the information on DESCRIPTION files in the chapter ‘Creating R
    packages’ of the ‘Writing R Extensions’ manual.
Flavor: r-patched-solaris-sparc

Version: 2.4.3
Flags: --no-examples
Check: R code for possible problems
Result: NOTE
    axesIntervals: no visible binding for global variable ‘monthBegin.5’
    axesIntervals: no visible binding for global variable ‘monthEnd.5’
    axesIntervals: no visible binding for global variable ‘monthMid’
    axisIntervals: no visible binding for global variable ‘monthBegin.5’
    axisIntervals: no visible binding for global variable ‘monthEnd.5’
    axisIntervals: no visible binding for global variable ‘monthMid’
    bsplineS: no visible global function definition for ‘spline.des’
    phaseplanePlot: no visible binding for global variable ‘monthLetters’
    polyg: no visible global function definition for ‘spline.des’
    readHMD: no visible global function definition for ‘getURL’
Flavor: r-patched-solaris-sparc