CRAN Package Check Results for Package fda.usc

Last updated on 2019-03-26 03:48:22 CET.

Flavor Version Tinstall Tcheck Ttotal Status Flags
r-devel-linux-x86_64-debian-clang 1.5.0 34.31 205.75 240.06 WARN
r-devel-linux-x86_64-debian-gcc 1.5.0 31.60 154.87 186.47 OK
r-devel-linux-x86_64-fedora-clang 1.5.0 297.81 NOTE
r-devel-linux-x86_64-fedora-gcc 1.5.0 272.65 NOTE
r-devel-windows-ix86+x86_64 1.5.0 73.00 321.00 394.00 OK
r-patched-linux-x86_64 1.5.0 30.96 196.21 227.17 OK
r-patched-solaris-x86 1.5.0 362.10 NOTE
r-release-linux-x86_64 1.5.0 27.52 194.58 222.10 OK
r-release-windows-ix86+x86_64 1.5.0 64.00 300.00 364.00 OK
r-release-osx-x86_64 1.5.0 NOTE
r-oldrel-windows-ix86+x86_64 1.5.0 17.00 281.00 298.00 OK
r-oldrel-osx-x86_64 1.5.0 NOTE

Check Details

Version: 1.5.0
Check: whether package can be installed
Result: WARN
    Found the following significant warnings:
     Warning: unable to re-encode 'auxiliar_VS.R' line 75
Flavor: r-devel-linux-x86_64-debian-clang

Version: 1.5.0
Check: data for non-ASCII characters
Result: NOTE
     Note: found 76 marked UTF-8 strings
Flavors: r-devel-linux-x86_64-fedora-clang, r-devel-linux-x86_64-fedora-gcc, r-patched-solaris-x86, r-release-osx-x86_64, r-oldrel-osx-x86_64