CRAN Package Check Results for Package fda.usc

Last updated on 2018-04-26 06:47:16 CEST.

Flavor Version Tinstall Tcheck Ttotal Status Flags
r-devel-linux-x86_64-debian-clang 1.4.0 28.32 170.03 198.35 OK
r-devel-linux-x86_64-debian-gcc 1.4.0 25.92 146.11 172.03 OK
r-devel-linux-x86_64-fedora-clang 1.4.0 263.56 NOTE
r-devel-linux-x86_64-fedora-gcc 1.4.0 255.33 NOTE
r-devel-windows-ix86+x86_64 1.4.0 61.00 225.00 286.00 OK
r-patched-linux-x86_64 1.4.0 30.40 183.96 214.36 OK
r-patched-solaris-x86 1.4.0 337.60 NOTE
r-release-linux-x86_64 1.4.0 31.25 188.95 220.20 OK
r-release-windows-ix86+x86_64 1.4.0 61.00 225.00 286.00 OK
r-release-osx-x86_64 1.4.0 NOTE
r-oldrel-windows-ix86+x86_64 1.4.0 20.00 320.00 340.00 OK
r-oldrel-osx-x86_64 1.4.0 NOTE

Check Details

Version: 1.4.0
Check: data for non-ASCII characters
Result: NOTE
     Note: found 76 marked UTF-8 strings
Flavors: r-devel-linux-x86_64-fedora-clang, r-devel-linux-x86_64-fedora-gcc, r-patched-solaris-x86, r-release-osx-x86_64, r-oldrel-osx-x86_64