CRAN Package Check Results for Package fda.usc

Last updated on 2014-08-27 19:48:29.

Flavor Version Tinstall Tcheck Ttotal Status Flags
r-devel-linux-x86_64-debian-clang 1.2.0 6.01 117.93 123.94 NOTE
r-devel-linux-x86_64-debian-gcc 1.2.0 5.62 113.96 119.58 NOTE
r-devel-linux-x86_64-fedora-clang 1.2.0 265.51 NOTE
r-devel-linux-x86_64-fedora-gcc 1.2.0 256.66 NOTE
r-devel-osx-x86_64-clang 1.2.0 201.17 NOTE
r-devel-windows-ix86+x86_64 1.2.0 17.00 207.00 224.00 NOTE
r-patched-linux-x86_64 1.2.0 5.77 119.18 124.95 NOTE
r-patched-solaris-sparc 1.2.0 1531.60 NOTE
r-patched-solaris-x86 1.2.0 321.60 NOTE
r-release-linux-ix86 1.2.0 7.15 144.97 152.12 NOTE
r-release-linux-x86_64 1.2.0 5.80 118.99 124.79 NOTE
r-release-osx-x86_64-mavericks 1.2.0 NOTE
r-release-osx-x86_64-snowleopard 1.2.0 NOTE
r-release-windows-ix86+x86_64 1.2.0 17.00 210.00 227.00 NOTE
r-oldrel-windows-ix86+x86_64 1.2.0 17.00 216.00 233.00 NOTE

Check Details

Version: 1.2.0
Check: data for non-ASCII characters
Result: NOTE
     Note: found 76 marked UTF-8 strings
Flavors: r-devel-linux-x86_64-debian-clang, r-devel-linux-x86_64-debian-gcc, r-devel-linux-x86_64-fedora-clang, r-devel-linux-x86_64-fedora-gcc, r-devel-osx-x86_64-clang, r-devel-windows-ix86+x86_64, r-patched-linux-x86_64, r-patched-solaris-sparc, r-patched-solaris-x86, r-release-linux-ix86, r-release-linux-x86_64, r-release-osx-x86_64-mavericks, r-release-osx-x86_64-snowleopard, r-release-windows-ix86+x86_64, r-oldrel-windows-ix86+x86_64