CRAN Package Check Results for Package fda.usc

Last updated on 2014-04-18 05:48:03.

Flavor Version Tinstall Tcheck Ttotal Status Flags
r-devel-linux-x86_64-debian-clang 1.1.0 6.00 114.76 120.76 NOTE
r-devel-linux-x86_64-debian-gcc NOTE
r-devel-linux-x86_64-fedora-clang 1.1.0 255.51 NOTE
r-devel-linux-x86_64-fedora-gcc 1.1.0 239.90 NOTE
r-devel-macosx-x86_64-clang 1.1.0 195.05 NOTE
r-devel-macosx-x86_64-gcc 1.1.0 ERROR
r-devel-windows-ix86+x86_64 1.1.0 15.00 184.00 199.00 NOTE
r-patched-linux-x86_64 1.1.0 6.01 113.72 119.74 NOTE
r-patched-solaris-sparc 1.1.0 1378.00 NOTE
r-patched-solaris-x86 1.1.0 291.20 NOTE
r-release-linux-ix86 1.1.0 12.00 173.00 185.00 NOTE
r-release-linux-x86_64 1.1.0 5.97 111.70 117.67 NOTE
r-release-macosx-x86_64 1.1.0 ERROR
r-release-windows-ix86+x86_64 1.1.0 16.00 200.00 216.00 NOTE
r-oldrel-windows-ix86+x86_64 1.1.0 16.00 185.00 201.00 NOTE

Check Details

Version: 1.1.0
Check: data for non-ASCII characters
Result: NOTE
     Note: found 76 marked UTF-8 strings
Flavors: r-devel-linux-x86_64-debian-clang, r-devel-linux-x86_64-debian-gcc, r-devel-linux-x86_64-fedora-clang, r-devel-linux-x86_64-fedora-gcc, r-devel-macosx-x86_64-clang, r-devel-windows-ix86+x86_64, r-patched-linux-x86_64, r-patched-solaris-sparc, r-patched-solaris-x86, r-release-linux-ix86, r-release-linux-x86_64, r-release-windows-ix86+x86_64, r-oldrel-windows-ix86+x86_64

Version: 1.1.0
Check: package dependencies
Result: ERROR
    Package required but not available: ‘fda’
    
    See the information on DESCRIPTION files in the chapter ‘Creating R
    packages’ of the ‘Writing R Extensions’ manual.
Flavor: r-devel-macosx-x86_64-gcc

Version: 1.1.0
Check: whether package can be installed
Result: ERROR
    Installation failed.
    See ‘/Volumes/XT3/Builds/R-dev-web/QA/Simon/packages/snowleopard-x86_64/results/3.1/fda.usc.Rcheck/00install.out’ for details.
Flavor: r-release-macosx-x86_64