CRAN Package Check Results for Package fda.usc

Last updated on 2019-05-20 18:54:03 CEST.

Flavor Version Tinstall Tcheck Ttotal Status Flags
r-devel-linux-x86_64-debian-clang 1.5.0 32.70 204.45 237.15 OK
r-devel-linux-x86_64-debian-gcc 1.5.0 28.21 155.13 183.34 OK
r-devel-linux-x86_64-fedora-clang 1.5.0 286.95 NOTE
r-devel-linux-x86_64-fedora-gcc 1.5.0 280.73 NOTE
r-devel-windows-ix86+x86_64 1.5.0 72.00 343.00 415.00 OK
r-patched-linux-x86_64 1.5.0 32.95 207.81 240.76 OK
r-patched-solaris-x86 1.5.0 369.40 NOTE
r-release-linux-x86_64 1.5.0 32.12 203.72 235.84 OK
r-release-windows-ix86+x86_64 1.5.0 69.00 342.00 411.00 OK
r-release-osx-x86_64 1.5.0 NOTE
r-oldrel-windows-ix86+x86_64 1.5.0 42.00 223.00 265.00 OK
r-oldrel-osx-x86_64 1.5.0 NOTE

Check Details

Version: 1.5.0
Check: data for non-ASCII characters
Result: NOTE
     Note: found 76 marked UTF-8 strings
Flavors: r-devel-linux-x86_64-fedora-clang, r-devel-linux-x86_64-fedora-gcc, r-patched-solaris-x86, r-release-osx-x86_64, r-oldrel-osx-x86_64