CRAN Package Check Results for Package fda.usc

Last updated on 2017-10-17 01:47:55.

Flavor Version Tinstall Tcheck Ttotal Status Flags
r-devel-linux-x86_64-debian-clang 1.3.0 4.71 123.34 128.04 NOTE
r-devel-linux-x86_64-debian-gcc 1.3.0 5.70 131.95 137.65 NOTE
r-devel-linux-x86_64-fedora-clang 1.3.0 255.41 NOTE
r-devel-linux-x86_64-fedora-gcc 1.3.0 249.93 NOTE
r-devel-windows-ix86+x86_64 1.3.0 19.00 231.00 250.00 OK
r-patched-linux-x86_64 1.3.0 5.02 120.53 125.54 NOTE
r-patched-solaris-x86 1.3.0 302.80 NOTE
r-release-linux-x86_64 1.3.0 4.81 121.66 126.47 NOTE
r-release-windows-ix86+x86_64 1.3.0 22.00 225.00 247.00 OK
r-release-osx-x86_64 1.3.0 NOTE
r-oldrel-windows-ix86+x86_64 1.3.0 19.00 275.00 294.00 OK
r-oldrel-osx-x86_64 1.3.0 NOTE

Check Details

Version: 1.3.0
Check: compiled code
Result: NOTE
    File ‘fda.usc/libs/fda.usc.so’:
     Found no calls to: ‘R_registerRoutines’, ‘R_useDynamicSymbols’
    
    It is good practice to register native routines and to disable symbol
    search.
    
    See ‘Writing portable packages’ in the ‘Writing R Extensions’ manual.
Flavors: r-devel-linux-x86_64-debian-clang, r-devel-linux-x86_64-debian-gcc, r-devel-linux-x86_64-fedora-clang, r-devel-linux-x86_64-fedora-gcc, r-patched-linux-x86_64, r-release-linux-x86_64

Version: 1.3.0
Check: data for non-ASCII characters
Result: NOTE
     Note: found 76 marked UTF-8 strings
Flavors: r-devel-linux-x86_64-fedora-clang, r-devel-linux-x86_64-fedora-gcc, r-patched-solaris-x86, r-release-osx-x86_64, r-oldrel-osx-x86_64