CRAN Package Check Results for Package fda.usc

Last updated on 2014-09-18 11:48:39.

Flavor Version Tinstall Tcheck Ttotal Status Flags
r-devel-linux-x86_64-debian-clang 1.2.0 5.66 116.21 121.87 NOTE
r-devel-linux-x86_64-debian-gcc 1.2.0 5.72 113.29 119.01 NOTE
r-devel-linux-x86_64-fedora-clang 1.2.0 261.78 NOTE
r-devel-linux-x86_64-fedora-gcc 1.2.0 247.83 NOTE
r-devel-osx-x86_64-clang 1.2.0 197.04 NOTE
r-devel-windows-ix86+x86_64 1.2.0 16.00 183.00 199.00 NOTE
r-patched-linux-x86_64 1.2.0 5.72 123.06 128.78 NOTE
r-patched-solaris-sparc 1.2.0 1531.60 NOTE
r-patched-solaris-x86 1.2.0 318.20 NOTE
r-release-linux-ix86 1.2.0 7.22 145.61 152.82 NOTE
r-release-linux-x86_64 1.2.0 5.82 123.87 129.69 NOTE
r-release-osx-x86_64-mavericks 1.2.0 NOTE
r-release-osx-x86_64-snowleopard 1.2.0 NOTE
r-release-windows-ix86+x86_64 1.2.0 17.00 208.00 225.00 NOTE
r-oldrel-windows-ix86+x86_64 1.2.0 15.00 216.00 231.00 NOTE

Check Details

Version: 1.2.0
Check: data for non-ASCII characters
Result: NOTE
     Note: found 76 marked UTF-8 strings
Flavors: r-devel-linux-x86_64-debian-clang, r-devel-linux-x86_64-debian-gcc, r-devel-linux-x86_64-fedora-clang, r-devel-linux-x86_64-fedora-gcc, r-devel-osx-x86_64-clang, r-devel-windows-ix86+x86_64, r-patched-linux-x86_64, r-patched-solaris-sparc, r-patched-solaris-x86, r-release-linux-ix86, r-release-linux-x86_64, r-release-osx-x86_64-mavericks, r-release-osx-x86_64-snowleopard, r-release-windows-ix86+x86_64, r-oldrel-windows-ix86+x86_64