CRAN Package Check Results for Package fda.usc

Last updated on 2017-01-19 08:46:59.

Flavor Version Tinstall Tcheck Ttotal Status Flags
r-devel-linux-x86_64-debian-clang 1.3.0 4.98 123.93 128.91 OK
r-devel-linux-x86_64-debian-gcc 1.3.0 5.52 117.55 123.06 OK
r-devel-linux-x86_64-fedora-clang 1.3.0 240.24 NOTE --no-stop-on-test-error
r-devel-linux-x86_64-fedora-gcc 1.3.0 233.41 NOTE --no-stop-on-test-error
r-devel-macos-x86_64-clang 1.3.0 189.53 NOTE --no-stop-on-test-error
r-devel-windows-ix86+x86_64 1.3.0 27.00 216.00 243.00 OK
r-patched-linux-x86_64 1.3.0 4.66 115.70 120.36 OK
r-patched-solaris-sparc 1.3.0 1443.40 NOTE
r-patched-solaris-x86 1.3.0 266.20 NOTE
r-release-linux-x86_64 1.3.0 4.99 113.52 118.50 OK
r-release-osx-x86_64-mavericks 1.3.0 NOTE
r-release-windows-ix86+x86_64 1.3.0 14.00 219.00 233.00 OK
r-oldrel-windows-ix86+x86_64 1.3.0 20.00 310.00 330.00 NOTE

Check Details

Version: 1.3.0
Flags: --no-stop-on-test-error
Check: data for non-ASCII characters
Result: NOTE
     Note: found 76 marked UTF-8 strings
Flavors: r-devel-linux-x86_64-fedora-clang, r-devel-linux-x86_64-fedora-gcc, r-devel-macos-x86_64-clang

Version: 1.3.0
Check: data for non-ASCII characters
Result: NOTE
     Note: found 76 marked UTF-8 strings
Flavors: r-patched-solaris-sparc, r-patched-solaris-x86, r-release-osx-x86_64-mavericks, r-oldrel-windows-ix86+x86_64