CRAN Package Check Results for Package fda.usc

Last updated on 2017-06-28 03:48:27.

Flavor Version Tinstall Tcheck Ttotal Status Flags
r-devel-linux-x86_64-debian-clang 1.3.0 4.71 118.67 123.38 NOTE
r-devel-linux-x86_64-debian-gcc 1.3.0 5.34 118.22 123.56 NOTE
r-devel-linux-x86_64-fedora-clang 1.3.0 242.09 NOTE
r-devel-linux-x86_64-fedora-gcc 1.3.0 235.83 NOTE
r-devel-windows-ix86+x86_64 1.3.0 25.00 208.00 233.00 OK
r-patched-linux-x86_64 1.3.0 5.06 123.15 128.21 NOTE
r-patched-solaris-sparc 1.3.0 1497.80 NOTE
r-patched-solaris-x86 1.3.0 287.10 NOTE
r-release-linux-x86_64 1.3.0 5.04 121.40 126.43 NOTE
r-release-windows-ix86+x86_64 1.3.0 14.00 305.00 319.00 OK
r-release-osx-x86_64 1.3.0 NOTE
r-oldrel-windows-ix86+x86_64 1.3.0 20.00 268.00 288.00 OK
r-oldrel-osx-x86_64 1.3.0 NOTE

Check Details

Version: 1.3.0
Check: compiled code
Result: NOTE
    File ‘fda.usc/libs/fda.usc.so’:
     Found no calls to: ‘R_registerRoutines’, ‘R_useDynamicSymbols’
    
    It is good practice to register native routines and to disable symbol
    search.
    
    See ‘Writing portable packages’ in the ‘Writing R Extensions’ manual.
Flavors: r-devel-linux-x86_64-debian-clang, r-devel-linux-x86_64-debian-gcc, r-devel-linux-x86_64-fedora-clang, r-devel-linux-x86_64-fedora-gcc, r-patched-linux-x86_64, r-release-linux-x86_64

Version: 1.3.0
Check: data for non-ASCII characters
Result: NOTE
     Note: found 76 marked UTF-8 strings
Flavors: r-devel-linux-x86_64-fedora-clang, r-devel-linux-x86_64-fedora-gcc, r-patched-solaris-sparc, r-patched-solaris-x86, r-release-osx-x86_64, r-oldrel-osx-x86_64