CRAN Package Check Results for Package fda.usc

Last updated on 2016-02-13 23:47:02.

Flavor Version Tinstall Tcheck Ttotal Status Flags
r-devel-linux-x86_64-debian-gcc 1.2.2 4.80 105.35 110.16 OK
r-devel-linux-x86_64-fedora-clang 1.2.2 206.91 NOTE
r-devel-linux-x86_64-fedora-gcc 1.2.2 201.04 NOTE
r-devel-osx-x86_64-clang 1.2.2 234.62 NOTE
r-devel-windows-ix86+x86_64 1.2.2 23.00 269.00 292.00 OK
r-patched-linux-x86_64 1.2.2 5.04 107.80 112.84 NOTE
r-patched-solaris-sparc 1.2.2 1340.20 NOTE
r-patched-solaris-x86 1.2.2 255.00 NOTE
r-release-linux-x86_64 1.2.2 5.27 107.00 112.27 NOTE
r-release-osx-x86_64-mavericks 1.2.2 NOTE
r-release-windows-ix86+x86_64 1.2.2 21.00 289.00 310.00 NOTE
r-oldrel-windows-ix86+x86_64 1.2.2 25.00 252.00 277.00 NOTE

Check Details

Version: 1.2.2
Check: data for non-ASCII characters
Result: NOTE
     Note: found 76 marked UTF-8 strings
Flavors: r-devel-linux-x86_64-fedora-clang, r-devel-linux-x86_64-fedora-gcc, r-devel-osx-x86_64-clang, r-patched-linux-x86_64, r-patched-solaris-sparc, r-patched-solaris-x86, r-release-linux-x86_64, r-release-osx-x86_64-mavericks, r-release-windows-ix86+x86_64, r-oldrel-windows-ix86+x86_64