CRAN Package Check Results for Package fda.usc

Last updated on 2015-07-31 15:47:26.

Flavor Version Tinstall Tcheck Ttotal Status Flags
r-devel-linux-x86_64-debian-clang 1.2.1 4.96 116.19 121.15 NOTE
r-devel-linux-x86_64-debian-gcc 1.2.1 6.49 104.20 110.69 NOTE
r-devel-linux-x86_64-fedora-clang 1.2.1 218.39 NOTE
r-devel-linux-x86_64-fedora-gcc 1.2.1 200.30 NOTE
r-devel-osx-x86_64-clang 1.2.1 175.37 NOTE
r-devel-windows-ix86+x86_64 1.2.1 28.00 193.00 221.00 NOTE
r-patched-linux-x86_64 1.2.1 4.74 105.31 110.04 NOTE
r-patched-solaris-sparc 1.2.1 1357.90 NOTE
r-patched-solaris-x86 1.2.1 254.90 NOTE
r-release-linux-x86_64 1.2.1 4.86 104.40 109.25 NOTE
r-release-osx-x86_64-mavericks 1.2.1 NOTE
r-release-windows-ix86+x86_64 1.2.1 23.00 197.00 220.00 NOTE
r-oldrel-windows-ix86+x86_64 1.2.1 16.00 218.00 234.00 NOTE

Check Details

Version: 1.2.1
Check: S3 generic/method consistency
Result: NOTE
    Found the following apparent S3 methods exported but not registered:
     anova.RPm anova.hetero anova.onefactor influence.fdata influence.quan
     min.basis min.np plot.bifd quantile.outliers.pond
     quantile.outliers.trim split.fdata summary.classif unlist.fdata
    See section ‘Registering S3 methods’ in the ‘Writing R Extensions’
    manual.
Flavors: r-devel-linux-x86_64-debian-clang, r-devel-linux-x86_64-debian-gcc, r-devel-linux-x86_64-fedora-clang, r-devel-linux-x86_64-fedora-gcc, r-devel-osx-x86_64-clang, r-patched-linux-x86_64, r-patched-solaris-sparc, r-patched-solaris-x86, r-release-linux-x86_64

Version: 1.2.1
Check: R code for possible problems
Result: NOTE
    CV.S: no visible global function definition for ‘plot’
    GCV.S: no visible global function definition for ‘plot’
    Math.fdata: no visible global function definition for ‘callGeneric’
    Ops.fdata: no visible global function definition for ‘callGeneric’
    anova.RPm.boot: no visible global function definition for
     ‘txtProgressBar’
    anova.RPm.boot: no visible global function definition for
     ‘setTxtProgressBar’
    anova.onefactor: no visible global function definition for ‘dev.new’
    anova.onefactor: no visible global function definition for ‘palette’
    anova.onefactor: no visible global function definition for ‘par’
    anova.onefactor: no visible global function definition for
     ‘adjustcolor’
    anova.onefactor: no visible global function definition for ‘lines’
    anova.onefactor: no visible global function definition for ‘legend’
    anova.onefactor: no visible global function definition for ‘abline’
    anova.onefactor: no visible global function definition for ‘rug’
    bootanovafunc: no visible global function definition for ‘legend’
    bootanovafunc: no visible global function definition for ‘lines’
    classif.DD: no visible global function definition for ‘adjustcolor’
    classif.DD: no visible global function definition for ‘combn’
    classif.DD: no visible global function definition for ‘pairs’
    classif.DD : <anonymous>: no visible global function definition for
     ‘legend’
    classif.DD: no visible global function definition for ‘image’
    classif.DD: no visible global function definition for ‘points’
    classif.DD: no visible global function definition for ‘legend’
    cond.mode: no visible global function definition for ‘par’
    cond.mode: no visible global function definition for ‘plot’
    cond.mode: no visible global function definition for ‘curve’
    cond.mode: no visible global function definition for ‘abline’
    depth.FM: no visible global function definition for ‘plot’
    depth.FM: no visible global function definition for ‘gray’
    depth.FM: no visible global function definition for ‘lines’
    depth.FM: no visible global function definition for ‘legend’
    depth.FMp: no visible global function definition for ‘par’
    depth.FMp: no visible global function definition for ‘dev.interactive’
    depth.FMp: no visible global function definition for ‘devAskNewPage’
    depth.FMp: no visible global function definition for ‘plot’
    depth.FMp: no visible global function definition for ‘gray’
    depth.FMp: no visible global function definition for ‘lines’
    depth.FMp: no visible global function definition for ‘legend’
    depth.MB: no visible global function definition for ‘par’
    depth.MB: no visible global function definition for ‘gray’
    depth.MB: no visible global function definition for ‘plot’
    depth.MB: no visible global function definition for ‘polygon’
    depth.MB: no visible global function definition for ‘lines’
    depth.MB: no visible global function definition for ‘legend’
    depth.RP: no visible global function definition for ‘plot’
    depth.RP: no visible global function definition for ‘gray’
    depth.RP: no visible global function definition for ‘lines’
    depth.RP: no visible global function definition for ‘legend’
    depth.RPD: no visible global function definition for ‘txtProgressBar’
    depth.RPD: no visible global function definition for
     ‘setTxtProgressBar’
    depth.RPD: no visible global function definition for ‘plot’
    depth.RPD: no visible global function definition for ‘gray’
    depth.RPD: no visible global function definition for ‘lines’
    depth.RPD: no visible global function definition for ‘legend’
    depth.RPp: no visible global function definition for ‘txtProgressBar’
    depth.RPp: no visible global function definition for
     ‘setTxtProgressBar’
    depth.RPp: no visible global function definition for ‘par’
    depth.RPp: no visible global function definition for ‘dev.interactive’
    depth.RPp: no visible global function definition for ‘devAskNewPage’
    depth.RPp: no visible global function definition for ‘plot’
    depth.RPp: no visible global function definition for ‘gray’
    depth.RPp: no visible global function definition for ‘lines’
    depth.RPp: no visible global function definition for ‘legend’
    depth.RT: no visible global function definition for ‘plot’
    depth.RT: no visible global function definition for ‘gray’
    depth.RT: no visible global function definition for ‘lines’
    depth.RT: no visible global function definition for ‘legend’
    depth.mode: no visible global function definition for ‘plot’
    depth.mode: no visible global function definition for ‘gray’
    depth.mode: no visible global function definition for ‘lines’
    depth.mode: no visible global function definition for ‘legend’
    depth.modep: no visible global function definition for ‘par’
    depth.modep: no visible global function definition for
     ‘dev.interactive’
    depth.modep: no visible global function definition for ‘devAskNewPage’
    depth.modep: no visible global function definition for ‘plot’
    depth.modep: no visible global function definition for ‘gray’
    depth.modep: no visible global function definition for ‘lines’
    depth.modep: no visible global function definition for ‘legend’
    dfv.test: no visible global function definition for ‘txtProgressBar’
    dfv.test: no visible global function definition for ‘setTxtProgressBar’
    fdata.bootstrap: no visible global function definition for
     ‘txtProgressBar’
    fdata.bootstrap: no visible global function definition for
     ‘setTxtProgressBar’
    fdata.bootstrap: no visible global function definition for ‘plot’
    fdata.bootstrap: no visible global function definition for ‘lines’
    fdata.bootstrap: no visible global function definition for ‘legend’
    flm.Ftest: no visible global function definition for ‘txtProgressBar’
    flm.Ftest: no visible global function definition for
     ‘setTxtProgressBar’
    flm.test: no visible global function definition for ‘txtProgressBar’
    flm.test: no visible global function definition for ‘setTxtProgressBar’
    flm.test: no visible global function definition for ‘dev.new’
    flm.test: no visible global function definition for ‘plot’
    flm.test: no visible global function definition for ‘lines’
    flm.test: no visible global function definition for ‘gray’
    flm.test: no visible global function definition for ‘text’
    fregre.bootstrap: no visible global function definition for
     ‘txtProgressBar’
    fregre.bootstrap: no visible global function definition for
     ‘setTxtProgressBar’
    fregre.bootstrap: no visible global function definition for ‘plot’
    fregre.bootstrap: no visible global function definition for ‘lines’
    fregre.bootstrap: no visible global function definition for ‘par’
    fregre.bootstrap: no visible global function definition for
     ‘devAskNewPage’
    fregre.bootstrap: no visible global function definition for ‘points’
    fregre.gkam: no visible global function definition for ‘par’
    fregre.gkam: no visible global function definition for ‘plot’
    fregre.gkam: no visible global function definition for ‘points’
    fregre.gkam: no visible global function definition for ‘abline’
    fregre.pc.cv: no visible global function definition for
     ‘txtProgressBar’
    fregre.pc.cv: no visible global function definition for
     ‘setTxtProgressBar’
    fregre.plm: no visible global function definition for ‘txtProgressBar’
    fregre.plm: no visible global function definition for
     ‘setTxtProgressBar’
    fregre.ppc.cv: no visible global function definition for
     ‘txtProgressBar’
    fregre.ppc.cv: no visible global function definition for
     ‘setTxtProgressBar’
    influence.quan: no visible global function definition for
     ‘txtProgressBar’
    influence.quan: no visible global function definition for
     ‘setTxtProgressBar’
    kmeans.assig.groups: no visible global function definition for ‘par’
    kmeans.assig.groups: no visible global function definition for ‘plot’
    kmeans.assig.groups: no visible global function definition for ‘points’
    kmeans.assig.groups: no visible global function definition for ‘lines’
    kmeans.center.ini: no visible global function definition for ‘combn’
    kmeans.center.ini: no visible global function definition for ‘plot’
    kmeans.center.ini: no visible global function definition for ‘points’
    kmeans.center.ini: no visible global function definition for ‘lines’
    kmeans.centers.update: no visible global function definition for ‘plot’
    kmeans.centers.update: no visible global function definition for
     ‘points’
    kmeans.centers.update: no visible global function definition for
     ‘lines’
    lines.fdata: no visible global function definition for ‘plot’
    mdepth.MB: no visible global function definition for ‘par’
    mdepth.MB: no visible global function definition for ‘gray’
    mdepth.MB: no visible global function definition for ‘polygon’
    mdepth.MB: no visible global function definition for ‘lines’
    mdepth.MB: no visible global function definition for ‘legend’
    mdepth.MB: no visible global function definition for ‘matlines’
    outliers.thres.lrt: no visible global function definition for
     ‘txtProgressBar’
    outliers.thres.lrt: no visible global function definition for
     ‘setTxtProgressBar’
    plot.bifd: no visible global function definition for ‘plot’
    plot.fdata: no visible global function definition for ‘par’
    plot.fdata: no visible global function definition for ‘persp’
    plot.fdata: no visible global function definition for ‘filled.contour’
    plot.fdata: no visible global function definition for ‘title’
    plot.fdata: no visible global function definition for ‘contour’
    plot.fdata: no visible global function definition for ‘image’
    plot.fdata: no visible global function definition for ‘dev.cur’
    plot.mdepth: no visible global function definition for ‘plot’
    plot.mdepth: no visible global function definition for ‘gray’
    plot.mdepth: no visible global function definition for ‘points’
    plot.mdepth: no visible global function definition for ‘legend’
    plot.mdepth: no visible global function definition for ‘pairs’
    plot.mdepth: no visible global function definition for ‘stars’
    summary.fdata.comp: no visible global function definition for ‘dev.new’
    summary.fdata.comp: no visible global function definition for ‘par’
    summary.fdata.comp: no visible global function definition for
     ‘dev.interactive’
    summary.fdata.comp: no visible global function definition for
     ‘devAskNewPage’
    summary.fdata.comp: no visible global function definition for ‘plot’
    summary.fdata.comp: no visible global function definition for ‘text’
    summary.fregre.fd: no visible global function definition for ‘par’
    summary.fregre.fd: no visible global function definition for
     ‘dev.interactive’
    summary.fregre.fd: no visible global function definition for
     ‘devAskNewPage’
    summary.fregre.fd: no visible global function definition for ‘plot’
    summary.fregre.fd: no visible global function definition for ‘text’
    summary.fregre.fd: no visible global function definition for ‘abline’
    summary.fregre.fd: no visible global function definition for ‘boxplot’
    summary.fregre.gkam: no visible global function definition for ‘par’
    summary.fregre.gkam: no visible global function definition for ‘plot’
    summary.fregre.gkam: no visible global function definition for ‘points’
    summary.fregre.gkam: no visible global function definition for ‘legend’
    summary.fregre.gkam: no visible global function definition for ‘abline’
    summary.fregre.gkam: no visible global function definition for ‘text’
    summary.fregre.gkam: no visible global function definition for
     ‘boxplot’
    summary.fregre.gkam: no visible global function definition for
     ‘dev.interactive’
    summary.fregre.gkam: no visible global function definition for
     ‘devAskNewPage’
    summary.fregre.gkam: no visible global function definition for
     ‘dev.new’
    Undefined global functions or variables:
     abline adjustcolor boxplot callGeneric combn contour curve dev.cur
     dev.interactive dev.new devAskNewPage filled.contour gray image
     legend lines matlines pairs palette par persp plot points polygon rug
     setTxtProgressBar stars text title txtProgressBar
    Consider adding
     importFrom("grDevices", "adjustcolor", "dev.cur", "dev.interactive",
     "dev.new", "devAskNewPage", "gray", "palette")
     importFrom("graphics", "abline", "boxplot", "contour", "curve",
     "filled.contour", "image", "legend", "lines", "matlines",
     "pairs", "par", "persp", "plot", "points", "polygon", "rug",
     "stars", "text", "title")
     importFrom("methods", "callGeneric")
     importFrom("utils", "combn", "setTxtProgressBar", "txtProgressBar")
    to your NAMESPACE.
Flavors: r-devel-linux-x86_64-debian-clang, r-devel-linux-x86_64-debian-gcc, r-devel-linux-x86_64-fedora-clang, r-devel-linux-x86_64-fedora-gcc, r-devel-windows-ix86+x86_64

Version: 1.2.1
Check: data for non-ASCII characters
Result: NOTE
     Note: found 76 marked UTF-8 strings
Flavors: r-devel-linux-x86_64-debian-clang, r-devel-linux-x86_64-debian-gcc, r-devel-linux-x86_64-fedora-clang, r-devel-linux-x86_64-fedora-gcc, r-devel-osx-x86_64-clang, r-devel-windows-ix86+x86_64, r-patched-linux-x86_64, r-patched-solaris-sparc, r-patched-solaris-x86, r-release-linux-x86_64, r-release-osx-x86_64-mavericks, r-release-windows-ix86+x86_64, r-oldrel-windows-ix86+x86_64