CRAN Package Check Results for Package fda.usc

Last updated on 2014-07-31 08:47:00.

Flavor Version Tinstall Tcheck Ttotal Status Flags
r-devel-linux-x86_64-debian-clang 1.2.0 6.07 120.20 126.27 NOTE
r-devel-linux-x86_64-debian-gcc 1.2.0 5.79 119.88 125.66 NOTE
r-devel-linux-x86_64-fedora-clang 1.2.0 276.89 NOTE
r-devel-linux-x86_64-fedora-gcc 1.2.0 267.12 NOTE
r-devel-osx-x86_64-clang 1.2.0 208.68 NOTE
r-devel-windows-ix86+x86_64 1.2.0 19.00 209.00 228.00 NOTE
r-patched-linux-x86_64 1.2.0 5.92 117.97 123.89 NOTE
r-patched-solaris-sparc 1.2.0 1531.60 NOTE
r-patched-solaris-x86 1.2.0 313.60 NOTE
r-release-linux-ix86 1.2.0 7.22 143.21 150.42 NOTE
r-release-linux-x86_64 1.2.0 6.00 119.72 125.72 NOTE
r-release-osx-x86_64-mavericks 1.2.0 NOTE
r-release-osx-x86_64-snowleopard 1.2.0 NOTE
r-release-windows-ix86+x86_64 1.2.0 25.00 296.00 321.00 NOTE
r-oldrel-windows-ix86+x86_64 1.2.0 24.00 293.00 317.00 NOTE

Check Details

Version: 1.2.0
Check: data for non-ASCII characters
Result: NOTE
     Note: found 76 marked UTF-8 strings
Flavors: r-devel-linux-x86_64-debian-clang, r-devel-linux-x86_64-debian-gcc, r-devel-linux-x86_64-fedora-clang, r-devel-linux-x86_64-fedora-gcc, r-devel-osx-x86_64-clang, r-devel-windows-ix86+x86_64, r-patched-linux-x86_64, r-patched-solaris-sparc, r-patched-solaris-x86, r-release-linux-ix86, r-release-linux-x86_64, r-release-osx-x86_64-mavericks, r-release-osx-x86_64-snowleopard, r-release-windows-ix86+x86_64, r-oldrel-windows-ix86+x86_64