CRAN Package Check Results for Package fda.usc

Last updated on 2017-12-12 08:48:18 CET.

Flavor Version Tinstall Tcheck Ttotal Status Flags
r-devel-linux-x86_64-debian-clang 1.3.0 6.08 171.25 177.33 NOTE
r-devel-linux-x86_64-debian-gcc 1.3.0 5.36 147.41 152.77 NOTE
r-devel-linux-x86_64-fedora-clang 1.3.0 224.04 NOTE
r-devel-linux-x86_64-fedora-gcc 1.3.0 223.69 NOTE
r-devel-windows-ix86+x86_64 1.3.0 22.00 263.00 285.00 OK
r-patched-linux-x86_64 1.3.0 6.09 212.02 218.11 NOTE
r-patched-solaris-x86 1.3.0 289.70 NOTE
r-release-linux-x86_64 1.3.0 6.37 206.24 212.61 NOTE
r-release-windows-ix86+x86_64 1.3.0 16.00 250.00 266.00 OK
r-release-osx-x86_64 1.3.0 NOTE
r-oldrel-windows-ix86+x86_64 1.3.0 22.00 284.00 306.00 OK
r-oldrel-osx-x86_64 1.3.0 NOTE

Check Details

Version: 1.3.0
Check: compiled code
Result: NOTE
    File ‘fda.usc/libs/fda.usc.so’:
     Found no calls to: ‘R_registerRoutines’, ‘R_useDynamicSymbols’
    
    It is good practice to register native routines and to disable symbol
    search.
    
    See ‘Writing portable packages’ in the ‘Writing R Extensions’ manual.
Flavors: r-devel-linux-x86_64-debian-clang, r-devel-linux-x86_64-debian-gcc, r-devel-linux-x86_64-fedora-clang, r-devel-linux-x86_64-fedora-gcc, r-patched-linux-x86_64, r-release-linux-x86_64

Version: 1.3.0
Check: data for non-ASCII characters
Result: NOTE
     Note: found 76 marked UTF-8 strings
Flavors: r-devel-linux-x86_64-fedora-clang, r-devel-linux-x86_64-fedora-gcc, r-patched-solaris-x86, r-release-osx-x86_64, r-oldrel-osx-x86_64