CRAN Package Check Results for Package fda.usc

Last updated on 2016-04-29 19:49:46.

Flavor Version Tinstall Tcheck Ttotal Status Flags
r-devel-linux-x86_64-debian-gcc 1.2.3 4.67 108.78 113.44 OK
r-devel-linux-x86_64-fedora-clang 1.2.3 127.79 NOTE
r-devel-linux-x86_64-fedora-gcc 1.2.3 107.26 NOTE
r-devel-osx-x86_64-clang 1.2.3 167.51 NOTE
r-devel-windows-ix86+x86_64 1.2.2 14.00 227.00 241.00 OK
r-patched-linux-x86_64 1.2.2 4.61 107.38 111.99 OK
r-patched-solaris-sparc 1.2.3 1304.00 NOTE
r-patched-solaris-x86 1.2.3 228.00 NOTE
r-release-linux-x86_64 1.2.3 5.58 112.11 117.69 NOTE
r-release-osx-x86_64-mavericks 1.2.3 NOTE
r-release-windows-ix86+x86_64 1.2.2 17.00 199.00 216.00 NOTE
r-oldrel-windows-ix86+x86_64 1.2.2 25.00 225.00 250.00 NOTE

Check Details

Version: 1.2.3
Check: data for non-ASCII characters
Result: NOTE
     Note: found 76 marked UTF-8 strings
Flavors: r-devel-linux-x86_64-fedora-clang, r-devel-linux-x86_64-fedora-gcc, r-devel-osx-x86_64-clang, r-patched-solaris-sparc, r-patched-solaris-x86, r-release-linux-x86_64, r-release-osx-x86_64-mavericks

Version: 1.2.2
Check: data for non-ASCII characters
Result: NOTE
     Note: found 76 marked UTF-8 strings
Flavors: r-release-windows-ix86+x86_64, r-oldrel-windows-ix86+x86_64