CRAN Package Check Results for Package fda.usc

Last updated on 2014-12-21 03:48:15.

Flavor Version Tinstall Tcheck Ttotal Status Flags
r-devel-linux-x86_64-debian-clang 1.2.1 5.65 114.41 120.06 NOTE
r-devel-linux-x86_64-debian-gcc 1.2.1 5.38 108.26 113.64 NOTE
r-devel-linux-x86_64-fedora-clang 1.2.1 259.08 NOTE
r-devel-linux-x86_64-fedora-gcc 1.2.1 214.04 NOTE
r-devel-osx-x86_64-clang 1.2.1 216.80 NOTE
r-devel-windows-ix86+x86_64 1.2.1 23.00 191.00 214.00 NOTE
r-patched-linux-x86_64 1.2.1 6.24 117.08 123.32 NOTE
r-patched-solaris-sparc 1.2.1 1380.10 NOTE
r-patched-solaris-x86 1.2.1 305.60 NOTE
r-release-linux-ix86 1.2.1 6.83 135.72 142.56 NOTE
r-release-linux-x86_64 1.2.1 5.72 117.22 122.94 NOTE
r-release-osx-x86_64-mavericks 1.2.1 NOTE
r-release-osx-x86_64-snowleopard 1.2.1 NOTE
r-release-windows-ix86+x86_64 1.2.1 18.00 200.00 218.00 NOTE
r-oldrel-windows-ix86+x86_64 1.2.1 20.00 200.00 220.00 NOTE

Check Details

Version: 1.2.1
Check: data for non-ASCII characters
Result: NOTE
     Note: found 76 marked UTF-8 strings
Flavors: r-devel-linux-x86_64-debian-clang, r-devel-linux-x86_64-debian-gcc, r-devel-linux-x86_64-fedora-clang, r-devel-linux-x86_64-fedora-gcc, r-devel-osx-x86_64-clang, r-devel-windows-ix86+x86_64, r-patched-linux-x86_64, r-patched-solaris-sparc, r-patched-solaris-x86, r-release-linux-ix86, r-release-linux-x86_64, r-release-osx-x86_64-mavericks, r-release-osx-x86_64-snowleopard, r-release-windows-ix86+x86_64, r-oldrel-windows-ix86+x86_64