CRAN Package Check Results for Package fda.usc

Last updated on 2014-10-22 04:47:14.

Flavor Version Tinstall Tcheck Ttotal Status Flags
r-devel-linux-x86_64-debian-clang 1.2.0 5.66 116.09 121.76 NOTE
r-devel-linux-x86_64-debian-gcc 1.2.0 5.48 114.55 120.03 NOTE
r-devel-linux-x86_64-fedora-clang 1.2.0 260.46 NOTE
r-devel-linux-x86_64-fedora-gcc 1.2.0 251.04 NOTE
r-devel-osx-x86_64-clang 1.2.0 212.10 NOTE
r-devel-windows-ix86+x86_64 1.2.0 16.00 189.00 205.00 NOTE
r-patched-linux-x86_64 1.2.0 6.20 120.05 126.25 NOTE
r-patched-solaris-sparc 1.2.0 1531.60 NOTE
r-patched-solaris-x86 1.2.0 313.90 NOTE
r-release-linux-ix86 1.2.0 7.26 146.21 153.46 NOTE
r-release-linux-x86_64 1.2.0 6.12 124.57 130.69 NOTE
r-release-osx-x86_64-mavericks 1.2.0 NOTE
r-release-osx-x86_64-snowleopard 1.2.0 NOTE
r-release-windows-ix86+x86_64 1.2.0 16.00 214.00 230.00 NOTE
r-oldrel-windows-ix86+x86_64 1.2.0 17.00 214.00 231.00 NOTE

Check Details

Version: 1.2.0
Check: data for non-ASCII characters
Result: NOTE
     Note: found 76 marked UTF-8 strings
Flavors: r-devel-linux-x86_64-debian-clang, r-devel-linux-x86_64-debian-gcc, r-devel-linux-x86_64-fedora-clang, r-devel-linux-x86_64-fedora-gcc, r-devel-osx-x86_64-clang, r-devel-windows-ix86+x86_64, r-patched-linux-x86_64, r-patched-solaris-sparc, r-patched-solaris-x86, r-release-linux-ix86, r-release-linux-x86_64, r-release-osx-x86_64-mavericks, r-release-osx-x86_64-snowleopard, r-release-windows-ix86+x86_64, r-oldrel-windows-ix86+x86_64