CRAN Package Check Results for Package fda.usc

Last updated on 2015-01-30 14:48:47.

Flavor Version Tinstall Tcheck Ttotal Status Flags
r-devel-linux-x86_64-debian-clang 1.2.1 5.61 108.04 113.65 NOTE
r-devel-linux-x86_64-debian-gcc 1.2.1 5.09 112.76 117.86 NOTE
r-devel-linux-x86_64-fedora-clang 1.2.1 248.14 NOTE
r-devel-linux-x86_64-fedora-gcc 1.2.1 230.42 NOTE
r-devel-osx-x86_64-clang 1.2.1 214.11 NOTE
r-devel-windows-ix86+x86_64 1.2.1 27.00 192.00 219.00 NOTE
r-patched-linux-x86_64 1.2.1 5.94 119.32 125.26 NOTE
r-patched-solaris-sparc 1.2.1 1511.10 NOTE
r-patched-solaris-x86 1.2.1 304.40 NOTE
r-release-linux-ix86 1.2.1 6.85 136.00 142.84 NOTE
r-release-linux-x86_64 1.2.1 5.69 118.59 124.28 NOTE
r-release-osx-x86_64-mavericks 1.2.1 NOTE
r-release-osx-x86_64-snowleopard 1.2.1 NOTE
r-release-windows-ix86+x86_64 1.2.1 17.00 209.00 226.00 NOTE
r-oldrel-windows-ix86+x86_64 1.2.1 16.00 208.00 224.00 NOTE

Check Details

Version: 1.2.1
Check: S3 generic/method consistency
Result: NOTE
    Found the following apparent S3 methods exported but not registered:
     unlist.fdata split.fdata summary.classif plot.bifd anova.RPm
     anova.hetero anova.onefactor influence.fdata influence.quan
     quantile.outliers.pond quantile.outliers.trim min.basis min.np
    See section ‘Registering S3 methods’ in the ‘Writing R Extensions’
    manual.
Flavors: r-devel-linux-x86_64-debian-clang, r-devel-linux-x86_64-debian-gcc, r-devel-linux-x86_64-fedora-clang, r-devel-linux-x86_64-fedora-gcc, r-devel-osx-x86_64-clang

Version: 1.2.1
Check: data for non-ASCII characters
Result: NOTE
     Note: found 76 marked UTF-8 strings
Flavors: r-devel-linux-x86_64-debian-clang, r-devel-linux-x86_64-debian-gcc, r-devel-linux-x86_64-fedora-clang, r-devel-linux-x86_64-fedora-gcc, r-devel-osx-x86_64-clang, r-devel-windows-ix86+x86_64, r-patched-linux-x86_64, r-patched-solaris-sparc, r-patched-solaris-x86, r-release-linux-ix86, r-release-linux-x86_64, r-release-osx-x86_64-mavericks, r-release-osx-x86_64-snowleopard, r-release-windows-ix86+x86_64, r-oldrel-windows-ix86+x86_64