CRAN Package Check Results for Package fda.usc

Last updated on 2016-08-26 06:47:17.

Flavor Version Tinstall Tcheck Ttotal Status Flags
r-devel-linux-x86_64-debian-clang 1.2.3 4.83 113.40 118.23 OK
r-devel-linux-x86_64-debian-gcc 1.2.3 6.51 137.14 143.64 OK
r-devel-linux-x86_64-fedora-clang 1.2.3 218.00 NOTE
r-devel-linux-x86_64-fedora-gcc 1.2.3 191.98 NOTE
r-devel-osx-x86_64-clang 1.2.3 178.74 NOTE
r-devel-windows-ix86+x86_64 1.2.3 21.00 199.00 220.00 OK
r-patched-linux-x86_64 1.2.3 4.99 109.38 114.36 OK
r-patched-solaris-sparc 1.2.3 1363.40 NOTE
r-patched-solaris-x86 1.2.3 252.20 NOTE
r-release-linux-x86_64 1.2.3 5.00 108.42 113.42 OK
r-release-osx-x86_64-mavericks 1.2.3 NOTE
r-release-windows-ix86+x86_64 1.2.3 16.00 201.00 217.00 OK
r-oldrel-windows-ix86+x86_64 1.2.3 16.00 282.00 298.00 NOTE

Check Details

Version: 1.2.3
Check: data for non-ASCII characters
Result: NOTE
     Note: found 76 marked UTF-8 strings
Flavors: r-devel-linux-x86_64-fedora-clang, r-devel-linux-x86_64-fedora-gcc, r-devel-osx-x86_64-clang, r-patched-solaris-sparc, r-patched-solaris-x86, r-release-osx-x86_64-mavericks, r-oldrel-windows-ix86+x86_64