CRAN Package Check Results for Package fda.usc

Last updated on 2016-12-07 10:48:23.

Flavor Version Tinstall Tcheck Ttotal Status Flags
r-devel-linux-x86_64-debian-clang 1.3.0 5.11 128.33 133.43 OK
r-devel-linux-x86_64-debian-gcc 1.3.0 5.08 122.57 127.65 OK
r-devel-linux-x86_64-fedora-clang 1.3.0 252.52 NOTE --no-stop-on-test-error
r-devel-linux-x86_64-fedora-gcc 1.3.0 244.94 NOTE --no-stop-on-test-error
r-devel-macos-x86_64-clang 1.3.0 196.29 NOTE
r-devel-windows-ix86+x86_64 1.3.0 31.00 287.00 318.00 OK
r-patched-linux-x86_64 1.3.0 4.73 114.71 119.44 OK
r-patched-solaris-sparc 1.3.0 1374.90 NOTE
r-patched-solaris-x86 1.3.0 263.10 NOTE
r-release-linux-x86_64 1.3.0 4.76 114.30 119.06 OK
r-release-osx-x86_64-mavericks 1.3.0 NOTE
r-release-windows-ix86+x86_64 1.3.0 14.00 232.00 246.00 OK
r-oldrel-windows-ix86+x86_64 1.3.0 23.00 300.00 323.00 NOTE

Check Details

Version: 1.3.0
Flags: --no-stop-on-test-error
Check: data for non-ASCII characters
Result: NOTE
     Note: found 76 marked UTF-8 strings
Flavors: r-devel-linux-x86_64-fedora-clang, r-devel-linux-x86_64-fedora-gcc

Version: 1.3.0
Check: data for non-ASCII characters
Result: NOTE
     Note: found 76 marked UTF-8 strings
Flavors: r-devel-macos-x86_64-clang, r-patched-solaris-sparc, r-patched-solaris-x86, r-release-osx-x86_64-mavericks, r-oldrel-windows-ix86+x86_64