CRAN Package Check Results for Package fda.usc

Last updated on 2016-07-28 10:47:44.

Flavor Version Tinstall Tcheck Ttotal Status Flags
r-devel-linux-x86_64-debian-clang 1.2.3 5.66 124.75 130.41 OK
r-devel-linux-x86_64-debian-gcc 1.2.3 6.42 122.21 128.63 OK
r-devel-linux-x86_64-fedora-clang 1.2.3 213.88 NOTE
r-devel-linux-x86_64-fedora-gcc 1.2.3 201.08 NOTE
r-devel-osx-x86_64-clang 1.2.3 178.28 NOTE
r-devel-windows-ix86+x86_64 1.2.3 22.00 273.00 295.00 OK
r-patched-linux-x86_64 1.2.3 6.33 120.79 127.12 OK
r-patched-solaris-sparc 1.2.3 1363.40 NOTE
r-patched-solaris-x86 1.2.3 250.90 NOTE
r-release-linux-x86_64 1.2.3 5.90 124.11 130.00 OK
r-release-osx-x86_64-mavericks 1.2.3 NOTE
r-release-windows-ix86+x86_64 1.2.3 19.00 264.00 283.00 OK
r-oldrel-windows-ix86+x86_64 1.2.3 24.00 276.00 300.00 NOTE

Check Details

Version: 1.2.3
Check: data for non-ASCII characters
Result: NOTE
     Note: found 76 marked UTF-8 strings
Flavors: r-devel-linux-x86_64-fedora-clang, r-devel-linux-x86_64-fedora-gcc, r-devel-osx-x86_64-clang, r-patched-solaris-sparc, r-patched-solaris-x86, r-release-osx-x86_64-mavericks, r-oldrel-windows-ix86+x86_64