CRAN Package Check Results for Package fda.usc

Last updated on 2017-03-29 23:53:04.

Flavor Version Tinstall Tcheck Ttotal Status Flags
r-devel-linux-x86_64-debian-clang 1.3.0 5.11 124.51 129.62 NOTE
r-devel-linux-x86_64-debian-gcc 1.3.0 5.15 118.06 123.20 NOTE
r-devel-linux-x86_64-fedora-clang 1.3.0 245.36 NOTE --no-stop-on-test-error
r-devel-linux-x86_64-fedora-gcc 1.3.0 238.15 NOTE --no-stop-on-test-error
r-devel-macos-x86_64-clang 1.3.0 189.14 NOTE --no-stop-on-test-error
r-devel-windows-ix86+x86_64 1.3.0 23.00 238.00 261.00 OK
r-patched-linux-x86_64 1.3.0 4.82 117.56 122.38 NOTE
r-patched-solaris-sparc 1.3.0 1497.80 NOTE
r-patched-solaris-x86 1.3.0 286.90 NOTE
r-release-linux-x86_64 1.3.0 4.87 115.58 120.45 OK
r-release-osx-x86_64-mavericks 1.3.0 NOTE
r-release-windows-ix86+x86_64 1.3.0 30.00 211.00 241.00 OK
r-oldrel-windows-ix86+x86_64 1.3.0 38.00 383.00 421.00 NOTE

Check Details

Version: 1.3.0
Check: compiled code
Result: NOTE
    File ‘fda.usc/libs/fda.usc.so’:
     Found no calls to: ‘R_registerRoutines’, ‘R_useDynamicSymbols’
    
    It is good practice to register native routines and to disable symbol
    search.
    
    See ‘Writing portable packages’ in the ‘Writing R Extensions’ manual.
Flavors: r-devel-linux-x86_64-debian-clang, r-devel-linux-x86_64-debian-gcc, r-patched-linux-x86_64

Version: 1.3.0
Flags: --no-stop-on-test-error
Check: data for non-ASCII characters
Result: NOTE
     Note: found 76 marked UTF-8 strings
Flavors: r-devel-linux-x86_64-fedora-clang, r-devel-linux-x86_64-fedora-gcc, r-devel-macos-x86_64-clang

Version: 1.3.0
Flags: --no-stop-on-test-error
Check: compiled code
Result: NOTE
    File ‘fda.usc/libs/fda.usc.so’:
     Found no calls to: ‘R_registerRoutines’, ‘R_useDynamicSymbols’
    
    It is good practice to register native routines and to disable symbol
    search.
    
    See ‘Writing portable packages’ in the ‘Writing R Extensions’ manual.
Flavors: r-devel-linux-x86_64-fedora-clang, r-devel-linux-x86_64-fedora-gcc, r-devel-macos-x86_64-clang

Version: 1.3.0
Check: data for non-ASCII characters
Result: NOTE
     Note: found 76 marked UTF-8 strings
Flavors: r-patched-solaris-sparc, r-patched-solaris-x86, r-release-osx-x86_64-mavericks, r-oldrel-windows-ix86+x86_64