CRAN Package Check Results for Package fda.usc

Last updated on 2016-05-27 09:50:13.

Flavor Version Tinstall Tcheck Ttotal Status Flags
r-devel-linux-x86_64-debian-gcc 1.2.3 4.87 114.10 118.97 OK
r-devel-linux-x86_64-fedora-clang 1.2.3 236.75 NOTE
r-devel-linux-x86_64-fedora-gcc 1.2.3 204.48 NOTE
r-devel-osx-x86_64-clang 1.2.3 240.10 NOTE
r-devel-windows-ix86+x86_64 1.2.3 18.00 233.00 251.00 OK
r-patched-linux-x86_64 1.2.3 4.98 109.79 114.77 OK
r-patched-solaris-sparc 1.2.3 1363.60 NOTE
r-patched-solaris-x86 1.2.3 258.80 NOTE
r-release-linux-x86_64 1.2.3 4.64 108.21 112.86 OK
r-release-osx-x86_64-mavericks 1.2.3 NOTE
r-release-windows-ix86+x86_64 1.2.3 18.00 203.00 221.00 OK
r-oldrel-windows-ix86+x86_64 1.2.3 18.00 290.00 308.00 NOTE

Check Details

Version: 1.2.3
Check: data for non-ASCII characters
Result: NOTE
     Note: found 76 marked UTF-8 strings
Flavors: r-devel-linux-x86_64-fedora-clang, r-devel-linux-x86_64-fedora-gcc, r-devel-osx-x86_64-clang, r-patched-solaris-sparc, r-patched-solaris-x86, r-release-osx-x86_64-mavericks, r-oldrel-windows-ix86+x86_64