CRAN Package Check Results for Package fda.usc

Last updated on 2018-02-23 01:46:22 CET.

Flavor Version Tinstall Tcheck Ttotal Status Flags
r-devel-linux-x86_64-debian-clang 1.4.0 27.56 165.07 192.63 OK
r-devel-linux-x86_64-debian-gcc 1.4.0 24.52 141.56 166.08 OK
r-devel-linux-x86_64-fedora-clang 1.4.0 264.84 NOTE
r-devel-linux-x86_64-fedora-gcc 1.4.0 256.40 NOTE
r-devel-windows-ix86+x86_64 1.4.0 65.00 214.00 279.00 OK
r-patched-linux-x86_64 1.4.0 6.31 214.77 221.08 OK
r-patched-solaris-x86 1.4.0 296.70 NOTE
r-release-linux-x86_64 1.4.0 7.15 206.57 213.72 OK
r-release-windows-ix86+x86_64 1.4.0 23.00 317.00 340.00 OK
r-release-osx-x86_64 1.4.0 NOTE
r-oldrel-windows-ix86+x86_64 1.4.0 17.00 314.00 331.00 OK
r-oldrel-osx-x86_64 1.3.0 NOTE

Check Details

Version: 1.4.0
Check: data for non-ASCII characters
Result: NOTE
     Note: found 76 marked UTF-8 strings
Flavors: r-devel-linux-x86_64-fedora-clang, r-devel-linux-x86_64-fedora-gcc, r-patched-solaris-x86, r-release-osx-x86_64

Version: 1.3.0
Check: data for non-ASCII characters
Result: NOTE
     Note: found 76 marked UTF-8 strings
Flavor: r-oldrel-osx-x86_64