CRAN Package Check Results for Package fda.usc

Last updated on 2017-02-22 23:53:52.

Flavor Version Tinstall Tcheck Ttotal Status Flags
r-devel-linux-x86_64-debian-clang 1.3.0 4.88 124.80 129.68 NOTE
r-devel-linux-x86_64-debian-gcc 1.3.0 4.90 119.24 124.13 NOTE
r-devel-linux-x86_64-fedora-clang 1.3.0 249.22 NOTE --no-stop-on-test-error
r-devel-linux-x86_64-fedora-gcc 1.3.0 233.18 NOTE --no-stop-on-test-error
r-devel-macos-x86_64-clang 1.3.0 191.22 NOTE --no-stop-on-test-error
r-devel-windows-ix86+x86_64 1.3.0 29.00 303.00 332.00 OK
r-patched-linux-x86_64 1.3.0 4.81 117.26 122.07 OK
r-patched-solaris-sparc 1.3.0 1443.40 NOTE
r-patched-solaris-x86 1.3.0 251.20 NOTE
r-release-linux-x86_64 1.3.0 4.94 117.96 122.90 OK
r-release-osx-x86_64-mavericks 1.3.0 NOTE
r-release-windows-ix86+x86_64 1.3.0 20.00 295.00 315.00 OK
r-oldrel-windows-ix86+x86_64 1.3.0 24.00 208.00 232.00 NOTE

Check Details

Version: 1.3.0
Check: compiled code
Result: NOTE
    File ‘fda.usc/libs/fda.usc.so’:
     Found no calls to: ‘R_registerRoutines’, ‘R_useDynamicSymbols’
    
    It is good practice to register native routines and to disable symbol
    search.
    
    See ‘Writing portable packages’ in the ‘Writing R Extensions’ manual.
Flavors: r-devel-linux-x86_64-debian-clang, r-devel-linux-x86_64-debian-gcc

Version: 1.3.0
Flags: --no-stop-on-test-error
Check: data for non-ASCII characters
Result: NOTE
     Note: found 76 marked UTF-8 strings
Flavors: r-devel-linux-x86_64-fedora-clang, r-devel-linux-x86_64-fedora-gcc, r-devel-macos-x86_64-clang

Version: 1.3.0
Flags: --no-stop-on-test-error
Check: compiled code
Result: NOTE
    File ‘fda.usc/libs/fda.usc.so’:
     Found no calls to: ‘R_registerRoutines’, ‘R_useDynamicSymbols’
    
    It is good practice to register native routines and to disable symbol
    search.
    
    See ‘Writing portable packages’ in the ‘Writing R Extensions’ manual.
Flavors: r-devel-linux-x86_64-fedora-clang, r-devel-linux-x86_64-fedora-gcc, r-devel-macos-x86_64-clang

Version: 1.3.0
Check: data for non-ASCII characters
Result: NOTE
     Note: found 76 marked UTF-8 strings
Flavors: r-patched-solaris-sparc, r-patched-solaris-x86, r-release-osx-x86_64-mavericks, r-oldrel-windows-ix86+x86_64