CRAN Package Check Results for Package fda.usc

Last updated on 2017-08-17 20:46:39.

Flavor Version Tinstall Tcheck Ttotal Status Flags
r-devel-linux-x86_64-debian-clang 1.3.0 4.82 122.80 127.61 NOTE
r-devel-linux-x86_64-debian-gcc 1.3.0 4.86 115.74 120.60 NOTE
r-devel-linux-x86_64-fedora-clang 1.3.0 239.54 NOTE
r-devel-linux-x86_64-fedora-gcc 1.3.0 239.96 NOTE
r-devel-windows-ix86+x86_64 1.3.0 19.00 234.00 253.00 OK
r-patched-linux-x86_64 1.3.0 4.97 120.14 125.11 NOTE
r-patched-solaris-x86 1.3.0 290.80 NOTE
r-release-linux-x86_64 1.3.0 4.89 121.20 126.09 NOTE
r-release-windows-ix86+x86_64 1.3.0 17.00 218.00 235.00 OK
r-release-osx-x86_64 1.3.0 NOTE
r-oldrel-windows-ix86+x86_64 1.3.0 18.00 203.00 221.00 OK
r-oldrel-osx-x86_64 1.3.0 NOTE

Check Details

Version: 1.3.0
Check: compiled code
Result: NOTE
    File ‘fda.usc/libs/fda.usc.so’:
     Found no calls to: ‘R_registerRoutines’, ‘R_useDynamicSymbols’
    
    It is good practice to register native routines and to disable symbol
    search.
    
    See ‘Writing portable packages’ in the ‘Writing R Extensions’ manual.
Flavors: r-devel-linux-x86_64-debian-clang, r-devel-linux-x86_64-debian-gcc, r-devel-linux-x86_64-fedora-clang, r-devel-linux-x86_64-fedora-gcc, r-patched-linux-x86_64, r-release-linux-x86_64

Version: 1.3.0
Check: data for non-ASCII characters
Result: NOTE
     Note: found 76 marked UTF-8 strings
Flavors: r-devel-linux-x86_64-fedora-clang, r-devel-linux-x86_64-fedora-gcc, r-patched-solaris-x86, r-release-osx-x86_64, r-oldrel-osx-x86_64