CRAN Package Check Results for Package fda.usc

Last updated on 2016-09-29 08:12:29.

Flavor Version Tinstall Tcheck Ttotal Status Flags
r-devel-linux-x86_64-debian-clang 1.2.3 4.60 110.28 114.88 OK
r-devel-linux-x86_64-debian-gcc 1.2.3 4.28 105.80 110.09 OK
r-devel-linux-x86_64-fedora-clang 1.2.3 214.69 NOTE
r-devel-linux-x86_64-fedora-gcc 1.2.3 202.97 NOTE
r-devel-macos-x86_64-clang 1.2.3 169.70 NOTE
r-devel-windows-ix86+x86_64 1.2.3 34.00 257.00 291.00 OK
r-patched-linux-x86_64 1.2.3 4.32 108.28 112.59 OK
r-patched-solaris-sparc 1.2.3 1363.40 NOTE
r-patched-solaris-x86 1.2.3 251.10 NOTE
r-release-linux-x86_64 1.2.3 4.54 107.91 112.45 OK
r-release-osx-x86_64-mavericks 1.2.3 NOTE
r-release-windows-ix86+x86_64 1.2.3 21.00 194.00 215.00 OK
r-oldrel-windows-ix86+x86_64 1.2.3 29.00 266.00 295.00 NOTE

Check Details

Version: 1.2.3
Check: data for non-ASCII characters
Result: NOTE
     Note: found 76 marked UTF-8 strings
Flavors: r-devel-linux-x86_64-fedora-clang, r-devel-linux-x86_64-fedora-gcc, r-devel-macos-x86_64-clang, r-patched-solaris-sparc, r-patched-solaris-x86, r-release-osx-x86_64-mavericks, r-oldrel-windows-ix86+x86_64