CRAN Package Check Results for Package fda.usc

Last updated on 2015-03-02 11:47:21.

Flavor Version Tinstall Tcheck Ttotal Status Flags
r-devel-linux-x86_64-debian-clang 1.2.1 5.30 106.48 111.77 NOTE
r-devel-linux-x86_64-debian-gcc 1.2.1 4.62 102.53 107.14 NOTE
r-devel-linux-x86_64-fedora-clang 1.2.1 217.83 NOTE
r-devel-linux-x86_64-fedora-gcc 1.2.1 204.22 NOTE
r-devel-osx-x86_64-clang 1.2.1 192.16 NOTE
r-devel-windows-ix86+x86_64 1.2.1 36.00 249.00 285.00 NOTE
r-patched-linux-x86_64 1.2.1 5.83 119.91 125.74 NOTE
r-patched-solaris-sparc 1.2.1 1511.10 NOTE
r-patched-solaris-x86 1.2.1 305.70 NOTE
r-release-linux-ix86 1.2.1 6.93 138.24 145.17 NOTE
r-release-linux-x86_64 1.2.1 6.02 119.58 125.59 NOTE
r-release-osx-x86_64-mavericks 1.2.1 NOTE
r-release-osx-x86_64-snowleopard 1.2.1 NOTE
r-release-windows-ix86+x86_64 1.2.1 30.00 295.00 325.00 NOTE
r-oldrel-windows-ix86+x86_64 1.2.1 17.00 202.00 219.00 NOTE

Check Details

Version: 1.2.1
Check: S3 generic/method consistency
Result: NOTE
    Found the following apparent S3 methods exported but not registered:
     anova.RPm anova.hetero anova.onefactor influence.fdata influence.quan
     min.basis min.np plot.bifd quantile.outliers.pond
     quantile.outliers.trim split.fdata summary.classif unlist.fdata
    See section ‘Registering S3 methods’ in the ‘Writing R Extensions’
    manual.
Flavors: r-devel-linux-x86_64-debian-clang, r-devel-linux-x86_64-debian-gcc, r-devel-linux-x86_64-fedora-clang, r-devel-linux-x86_64-fedora-gcc, r-devel-osx-x86_64-clang

Version: 1.2.1
Check: data for non-ASCII characters
Result: NOTE
     Note: found 76 marked UTF-8 strings
Flavors: r-devel-linux-x86_64-debian-clang, r-devel-linux-x86_64-debian-gcc, r-devel-linux-x86_64-fedora-clang, r-devel-linux-x86_64-fedora-gcc, r-devel-osx-x86_64-clang, r-devel-windows-ix86+x86_64, r-patched-linux-x86_64, r-patched-solaris-sparc, r-patched-solaris-x86, r-release-linux-ix86, r-release-linux-x86_64, r-release-osx-x86_64-mavericks, r-release-osx-x86_64-snowleopard, r-release-windows-ix86+x86_64, r-oldrel-windows-ix86+x86_64