CRAN Package Check Results for Package fdaMixed

Last updated on 2017-05-24 07:49:42.

Flavor Version Tinstall Tcheck Ttotal Status Flags
r-devel-linux-x86_64-debian-clang 0.5 49.32 19.50 68.83 OK
r-devel-linux-x86_64-debian-gcc 0.5 53.01 19.17 72.17 OK
r-devel-linux-x86_64-fedora-clang 0.5 137.28 NOTE --no-stop-on-test-error
r-devel-linux-x86_64-fedora-gcc 0.5 141.20 NOTE --no-stop-on-test-error
r-devel-windows-ix86+x86_64 0.5 143.00 96.00 239.00 OK
r-patched-linux-x86_64 0.5 43.70 19.10 62.80 OK
r-patched-solaris-sparc 0.5 658.40 OK
r-patched-solaris-x86 0.5 128.80 OK --no-stop-on-test-error
r-release-linux-x86_64 0.5 44.15 19.21 63.35 OK
r-release-windows-ix86+x86_64 0.5 131.00 85.00 216.00 OK
r-release-osx-x86_64 0.5 NOTE
r-oldrel-windows-ix86+x86_64 0.5 177.00 75.00 252.00 OK
r-oldrel-osx-x86_64 0.5 NOTE

Check Details

Version: 0.5
Flags: --no-stop-on-test-error
Check: installed package size
Result: NOTE
     installed size is 7.1Mb
     sub-directories of 1Mb or more:
     libs 7.0Mb
Flavors: r-devel-linux-x86_64-fedora-clang, r-devel-linux-x86_64-fedora-gcc

Version: 0.5
Check: installed package size
Result: NOTE
     installed size is 6.2Mb
     sub-directories of 1Mb or more:
     libs 6.1Mb
Flavors: r-release-osx-x86_64, r-oldrel-osx-x86_64