CRAN Package Check Results for Package fdaMixed

Last updated on 2018-05-21 14:51:47 CEST.

Flavor Version Tinstall Tcheck Ttotal Status Flags
r-devel-linux-x86_64-debian-clang 0.5 78.36 27.92 106.28 OK
r-devel-linux-x86_64-debian-gcc 0.5 66.60 23.91 90.51 OK
r-devel-linux-x86_64-fedora-clang 0.5 151.81 NOTE
r-devel-linux-x86_64-fedora-gcc 0.5 150.77 NOTE
r-devel-windows-ix86+x86_64 0.5 186.00 65.00 251.00 OK
r-patched-linux-x86_64 0.5 76.45 29.34 105.79 OK
r-patched-solaris-x86 0.5 142.90 OK
r-release-linux-x86_64 0.5 79.46 29.02 108.48 OK
r-release-windows-ix86+x86_64 0.5 198.00 75.00 273.00 OK
r-release-osx-x86_64 0.5 NOTE
r-oldrel-windows-ix86+x86_64 0.5 185.00 90.00 275.00 OK
r-oldrel-osx-x86_64 0.5 NOTE

Check Details

Version: 0.5
Check: installed package size
Result: NOTE
     installed size is 7.5Mb
     sub-directories of 1Mb or more:
     libs 7.4Mb
Flavors: r-devel-linux-x86_64-fedora-clang, r-devel-linux-x86_64-fedora-gcc, r-release-osx-x86_64, r-oldrel-osx-x86_64