CRAN Package Check Results for Package fdaMixed

Last updated on 2017-03-29 18:47:06.

Flavor Version Tinstall Tcheck Ttotal Status Flags
r-devel-linux-x86_64-debian-clang 0.5 48.31 19.67 67.97 OK
r-devel-linux-x86_64-debian-gcc 0.5 52.88 19.36 72.24 OK
r-devel-linux-x86_64-fedora-clang 0.5 139.54 NOTE --no-stop-on-test-error
r-devel-linux-x86_64-fedora-gcc 0.5 143.81 NOTE --no-stop-on-test-error
r-devel-macos-x86_64-clang 0.5 92.22 OK --no-stop-on-test-error
r-devel-windows-ix86+x86_64 0.5 144.00 63.00 207.00 OK
r-patched-linux-x86_64 0.5 42.65 19.42 62.07 OK
r-patched-solaris-sparc 0.5 658.40 OK
r-patched-solaris-x86 0.5 132.20 OK
r-release-linux-x86_64 0.5 42.49 15.98 58.47 OK
r-release-osx-x86_64-mavericks 0.5 NOTE
r-release-windows-ix86+x86_64 0.5 180.00 106.00 286.00 OK
r-oldrel-windows-ix86+x86_64 0.5 192.00 58.00 250.00 OK

Check Details

Version: 0.5
Flags: --no-stop-on-test-error
Check: installed package size
Result: NOTE
     installed size is 6.9Mb
     sub-directories of 1Mb or more:
     libs 6.7Mb
Flavors: r-devel-linux-x86_64-fedora-clang, r-devel-linux-x86_64-fedora-gcc

Version: 0.5
Check: installed package size
Result: NOTE
     installed size is 7.0Mb
     sub-directories of 1Mb or more:
     libs 7.0Mb
Flavor: r-release-osx-x86_64-mavericks