CRAN Package Check Results for Package fdaMixed

Last updated on 2014-10-22 23:48:50.

Flavor Version Tinstall Tcheck Ttotal Status Flags
r-devel-linux-x86_64-debian-clang 0.4 35.39 18.28 53.67 NOTE
r-devel-linux-x86_64-debian-gcc 0.4 41.61 18.36 59.97 NOTE
r-devel-linux-x86_64-fedora-clang 0.4 115.96 NOTE
r-devel-linux-x86_64-fedora-gcc 0.4 119.99 NOTE
r-devel-osx-x86_64-clang 0.4 81.22 NOTE
r-devel-windows-ix86+x86_64 0.4 113.00 51.00 164.00 NOTE
r-patched-linux-x86_64 0.4 41.05 20.57 61.62 NOTE
r-patched-solaris-sparc 0.4 704.00 NOTE
r-patched-solaris-x86 0.4 152.40 NOTE
r-release-linux-ix86 0.4 53.57 25.09 78.66 NOTE
r-release-linux-x86_64 0.4 40.95 18.09 59.04 NOTE
r-release-osx-x86_64-mavericks 0.4 NOTE
r-release-osx-x86_64-snowleopard 0.4 NOTE
r-release-windows-ix86+x86_64 0.4 109.00 47.00 156.00 NOTE
r-oldrel-windows-ix86+x86_64 0.4 113.00 56.00 169.00 OK

Check Details

Version: 0.4
Check: installed package size
Result: NOTE
     installed size is 7.4Mb
     sub-directories of 1Mb or more:
     libs 7.3Mb
Flavors: r-devel-linux-x86_64-debian-clang, r-devel-linux-x86_64-debian-gcc, r-devel-linux-x86_64-fedora-clang, r-devel-linux-x86_64-fedora-gcc, r-patched-linux-x86_64, r-patched-solaris-sparc, r-patched-solaris-x86, r-release-linux-ix86, r-release-linux-x86_64, r-release-osx-x86_64-mavericks

Version: 0.4
Check: foreign function calls
Result: NOTE
    Calls with DUP:
     .Call("boxcoxTransform", mu, geometricMean, Yoriginal, Ymat,
     DUP = FALSE, package = "fdaMixed")
     .Call("fdaTrace", left, right, coefs[3], Re(roots$left), Im(roots$left),
     Re(roots$right), Im(roots$right), Fleft, Fright, NN, DUP = FALSE,
     PACKAGE = "fdaMixed")
     .Call("marginalANOVA", G, Ymat, GammaMat, Zmat, Yres, betaHat,
     uBLUP, uBLUPinvG, Cbeta, Cu, DUP = FALSE, package = "fdaMixed")
     .Call("fdaEngine", left, right, (right - left)/NN * coefs[3],
     Re(roots$left), Im(roots$left), Re(roots$right), Im(roots$right),
     Fleft, Fright, G, uBLUPinvG, proj.uBLUPinvG, dummyVec, dummyVec,
     xBLUP.uBLUPinvG, condRes.uBLUPinvG, dummyMat, dummyMat, logLik.uBLUPinvG,
     DUP = FALSE, PACKAGE = "fdaMixed")
     .Call("fdaEngine", left, right, (right - left)/NN * coefs[3],
     Re(roots$left), Im(roots$left), Re(roots$right), Im(roots$right),
     Fleft, Fright, G, Yres, projMat, dummyVec, dummyVec, xBLUP,
     condRes, dummyMat, dummyMat, logLikVec, DUP = FALSE, PACKAGE = "fdaMixed")
     .Call("fdaEngine", left, right, (right - left)/NN * coefs[3],
     Re(roots$left), Im(roots$left), Re(roots$right), Im(roots$right),
     Fleft, Fright, G, Ymat, projMat, betaHat, uBLUP, xBLUP, condRes,
     Cbeta, Cu, logLikVec, DUP = FALSE, PACKAGE = "fdaMixed")
    DUP is no longer supported and will be ignored.
Flavors: r-devel-linux-x86_64-debian-clang, r-devel-linux-x86_64-debian-gcc, r-devel-linux-x86_64-fedora-clang, r-devel-linux-x86_64-fedora-gcc, r-devel-osx-x86_64-clang, r-devel-windows-ix86+x86_64

Version: 0.4
Check: foreign function calls
Result: NOTE
    Calls with DUP != TRUE:
     .Call("boxcoxTransform", mu, geometricMean, Yoriginal, Ymat,
     DUP = FALSE, package = "fdaMixed")
     .Call("fdaTrace", left, right, coefs[3], Re(roots$left), Im(roots$left),
     Re(roots$right), Im(roots$right), Fleft, Fright, NN, DUP = FALSE,
     PACKAGE = "fdaMixed")
     .Call("marginalANOVA", G, Ymat, GammaMat, Zmat, Yres, betaHat,
     uBLUP, uBLUPinvG, Cbeta, Cu, DUP = FALSE, package = "fdaMixed")
     .Call("fdaEngine", left, right, (right - left)/NN * coefs[3],
     Re(roots$left), Im(roots$left), Re(roots$right), Im(roots$right),
     Fleft, Fright, G, uBLUPinvG, proj.uBLUPinvG, dummyVec, dummyVec,
     xBLUP.uBLUPinvG, condRes.uBLUPinvG, dummyMat, dummyMat, logLik.uBLUPinvG,
     DUP = FALSE, PACKAGE = "fdaMixed")
     .Call("fdaEngine", left, right, (right - left)/NN * coefs[3],
     Re(roots$left), Im(roots$left), Re(roots$right), Im(roots$right),
     Fleft, Fright, G, Yres, projMat, dummyVec, dummyVec, xBLUP,
     condRes, dummyMat, dummyMat, logLikVec, DUP = FALSE, PACKAGE = "fdaMixed")
     .Call("fdaEngine", left, right, (right - left)/NN * coefs[3],
     Re(roots$left), Im(roots$left), Re(roots$right), Im(roots$right),
     Fleft, Fright, G, Ymat, projMat, betaHat, uBLUP, xBLUP, condRes,
     Cbeta, Cu, logLikVec, DUP = FALSE, PACKAGE = "fdaMixed")
    DUP = FALSE is deprecated and will be disabled in future versions of R.
Flavors: r-patched-linux-x86_64, r-patched-solaris-sparc, r-patched-solaris-x86, r-release-osx-x86_64-snowleopard

Version: 0.4
Check: foreign function calls
Result: NOTE
    Calls with DUP = FALSE:
     .Call("boxcoxTransform", mu, geometricMean, Yoriginal, Ymat,
     DUP = FALSE, package = "fdaMixed")
     .Call("fdaTrace", left, right, coefs[3], Re(roots$left), Im(roots$left),
     Re(roots$right), Im(roots$right), Fleft, Fright, NN, DUP = FALSE,
     PACKAGE = "fdaMixed")
     .Call("marginalANOVA", G, Ymat, GammaMat, Zmat, Yres, betaHat,
     uBLUP, uBLUPinvG, Cbeta, Cu, DUP = FALSE, package = "fdaMixed")
     .Call("fdaEngine", left, right, (right - left)/NN * coefs[3],
     Re(roots$left), Im(roots$left), Re(roots$right), Im(roots$right),
     Fleft, Fright, G, uBLUPinvG, proj.uBLUPinvG, dummyVec, dummyVec,
     xBLUP.uBLUPinvG, condRes.uBLUPinvG, dummyMat, dummyMat, logLik.uBLUPinvG,
     DUP = FALSE, PACKAGE = "fdaMixed")
     .Call("fdaEngine", left, right, (right - left)/NN * coefs[3],
     Re(roots$left), Im(roots$left), Re(roots$right), Im(roots$right),
     Fleft, Fright, G, Yres, projMat, dummyVec, dummyVec, xBLUP,
     condRes, dummyMat, dummyMat, logLikVec, DUP = FALSE, PACKAGE = "fdaMixed")
     .Call("fdaEngine", left, right, (right - left)/NN * coefs[3],
     Re(roots$left), Im(roots$left), Re(roots$right), Im(roots$right),
     Fleft, Fright, G, Ymat, projMat, betaHat, uBLUP, xBLUP, condRes,
     Cbeta, Cu, logLikVec, DUP = FALSE, PACKAGE = "fdaMixed")
    DUP = FALSE is deprecated and may be disabled in future versions of R.
Flavors: r-release-linux-ix86, r-release-linux-x86_64, r-release-osx-x86_64-mavericks, r-release-windows-ix86+x86_64