CRAN Package Check Results for Package fdaMixed

Last updated on 2017-01-19 23:48:02.

Flavor Version Tinstall Tcheck Ttotal Status Flags
r-devel-linux-x86_64-debian-clang 0.4 47.57 19.47 67.04 NOTE
r-devel-linux-x86_64-debian-gcc 0.4 51.31 19.16 70.47 NOTE
r-devel-linux-x86_64-fedora-clang 0.4 134.99 NOTE --no-stop-on-test-error
r-devel-linux-x86_64-fedora-gcc 0.4 134.44 NOTE --no-stop-on-test-error
r-devel-macos-x86_64-clang 0.4 92.79 NOTE --no-stop-on-test-error
r-devel-windows-ix86+x86_64 0.4 173.00 55.00 228.00 NOTE
r-patched-linux-x86_64 0.4 42.59 16.15 58.74 NOTE
r-patched-solaris-sparc 0.4 631.80 NOTE
r-patched-solaris-x86 0.4 125.70 NOTE
r-release-linux-x86_64 0.4 42.60 16.11 58.70 NOTE
r-release-osx-x86_64-mavericks 0.4 NOTE
r-release-windows-ix86+x86_64 0.4 122.00 60.00 182.00 NOTE
r-oldrel-windows-ix86+x86_64 0.4 119.00 59.00 178.00 NOTE

Check Details

Version: 0.4
Check: foreign function calls
Result: NOTE
    Calls with DUP:
     .Call("boxcoxTransform", mu, geometricMean, Yoriginal, Ymat,
     DUP = FALSE, package = "fdaMixed")
     .Call("fdaTrace", left, right, coefs[3], Re(roots$left), Im(roots$left),
     Re(roots$right), Im(roots$right), Fleft, Fright, NN, DUP = FALSE,
     PACKAGE = "fdaMixed")
     .Call("marginalANOVA", G, Ymat, GammaMat, Zmat, Yres, betaHat,
     uBLUP, uBLUPinvG, Cbeta, Cu, DUP = FALSE, package = "fdaMixed")
     .Call("fdaEngine", left, right, (right - left)/NN * coefs[3],
     Re(roots$left), Im(roots$left), Re(roots$right), Im(roots$right),
     Fleft, Fright, G, uBLUPinvG, proj.uBLUPinvG, dummyVec, dummyVec,
     xBLUP.uBLUPinvG, condRes.uBLUPinvG, dummyMat, dummyMat, logLik.uBLUPinvG,
     DUP = FALSE, PACKAGE = "fdaMixed")
     .Call("fdaEngine", left, right, (right - left)/NN * coefs[3],
     Re(roots$left), Im(roots$left), Re(roots$right), Im(roots$right),
     Fleft, Fright, G, Yres, projMat, dummyVec, dummyVec, xBLUP,
     condRes, dummyMat, dummyMat, logLikVec, DUP = FALSE, PACKAGE = "fdaMixed")
     .Call("fdaEngine", left, right, (right - left)/NN * coefs[3],
     Re(roots$left), Im(roots$left), Re(roots$right), Im(roots$right),
     Fleft, Fright, G, Ymat, projMat, betaHat, uBLUP, xBLUP, condRes,
     Cbeta, Cu, logLikVec, DUP = FALSE, PACKAGE = "fdaMixed")
    DUP is no longer supported and will be ignored.
Flavors: r-devel-linux-x86_64-debian-clang, r-devel-linux-x86_64-debian-gcc, r-devel-windows-ix86+x86_64, r-patched-linux-x86_64, r-patched-solaris-sparc, r-patched-solaris-x86, r-release-linux-x86_64, r-release-osx-x86_64-mavericks, r-release-windows-ix86+x86_64, r-oldrel-windows-ix86+x86_64

Version: 0.4
Check: R code for possible problems
Result: NOTE
    fdaLm: no visible global function definition for ‘model.matrix’
    fdaLm : minus2logLik: no visible global function definition for
     ‘integrate’
    fdaLm: no visible global function definition for ‘nlminb’
    Undefined global functions or variables:
     integrate model.matrix nlminb
    Consider adding
     importFrom("stats", "integrate", "model.matrix", "nlminb")
    to your NAMESPACE file.
Flavors: r-devel-linux-x86_64-debian-clang, r-devel-linux-x86_64-debian-gcc, r-devel-windows-ix86+x86_64, r-patched-linux-x86_64, r-patched-solaris-sparc, r-patched-solaris-x86, r-release-linux-x86_64, r-release-osx-x86_64-mavericks, r-release-windows-ix86+x86_64

Version: 0.4
Flags: --no-stop-on-test-error
Check: installed package size
Result: NOTE
     installed size is 6.8Mb
     sub-directories of 1Mb or more:
     libs 6.7Mb
Flavors: r-devel-linux-x86_64-fedora-clang, r-devel-linux-x86_64-fedora-gcc

Version: 0.4
Flags: --no-stop-on-test-error
Check: foreign function calls
Result: NOTE
    Calls with DUP:
     .Call("boxcoxTransform", mu, geometricMean, Yoriginal, Ymat,
     DUP = FALSE, package = "fdaMixed")
     .Call("fdaTrace", left, right, coefs[3], Re(roots$left), Im(roots$left),
     Re(roots$right), Im(roots$right), Fleft, Fright, NN, DUP = FALSE,
     PACKAGE = "fdaMixed")
     .Call("marginalANOVA", G, Ymat, GammaMat, Zmat, Yres, betaHat,
     uBLUP, uBLUPinvG, Cbeta, Cu, DUP = FALSE, package = "fdaMixed")
     .Call("fdaEngine", left, right, (right - left)/NN * coefs[3],
     Re(roots$left), Im(roots$left), Re(roots$right), Im(roots$right),
     Fleft, Fright, G, uBLUPinvG, proj.uBLUPinvG, dummyVec, dummyVec,
     xBLUP.uBLUPinvG, condRes.uBLUPinvG, dummyMat, dummyMat, logLik.uBLUPinvG,
     DUP = FALSE, PACKAGE = "fdaMixed")
     .Call("fdaEngine", left, right, (right - left)/NN * coefs[3],
     Re(roots$left), Im(roots$left), Re(roots$right), Im(roots$right),
     Fleft, Fright, G, Yres, projMat, dummyVec, dummyVec, xBLUP,
     condRes, dummyMat, dummyMat, logLikVec, DUP = FALSE, PACKAGE = "fdaMixed")
     .Call("fdaEngine", left, right, (right - left)/NN * coefs[3],
     Re(roots$left), Im(roots$left), Re(roots$right), Im(roots$right),
     Fleft, Fright, G, Ymat, projMat, betaHat, uBLUP, xBLUP, condRes,
     Cbeta, Cu, logLikVec, DUP = FALSE, PACKAGE = "fdaMixed")
    DUP is no longer supported and will be ignored.
Flavors: r-devel-linux-x86_64-fedora-clang, r-devel-linux-x86_64-fedora-gcc, r-devel-macos-x86_64-clang

Version: 0.4
Flags: --no-stop-on-test-error
Check: R code for possible problems
Result: NOTE
    fdaLm: no visible global function definition for ‘model.matrix’
    fdaLm : minus2logLik: no visible global function definition for
     ‘integrate’
    fdaLm: no visible global function definition for ‘nlminb’
    Undefined global functions or variables:
     integrate model.matrix nlminb
    Consider adding
     importFrom("stats", "integrate", "model.matrix", "nlminb")
    to your NAMESPACE file.
Flavors: r-devel-linux-x86_64-fedora-clang, r-devel-linux-x86_64-fedora-gcc, r-devel-macos-x86_64-clang

Version: 0.4
Check: installed package size
Result: NOTE
     installed size is 6.9Mb
     sub-directories of 1Mb or more:
     libs 6.8Mb
Flavor: r-release-osx-x86_64-mavericks