CRAN Package Check Results for Package fdaMixed

Last updated on 2017-06-29 17:50:04.

Flavor Version Tinstall Tcheck Ttotal Status Flags
r-devel-linux-x86_64-debian-clang 0.5 48.35 19.35 67.69 OK
r-devel-linux-x86_64-debian-gcc 0.5 54.21 18.32 72.53 OK
r-devel-linux-x86_64-fedora-clang 0.5 141.35 NOTE
r-devel-linux-x86_64-fedora-gcc 0.5 137.22 NOTE
r-devel-windows-ix86+x86_64 0.5 181.00 66.00 247.00 OK
r-patched-linux-x86_64 0.5 53.37 19.82 73.19 OK
r-patched-solaris-sparc 0.5 658.40 OK
r-patched-solaris-x86 0.5 132.60 OK
r-release-linux-x86_64 0.5 53.98 19.19 73.18 OK
r-release-windows-ix86+x86_64 0.5 191.00 81.00 272.00 OK
r-release-osx-x86_64 0.5 NOTE
r-oldrel-windows-ix86+x86_64 0.5 179.00 72.00 251.00 OK
r-oldrel-osx-x86_64 0.5 NOTE

Check Details

Version: 0.5
Check: installed package size
Result: NOTE
     installed size is 7.1Mb
     sub-directories of 1Mb or more:
     libs 7.0Mb
Flavors: r-devel-linux-x86_64-fedora-clang, r-devel-linux-x86_64-fedora-gcc, r-release-osx-x86_64, r-oldrel-osx-x86_64