CRAN Package Check Results for Package fdaMixed

Last updated on 2016-05-29 15:46:34.

Flavor Version Tinstall Tcheck Ttotal Status Flags
r-devel-linux-x86_64-debian-gcc 0.4 53.64 16.67 70.31 NOTE
r-devel-linux-x86_64-fedora-clang 0.4 131.79 NOTE
r-devel-linux-x86_64-fedora-gcc 0.4 119.80 NOTE
r-devel-osx-x86_64-clang 0.4 83.00 NOTE
r-devel-windows-ix86+x86_64 0.4 126.00 48.00 174.00 NOTE
r-patched-linux-x86_64 0.4 42.50 15.91 58.41 NOTE
r-patched-solaris-sparc 0.4 594.80 NOTE
r-patched-solaris-x86 0.4 111.40 NOTE
r-release-linux-x86_64 0.4 42.85 16.19 59.04 NOTE
r-release-osx-x86_64-mavericks 0.4 NOTE
r-release-windows-ix86+x86_64 0.4 171.00 51.00 222.00 NOTE
r-oldrel-windows-ix86+x86_64 0.4 115.00 48.00 163.00 NOTE

Check Details

Version: 0.4
Check: installed package size
Result: NOTE
     installed size is 7.6Mb
     sub-directories of 1Mb or more:
     libs 7.5Mb
Flavors: r-devel-linux-x86_64-debian-gcc, r-devel-linux-x86_64-fedora-clang, r-devel-linux-x86_64-fedora-gcc, r-patched-linux-x86_64, r-release-linux-x86_64, r-release-osx-x86_64-mavericks

Version: 0.4
Check: foreign function calls
Result: NOTE
    Calls with DUP:
     .Call("boxcoxTransform", mu, geometricMean, Yoriginal, Ymat,
     DUP = FALSE, package = "fdaMixed")
     .Call("fdaTrace", left, right, coefs[3], Re(roots$left), Im(roots$left),
     Re(roots$right), Im(roots$right), Fleft, Fright, NN, DUP = FALSE,
     PACKAGE = "fdaMixed")
     .Call("marginalANOVA", G, Ymat, GammaMat, Zmat, Yres, betaHat,
     uBLUP, uBLUPinvG, Cbeta, Cu, DUP = FALSE, package = "fdaMixed")
     .Call("fdaEngine", left, right, (right - left)/NN * coefs[3],
     Re(roots$left), Im(roots$left), Re(roots$right), Im(roots$right),
     Fleft, Fright, G, uBLUPinvG, proj.uBLUPinvG, dummyVec, dummyVec,
     xBLUP.uBLUPinvG, condRes.uBLUPinvG, dummyMat, dummyMat, logLik.uBLUPinvG,
     DUP = FALSE, PACKAGE = "fdaMixed")
     .Call("fdaEngine", left, right, (right - left)/NN * coefs[3],
     Re(roots$left), Im(roots$left), Re(roots$right), Im(roots$right),
     Fleft, Fright, G, Yres, projMat, dummyVec, dummyVec, xBLUP,
     condRes, dummyMat, dummyMat, logLikVec, DUP = FALSE, PACKAGE = "fdaMixed")
     .Call("fdaEngine", left, right, (right - left)/NN * coefs[3],
     Re(roots$left), Im(roots$left), Re(roots$right), Im(roots$right),
     Fleft, Fright, G, Ymat, projMat, betaHat, uBLUP, xBLUP, condRes,
     Cbeta, Cu, logLikVec, DUP = FALSE, PACKAGE = "fdaMixed")
    DUP is no longer supported and will be ignored.
Flavors: r-devel-linux-x86_64-debian-gcc, r-devel-linux-x86_64-fedora-clang, r-devel-linux-x86_64-fedora-gcc, r-devel-osx-x86_64-clang, r-devel-windows-ix86+x86_64, r-patched-linux-x86_64, r-patched-solaris-sparc, r-patched-solaris-x86, r-release-linux-x86_64, r-release-osx-x86_64-mavericks, r-release-windows-ix86+x86_64, r-oldrel-windows-ix86+x86_64

Version: 0.4
Check: R code for possible problems
Result: NOTE
    fdaLm: no visible global function definition for ‘model.matrix’
    fdaLm : minus2logLik: no visible global function definition for
     ‘integrate’
    fdaLm: no visible global function definition for ‘nlminb’
    Undefined global functions or variables:
     integrate model.matrix nlminb
    Consider adding
     importFrom("stats", "integrate", "model.matrix", "nlminb")
    to your NAMESPACE file.
Flavors: r-devel-linux-x86_64-debian-gcc, r-devel-linux-x86_64-fedora-clang, r-devel-linux-x86_64-fedora-gcc, r-devel-osx-x86_64-clang, r-devel-windows-ix86+x86_64, r-patched-linux-x86_64, r-patched-solaris-sparc, r-patched-solaris-x86, r-release-linux-x86_64, r-release-osx-x86_64-mavericks, r-release-windows-ix86+x86_64