CRAN Package Check Results for Package fdaMixed

Last updated on 2017-10-21 22:46:38.

Flavor Version Tinstall Tcheck Ttotal Status Flags
r-devel-linux-x86_64-debian-clang 0.5 49.75 19.26 69.01 OK
r-devel-linux-x86_64-debian-gcc 0.5 52.98 19.89 72.87 OK
r-devel-linux-x86_64-fedora-clang 0.5 142.16 NOTE
r-devel-linux-x86_64-fedora-gcc 0.5 143.83 NOTE
r-devel-windows-ix86+x86_64 0.5 138.00 85.00 223.00 OK
r-patched-linux-x86_64 0.5 53.98 20.19 74.17 OK
r-patched-solaris-x86 0.5 141.70 OK
r-release-linux-x86_64 0.5 55.38 20.11 75.49 OK
r-release-windows-ix86+x86_64 0.5 188.00 87.00 275.00 OK
r-release-osx-x86_64 0.5 NOTE
r-oldrel-windows-ix86+x86_64 0.5 133.00 71.00 204.00 OK
r-oldrel-osx-x86_64 0.5 NOTE

Check Details

Version: 0.5
Check: installed package size
Result: NOTE
     installed size is 7.3Mb
     sub-directories of 1Mb or more:
     libs 7.1Mb
Flavors: r-devel-linux-x86_64-fedora-clang, r-devel-linux-x86_64-fedora-gcc, r-release-osx-x86_64, r-oldrel-osx-x86_64