CRAN Package Check Results for Package fdaMixed

Last updated on 2015-04-18 11:25:31.

Flavor Version Tinstall Tcheck Ttotal Status Flags
r-devel-linux-x86_64-debian-clang 0.4 35.55 17.37 52.92 NOTE
r-devel-linux-x86_64-debian-gcc 0.4 40.37 17.49 57.86 NOTE
r-devel-linux-x86_64-fedora-clang 0.4 115.53 NOTE
r-devel-linux-x86_64-fedora-gcc 0.4 109.73 NOTE
r-devel-osx-x86_64-clang 0.4 71.24 NOTE
r-patched-linux-x86_64 0.4 40.22 15.98 56.20 NOTE
r-patched-solaris-sparc 0.4 731.10 NOTE
r-patched-solaris-x86 0.4 141.40 NOTE
r-release-linux-x86_64 0.4 40.46 16.65 57.11 NOTE
r-release-osx-x86_64-mavericks 0.4 NOTE
r-release-osx-x86_64-snowleopard 0.4 NOTE
r-release-windows-ix86+x86_64 0.4 131.00 49.00 180.00 NOTE
r-oldrel-windows-ix86+x86_64 0.4 131.00 61.00 192.00 OK

Check Details

Version: 0.4
Check: installed package size
Result: NOTE
     installed size is 6.8Mb
     sub-directories of 1Mb or more:
     libs 6.7Mb
Flavors: r-devel-linux-x86_64-debian-clang, r-devel-linux-x86_64-debian-gcc, r-devel-linux-x86_64-fedora-clang, r-devel-linux-x86_64-fedora-gcc, r-patched-linux-x86_64, r-patched-solaris-sparc, r-patched-solaris-x86, r-release-linux-x86_64, r-release-osx-x86_64-mavericks

Version: 0.4
Check: foreign function calls
Result: NOTE
    Calls with DUP:
     .Call("boxcoxTransform", mu, geometricMean, Yoriginal, Ymat,
     DUP = FALSE, package = "fdaMixed")
     .Call("fdaTrace", left, right, coefs[3], Re(roots$left), Im(roots$left),
     Re(roots$right), Im(roots$right), Fleft, Fright, NN, DUP = FALSE,
     PACKAGE = "fdaMixed")
     .Call("marginalANOVA", G, Ymat, GammaMat, Zmat, Yres, betaHat,
     uBLUP, uBLUPinvG, Cbeta, Cu, DUP = FALSE, package = "fdaMixed")
     .Call("fdaEngine", left, right, (right - left)/NN * coefs[3],
     Re(roots$left), Im(roots$left), Re(roots$right), Im(roots$right),
     Fleft, Fright, G, uBLUPinvG, proj.uBLUPinvG, dummyVec, dummyVec,
     xBLUP.uBLUPinvG, condRes.uBLUPinvG, dummyMat, dummyMat, logLik.uBLUPinvG,
     DUP = FALSE, PACKAGE = "fdaMixed")
     .Call("fdaEngine", left, right, (right - left)/NN * coefs[3],
     Re(roots$left), Im(roots$left), Re(roots$right), Im(roots$right),
     Fleft, Fright, G, Yres, projMat, dummyVec, dummyVec, xBLUP,
     condRes, dummyMat, dummyMat, logLikVec, DUP = FALSE, PACKAGE = "fdaMixed")
     .Call("fdaEngine", left, right, (right - left)/NN * coefs[3],
     Re(roots$left), Im(roots$left), Re(roots$right), Im(roots$right),
     Fleft, Fright, G, Ymat, projMat, betaHat, uBLUP, xBLUP, condRes,
     Cbeta, Cu, logLikVec, DUP = FALSE, PACKAGE = "fdaMixed")
    DUP is no longer supported and will be ignored.
Flavors: r-devel-linux-x86_64-debian-clang, r-devel-linux-x86_64-debian-gcc, r-devel-linux-x86_64-fedora-clang, r-devel-linux-x86_64-fedora-gcc, r-devel-osx-x86_64-clang, r-patched-linux-x86_64, r-patched-solaris-sparc, r-patched-solaris-x86, r-release-linux-x86_64

Version: 0.4
Check: foreign function calls
Result: NOTE
    Calls with DUP != TRUE:
     .Call("boxcoxTransform", mu, geometricMean, Yoriginal, Ymat,
     DUP = FALSE, package = "fdaMixed")
     .Call("fdaTrace", left, right, coefs[3], Re(roots$left), Im(roots$left),
     Re(roots$right), Im(roots$right), Fleft, Fright, NN, DUP = FALSE,
     PACKAGE = "fdaMixed")
     .Call("marginalANOVA", G, Ymat, GammaMat, Zmat, Yres, betaHat,
     uBLUP, uBLUPinvG, Cbeta, Cu, DUP = FALSE, package = "fdaMixed")
     .Call("fdaEngine", left, right, (right - left)/NN * coefs[3],
     Re(roots$left), Im(roots$left), Re(roots$right), Im(roots$right),
     Fleft, Fright, G, uBLUPinvG, proj.uBLUPinvG, dummyVec, dummyVec,
     xBLUP.uBLUPinvG, condRes.uBLUPinvG, dummyMat, dummyMat, logLik.uBLUPinvG,
     DUP = FALSE, PACKAGE = "fdaMixed")
     .Call("fdaEngine", left, right, (right - left)/NN * coefs[3],
     Re(roots$left), Im(roots$left), Re(roots$right), Im(roots$right),
     Fleft, Fright, G, Yres, projMat, dummyVec, dummyVec, xBLUP,
     condRes, dummyMat, dummyMat, logLikVec, DUP = FALSE, PACKAGE = "fdaMixed")
     .Call("fdaEngine", left, right, (right - left)/NN * coefs[3],
     Re(roots$left), Im(roots$left), Re(roots$right), Im(roots$right),
     Fleft, Fright, G, Ymat, projMat, betaHat, uBLUP, xBLUP, condRes,
     Cbeta, Cu, logLikVec, DUP = FALSE, PACKAGE = "fdaMixed")
    DUP = FALSE is deprecated and will be disabled in future versions of R.
Flavors: r-release-osx-x86_64-mavericks, r-release-osx-x86_64-snowleopard, r-release-windows-ix86+x86_64