CRAN Package Check Results for Package fdaMixed

Last updated on 2017-12-18 21:11:01 CET.

Flavor Version Tinstall Tcheck Ttotal Status Flags
r-devel-linux-x86_64-debian-clang 0.5 68.11 27.73 95.84 OK
r-devel-linux-x86_64-debian-gcc 0.5 60.10 23.28 83.38 OK
r-devel-linux-x86_64-fedora-clang 0.5 144.52 NOTE
r-devel-linux-x86_64-fedora-gcc 0.5 141.73 NOTE
r-devel-windows-ix86+x86_64 0.5 140.00 60.00 200.00 OK
r-patched-linux-x86_64 0.5 72.34 30.04 102.38 OK
r-patched-solaris-x86 0.5 137.00 OK
r-release-linux-x86_64 0.5 74.84 29.06 103.90 OK
r-release-windows-ix86+x86_64 0.5 133.00 83.00 216.00 OK
r-release-osx-x86_64 0.5 NOTE
r-oldrel-windows-ix86+x86_64 0.5 182.00 69.00 251.00 OK
r-oldrel-osx-x86_64 0.5 NOTE

Check Details

Version: 0.5
Check: installed package size
Result: NOTE
     installed size is 7.3Mb
     sub-directories of 1Mb or more:
     libs 7.2Mb
Flavors: r-devel-linux-x86_64-fedora-clang, r-devel-linux-x86_64-fedora-gcc, r-release-osx-x86_64, r-oldrel-osx-x86_64