CRAN Package Check Results for Package fdaMixed

Last updated on 2023-11-29 13:52:14 CET.

Flavor Version Tinstall Tcheck Ttotal Status Flags
r-devel-linux-x86_64-debian-clang 0.6.1 122.60 35.67 158.27 OK
r-devel-linux-x86_64-debian-gcc 0.6.1 77.81 27.56 105.37 OK
r-devel-linux-x86_64-fedora-clang 0.6.1 211.91 OK
r-devel-linux-x86_64-fedora-gcc 0.6.1 224.81 OK
r-devel-windows-x86_64 0.6.1 81.00 76.00 157.00 OK
r-patched-linux-x86_64 0.6.1 97.56 34.55 132.11 OK
r-release-linux-x86_64 0.6.1 98.13 35.70 133.83 OK
r-release-macos-arm64 0.6.1 54.00 NOTE
r-release-macos-x86_64 0.6.1 80.00 NOTE
r-release-windows-x86_64 0.6.1 111.00 80.00 191.00 OK
r-oldrel-macos-arm64 0.6.1 53.00 NOTE
r-oldrel-macos-x86_64 0.6.1 66.00 NOTE
r-oldrel-windows-x86_64 0.6.1 101.00 73.00 174.00 OK

Check Details

Version: 0.6.1
Check: installed package size
Result: NOTE installed size is 7.6Mb sub-directories of 1Mb or more: libs 7.5Mb Flavors: r-release-macos-arm64, r-release-macos-x86_64, r-oldrel-macos-arm64, r-oldrel-macos-x86_64