CRAN Package Check Results for Package fdaMixed

Last updated on 2014-07-25 10:51:58.

Flavor Version Tinstall Tcheck Ttotal Status Flags
r-devel-linux-x86_64-debian-clang 0.4 35.08 17.85 52.93 NOTE
r-devel-linux-x86_64-debian-gcc 0.4 40.36 17.50 57.86 NOTE
r-devel-linux-x86_64-fedora-clang 0.4 107.47 NOTE
r-devel-linux-x86_64-fedora-gcc 0.4 115.28 NOTE
r-devel-osx-x86_64-clang 0.4 88.68 NOTE
r-devel-windows-ix86+x86_64 0.4 108.00 43.00 151.00 NOTE
r-patched-linux-x86_64 0.4 40.48 17.43 57.91 NOTE
r-patched-solaris-sparc 0.4 737.70 NOTE
r-patched-solaris-x86 0.4 147.80 NOTE
r-release-linux-ix86 0.4 52.80 24.90 77.70 NOTE
r-release-linux-x86_64 0.4 41.71 18.12 59.83 NOTE
r-release-osx-x86_64-mavericks 0.4 NOTE
r-release-osx-x86_64-snowleopard 0.4 NOTE
r-release-windows-ix86+x86_64 0.4 139.00 73.00 212.00 NOTE
r-oldrel-windows-ix86+x86_64 0.4 116.00 51.00 167.00 OK

Check Details

Version: 0.4
Check: installed package size
Result: NOTE
     installed size is 6.1Mb
     sub-directories of 1Mb or more:
     libs 6.0Mb
Flavors: r-devel-linux-x86_64-debian-clang, r-devel-linux-x86_64-debian-gcc, r-devel-linux-x86_64-fedora-clang, r-devel-linux-x86_64-fedora-gcc, r-patched-linux-x86_64, r-patched-solaris-sparc, r-patched-solaris-x86, r-release-linux-ix86, r-release-linux-x86_64, r-release-osx-x86_64-mavericks

Version: 0.4
Check: foreign function calls
Result: NOTE
    Calls with DUP = FALSE:
     .Call("boxcoxTransform", mu, geometricMean, Yoriginal, Ymat,
     DUP = FALSE, package = "fdaMixed")
     .Call("fdaTrace", left, right, coefs[3], Re(roots$left), Im(roots$left),
     Re(roots$right), Im(roots$right), Fleft, Fright, NN, DUP = FALSE,
     PACKAGE = "fdaMixed")
     .Call("marginalANOVA", G, Ymat, GammaMat, Zmat, Yres, betaHat,
     uBLUP, uBLUPinvG, Cbeta, Cu, DUP = FALSE, package = "fdaMixed")
     .Call("fdaEngine", left, right, (right - left)/NN * coefs[3],
     Re(roots$left), Im(roots$left), Re(roots$right), Im(roots$right),
     Fleft, Fright, G, uBLUPinvG, proj.uBLUPinvG, dummyVec, dummyVec,
     xBLUP.uBLUPinvG, condRes.uBLUPinvG, dummyMat, dummyMat, logLik.uBLUPinvG,
     DUP = FALSE, PACKAGE = "fdaMixed")
     .Call("fdaEngine", left, right, (right - left)/NN * coefs[3],
     Re(roots$left), Im(roots$left), Re(roots$right), Im(roots$right),
     Fleft, Fright, G, Yres, projMat, dummyVec, dummyVec, xBLUP,
     condRes, dummyMat, dummyMat, logLikVec, DUP = FALSE, PACKAGE = "fdaMixed")
     .Call("fdaEngine", left, right, (right - left)/NN * coefs[3],
     Re(roots$left), Im(roots$left), Re(roots$right), Im(roots$right),
     Fleft, Fright, G, Ymat, projMat, betaHat, uBLUP, xBLUP, condRes,
     Cbeta, Cu, logLikVec, DUP = FALSE, PACKAGE = "fdaMixed")
    DUP = FALSE is deprecated and may be disabled in future versions of R.
Flavors: r-devel-linux-x86_64-debian-clang, r-devel-linux-x86_64-debian-gcc, r-devel-linux-x86_64-fedora-clang, r-devel-linux-x86_64-fedora-gcc, r-devel-osx-x86_64-clang, r-devel-windows-ix86+x86_64, r-patched-linux-x86_64, r-patched-solaris-sparc, r-patched-solaris-x86, r-release-linux-ix86, r-release-linux-x86_64, r-release-osx-x86_64-mavericks, r-release-osx-x86_64-snowleopard, r-release-windows-ix86+x86_64