CRAN Package Check Results for Package fdaMixed

Last updated on 2022-12-06 00:51:10 CET.

Flavor Version Tinstall Tcheck Ttotal Status Flags
r-devel-linux-x86_64-debian-clang 0.6 119.74 37.24 156.98 OK
r-devel-linux-x86_64-debian-gcc 0.6 90.64 28.33 118.97 OK
r-devel-linux-x86_64-fedora-clang 0.6 215.71 OK
r-devel-linux-x86_64-fedora-gcc 0.6 206.96 OK
r-devel-windows-x86_64 0.6 75.00 91.00 166.00 OK
r-patched-linux-x86_64 0.6 93.60 35.24 128.84 OK
r-release-linux-x86_64 0.6 93.08 35.93 129.01 OK
r-release-macos-arm64 0.6 50.00 NOTE
r-release-macos-x86_64 0.6 63.00 NOTE
r-release-windows-x86_64 0.6 102.00 86.00 188.00 OK
r-oldrel-macos-arm64 0.6 54.00 NOTE
r-oldrel-macos-x86_64 0.6 83.00 NOTE
r-oldrel-windows-ix86+x86_64 0.6 258.00 92.00 350.00 OK

Check Details

Version: 0.6
Check: installed package size
Result: NOTE
     installed size is 8.4Mb
     sub-directories of 1Mb or more:
     libs 8.3Mb
Flavors: r-release-macos-arm64, r-release-macos-x86_64, r-oldrel-macos-arm64, r-oldrel-macos-x86_64