CRAN Package Check Results for Package fdaMixed

Last updated on 2017-08-21 11:47:40.

Flavor Version Tinstall Tcheck Ttotal Status Flags
r-devel-linux-x86_64-debian-clang 0.5 49.03 19.49 68.52 OK
r-devel-linux-x86_64-debian-gcc 0.5 55.94 19.35 75.28 OK
r-devel-linux-x86_64-fedora-clang 0.5 142.35 NOTE
r-devel-linux-x86_64-fedora-gcc 0.5 143.66 NOTE
r-devel-windows-ix86+x86_64 0.5 134.00 60.00 194.00 OK
r-patched-linux-x86_64 0.5 54.62 19.34 73.96 OK
r-patched-solaris-x86 0.5 136.20 OK
r-release-linux-x86_64 0.5 54.77 19.65 74.41 OK
r-release-windows-ix86+x86_64 0.5 184.00 60.00 244.00 OK
r-release-osx-x86_64 0.5 NOTE
r-oldrel-windows-ix86+x86_64 0.5 132.00 56.00 188.00 OK
r-oldrel-osx-x86_64 0.5 NOTE

Check Details

Version: 0.5
Check: installed package size
Result: NOTE
     installed size is 7.2Mb
     sub-directories of 1Mb or more:
     libs 7.1Mb
Flavors: r-devel-linux-x86_64-fedora-clang, r-devel-linux-x86_64-fedora-gcc, r-release-osx-x86_64, r-oldrel-osx-x86_64