CRAN Package Check Results for Package fdaPDE

Last updated on 2023-01-30 04:52:20 CET.

Flavor Version Tinstall Tcheck Ttotal Status Flags
r-devel-linux-x86_64-debian-clang 1.1-11 1240.17 183.62 1423.79 WARN
r-devel-linux-x86_64-debian-gcc 1.1-11 1130.45 188.54 1318.99 WARN
r-devel-linux-x86_64-fedora-clang 1.1-11 1837.06 WARN
r-devel-linux-x86_64-fedora-gcc 1.1-11 2290.23 WARN
r-devel-windows-x86_64 1.1-11 791.00 367.00 1158.00 WARN
r-patched-linux-x86_64 1.1-11 1103.54 241.45 1344.99 WARN
r-release-linux-x86_64 1.1-11 0.02 4.18 4.20 ERROR
r-release-macos-arm64 1.1-11 589.00 NOTE
r-release-macos-x86_64 1.1-11 659.00 NOTE
r-release-windows-x86_64 1.1-11 900.00 328.00 1228.00 WARN
r-oldrel-macos-arm64 1.1-11 571.00 NOTE
r-oldrel-macos-x86_64 1.1-11 650.00 NOTE
r-oldrel-windows-ix86+x86_64 1.1-11 2634.00 341.00 2975.00 WARN

Check Details

Version: 1.1-11
Check: for GNU extensions in Makefiles
Result: NOTE
    GNU make is a SystemRequirements.
Flavors: r-devel-linux-x86_64-debian-clang, r-devel-linux-x86_64-debian-gcc, r-devel-linux-x86_64-fedora-clang, r-devel-linux-x86_64-fedora-gcc, r-devel-windows-x86_64, r-patched-linux-x86_64, r-release-macos-arm64, r-release-macos-x86_64, r-release-windows-x86_64, r-oldrel-macos-arm64, r-oldrel-macos-x86_64, r-oldrel-windows-ix86+x86_64

Version: 1.1-11
Check: examples
Result: WARN
    Found the following significant warnings:
    
     Warning: 'rgl.triangles' is deprecated.
     Warning: 'rgl.viewpoint' is deprecated.
     Warning: 'rgl.triangles' is deprecated.
     Warning: 'rgl.viewpoint' is deprecated.
     Warning: 'rgl.triangles' is deprecated.
     Warning: 'rgl.viewpoint' is deprecated.
     Warning: 'rgl.triangles' is deprecated.
     Warning: 'rgl.lines' is deprecated.
     Warning: 'rgl.viewpoint' is deprecated.
     Warning: 'rgl.triangles' is deprecated.
     Warning: 'rgl.lines' is deprecated.
     Warning: 'rgl.viewpoint' is deprecated.
     Warning: 'rgl.points' is deprecated.
     Warning: 'rgl.lines' is deprecated.
     Warning: 'rgl.viewpoint' is deprecated.
     Warning: 'rgl.points' is deprecated.
     Warning: 'rgl.lines' is deprecated.
     Warning: 'rgl.viewpoint' is deprecated.
     Warning: 'rgl.triangles' is deprecated.
     Warning: 'rgl.lines' is deprecated.
     Warning: 'rgl.viewpoint' is deprecated.
     Warning: 'rgl.triangles' is deprecated.
     Warning: 'rgl.viewpoint' is deprecated.
     Warning: 'rgl.triangles' is deprecated.
     Warning: 'rgl.viewpoint' is deprecated.
     Warning: 'rgl.triangles' is deprecated.
     Warning: 'rgl.viewpoint' is deprecated.
     Warning: 'rgl.triangles' is deprecated.
     Warning: 'rgl.viewpoint' is deprecated.
     Warning: 'rgl.triangles' is deprecated.
     Warning: 'rgl.viewpoint' is deprecated.
     Warning: 'rgl.triangles' is deprecated.
     Warning: 'rgl.viewpoint' is deprecated.
     Warning: 'rgl.triangles' is deprecated.
     Warning: 'rgl.viewpoint' is deprecated.
     Warning: 'rgl.triangles' is deprecated.
     Warning: 'rgl.viewpoint' is deprecated.
     Warning: 'rgl.triangles' is deprecated.
     Warning: 'rgl.viewpoint' is deprecated.
     Warning: 'rgl.triangles' is deprecated.
     Warning: 'rgl.viewpoint' is deprecated.
     Warning: 'rgl.points' is deprecated.
     Warning: 'rgl.lines' is deprecated.
     Warning: 'rgl.viewpoint' is deprecated.
     Warning: 'rgl.triangles' is deprecated.
     Warning: 'rgl.points' is deprecated.
     Warning: 'rgl.lines' is deprecated.
     Warning: 'rgl.viewpoint' is deprecated.
     Warning: 'rgl.triangles' is deprecated.
     Warning: 'rgl.viewpoint' is deprecated.
     Warning: 'rgl.triangles' is deprecated.
     Warning: 'rgl.viewpoint' is deprecated.
     Warning: 'rgl.triangles' is deprecated.
     Warning: 'rgl.viewpoint' is deprecated.
     Warning: 'rgl.triangles' is deprecated.
     Warning: 'rgl.viewpoint' is deprecated.
     Warning: 'rgl.triangles' is deprecated.
     Warning: 'rgl.viewpoint' is deprecated.
     Warning: 'rgl.triangles' is deprecated.
     Warning: 'rgl.viewpoint' is deprecated.
     Warning: 'rgl.triangles' is deprecated.
     Warning: 'rgl.viewpoint' is deprecated.
     Warning: 'rgl.triangles' is deprecated.
     Warning: 'rgl.viewpoint' is deprecated.
     Warning: 'rgl.triangles' is deprecated.
     Warning: 'rgl.viewpoint' is deprecated.
     Warning: 'rgl.triangles' is deprecated.
     Warning: 'rgl.viewpoint' is deprecated.
     Warning: 'rgl.triangles' is deprecated.
     Warning: 'rgl.viewpoint' is deprecated.
    Deprecated functions may be defunct as soon as of the next release of
    R.
    See ?Deprecated.
Flavors: r-devel-linux-x86_64-debian-clang, r-devel-linux-x86_64-debian-gcc, r-devel-linux-x86_64-fedora-clang, r-devel-linux-x86_64-fedora-gcc, r-devel-windows-x86_64, r-patched-linux-x86_64, r-release-windows-x86_64

Version: 1.1-11
Check: C++ specification
Result: NOTE
     Specified C++11: please update to current default of C++17
Flavors: r-devel-linux-x86_64-debian-gcc, r-devel-linux-x86_64-fedora-gcc, r-devel-windows-x86_64

Version: 1.1-11
Check: installed package size
Result: NOTE
     installed size is 13.5Mb
     sub-directories of 1Mb or more:
     libs 12.4Mb
Flavors: r-devel-linux-x86_64-fedora-clang, r-devel-windows-x86_64, r-release-macos-arm64, r-release-macos-x86_64, r-release-windows-x86_64, r-oldrel-macos-arm64, r-oldrel-macos-x86_64, r-oldrel-windows-ix86+x86_64

Version: 1.1-11
Check: whether package can be installed
Result: ERROR
    Installation failed.
Flavor: r-release-linux-x86_64

Version: 1.1-11
Check: running examples for arch ‘i386’
Result: WARN
    Found the following significant warnings:
    
     Warning: 'rgl.triangles' is deprecated.
     Warning: 'rgl.viewpoint' is deprecated.
     Warning: 'rgl.triangles' is deprecated.
     Warning: 'rgl.viewpoint' is deprecated.
     Warning: 'rgl.triangles' is deprecated.
     Warning: 'rgl.viewpoint' is deprecated.
     Warning: 'rgl.triangles' is deprecated.
     Warning: 'rgl.lines' is deprecated.
     Warning: 'rgl.viewpoint' is deprecated.
     Warning: 'rgl.triangles' is deprecated.
     Warning: 'rgl.lines' is deprecated.
     Warning: 'rgl.viewpoint' is deprecated.
     Warning: 'rgl.points' is deprecated.
     Warning: 'rgl.lines' is deprecated.
     Warning: 'rgl.viewpoint' is deprecated.
     Warning: 'rgl.points' is deprecated.
     Warning: 'rgl.lines' is deprecated.
     Warning: 'rgl.viewpoint' is deprecated.
     Warning: 'rgl.triangles' is deprecated.
     Warning: 'rgl.lines' is deprecated.
     Warning: 'rgl.viewpoint' is deprecated.
     Warning: 'rgl.triangles' is deprecated.
     Warning: 'rgl.viewpoint' is deprecated.
     Warning: 'rgl.triangles' is deprecated.
     Warning: 'rgl.viewpoint' is deprecated.
     Warning: 'rgl.triangles' is deprecated.
     Warning: 'rgl.viewpoint' is deprecated.
     Warning: 'rgl.triangles' is deprecated.
     Warning: 'rgl.viewpoint' is deprecated.
     Warning: 'rgl.triangles' is deprecated.
     Warning: 'rgl.viewpoint' is deprecated.
     Warning: 'rgl.triangles' is deprecated.
     Warning: 'rgl.viewpoint' is deprecated.
     Warning: 'rgl.triangles' is deprecated.
     Warning: 'rgl.viewpoint' is deprecated.
     Warning: 'rgl.triangles' is deprecated.
     Warning: 'rgl.viewpoint' is deprecated.
     Warning: 'rgl.triangles' is deprecated.
     Warning: 'rgl.viewpoint' is deprecated.
     Warning: 'rgl.triangles' is deprecated.
     Warning: 'rgl.viewpoint' is deprecated.
     Warning: 'rgl.points' is deprecated.
     Warning: 'rgl.lines' is deprecated.
     Warning: 'rgl.viewpoint' is deprecated.
     Warning: 'rgl.triangles' is deprecated.
     Warning: 'rgl.points' is deprecated.
     Warning: 'rgl.lines' is deprecated.
     Warning: 'rgl.viewpoint' is deprecated.
     Warning: 'rgl.triangles' is deprecated.
     Warning: 'rgl.viewpoint' is deprecated.
     Warning: 'rgl.triangles' is deprecated.
     Warning: 'rgl.viewpoint' is deprecated.
     Warning: 'rgl.triangles' is deprecated.
     Warning: 'rgl.viewpoint' is deprecated.
     Warning: 'rgl.triangles' is deprecated.
     Warning: 'rgl.viewpoint' is deprecated.
     Warning: 'rgl.triangles' is deprecated.
     Warning: 'rgl.viewpoint' is deprecated.
     Warning: 'rgl.triangles' is deprecated.
     Warning: 'rgl.viewpoint' is deprecated.
     Warning: 'rgl.triangles' is deprecated.
     Warning: 'rgl.viewpoint' is deprecated.
     Warning: 'rgl.triangles' is deprecated.
     Warning: 'rgl.viewpoint' is deprecated.
     Warning: 'rgl.triangles' is deprecated.
     Warning: 'rgl.viewpoint' is deprecated.
     Warning: 'rgl.triangles' is deprecated.
     Warning: 'rgl.viewpoint' is deprecated.
     Warning: 'rgl.triangles' is deprecated.
     Warning: 'rgl.viewpoint' is deprecated.
    Deprecated functions may be defunct as soon as of the next release of
    R.
    See ?Deprecated.
Flavor: r-oldrel-windows-ix86+x86_64

Version: 1.1-11
Check: running examples for arch ‘x64’
Result: WARN
    Found the following significant warnings:
    
     Warning: 'rgl.triangles' is deprecated.
     Warning: 'rgl.viewpoint' is deprecated.
     Warning: 'rgl.triangles' is deprecated.
     Warning: 'rgl.viewpoint' is deprecated.
     Warning: 'rgl.triangles' is deprecated.
     Warning: 'rgl.viewpoint' is deprecated.
     Warning: 'rgl.triangles' is deprecated.
     Warning: 'rgl.lines' is deprecated.
     Warning: 'rgl.viewpoint' is deprecated.
     Warning: 'rgl.triangles' is deprecated.
     Warning: 'rgl.lines' is deprecated.
     Warning: 'rgl.viewpoint' is deprecated.
     Warning: 'rgl.points' is deprecated.
     Warning: 'rgl.lines' is deprecated.
     Warning: 'rgl.viewpoint' is deprecated.
     Warning: 'rgl.points' is deprecated.
     Warning: 'rgl.lines' is deprecated.
     Warning: 'rgl.viewpoint' is deprecated.
     Warning: 'rgl.triangles' is deprecated.
     Warning: 'rgl.lines' is deprecated.
     Warning: 'rgl.viewpoint' is deprecated.
     Warning: 'rgl.triangles' is deprecated.
     Warning: 'rgl.viewpoint' is deprecated.
     Warning: 'rgl.triangles' is deprecated.
     Warning: 'rgl.viewpoint' is deprecated.
     Warning: 'rgl.triangles' is deprecated.
     Warning: 'rgl.viewpoint' is deprecated.
     Warning: 'rgl.triangles' is deprecated.
     Warning: 'rgl.viewpoint' is deprecated.
     Warning: 'rgl.triangles' is deprecated.
     Warning: 'rgl.viewpoint' is deprecated.
     Warning: 'rgl.triangles' is deprecated.
     Warning: 'rgl.viewpoint' is deprecated.
     Warning: 'rgl.triangles' is deprecated.
     Warning: 'rgl.viewpoint' is deprecated.
     Warning: 'rgl.triangles' is deprecated.
     Warning: 'rgl.viewpoint' is deprecated.
     Warning: 'rgl.triangles' is deprecated.
     Warning: 'rgl.viewpoint' is deprecated.
     Warning: 'rgl.triangles' is deprecated.
     Warning: 'rgl.viewpoint' is deprecated.
     Warning: 'rgl.points' is deprecated.
     Warning: 'rgl.lines' is deprecated.
     Warning: 'rgl.viewpoint' is deprecated.
     Warning: 'rgl.triangles' is deprecated.
     Warning: 'rgl.points' is deprecated.
     Warning: 'rgl.lines' is deprecated.
     Warning: 'rgl.viewpoint' is deprecated.
     Warning: 'rgl.triangles' is deprecated.
     Warning: 'rgl.viewpoint' is deprecated.
     Warning: 'rgl.triangles' is deprecated.
     Warning: 'rgl.viewpoint' is deprecated.
     Warning: 'rgl.triangles' is deprecated.
     Warning: 'rgl.viewpoint' is deprecated.
     Warning: 'rgl.triangles' is deprecated.
     Warning: 'rgl.viewpoint' is deprecated.
     Warning: 'rgl.triangles' is deprecated.
     Warning: 'rgl.viewpoint' is deprecated.
     Warning: 'rgl.triangles' is deprecated.
     Warning: 'rgl.viewpoint' is deprecated.
     Warning: 'rgl.triangles' is deprecated.
     Warning: 'rgl.viewpoint' is deprecated.
     Warning: 'rgl.triangles' is deprecated.
     Warning: 'rgl.viewpoint' is deprecated.
     Warning: 'rgl.triangles' is deprecated.
     Warning: 'rgl.viewpoint' is deprecated.
     Warning: 'rgl.triangles' is deprecated.
     Warning: 'rgl.viewpoint' is deprecated.
     Warning: 'rgl.triangles' is deprecated.
     Warning: 'rgl.viewpoint' is deprecated.
    Deprecated functions may be defunct as soon as of the next release of
    R.
    See ?Deprecated.
Flavor: r-oldrel-windows-ix86+x86_64