CRAN Package Check Results for Package fdaconcur

Last updated on 2024-02-25 01:48:59 CET.

Flavor Version Tinstall Tcheck Ttotal Status Flags
r-devel-linux-x86_64-debian-clang 0.1.2 5.06 52.91 57.97 NOTE
r-devel-linux-x86_64-debian-gcc 0.1.2 3.35 40.08 43.43 NOTE
r-devel-linux-x86_64-fedora-clang 0.1.2 73.12 NOTE
r-devel-linux-x86_64-fedora-gcc 0.1.2 69.28 NOTE
r-devel-windows-x86_64 0.1.2 5.00 65.00 70.00 NOTE
r-patched-linux-x86_64 0.1.2 4.82 53.70 58.52 NOTE
r-release-linux-x86_64 0.1.2 3.09 52.02 55.11 NOTE
r-release-macos-arm64 0.1.2 25.00 NOTE
r-release-macos-x86_64 0.1.2 59.00 NOTE
r-release-windows-x86_64 0.1.2 7.00 74.00 81.00 NOTE
r-oldrel-macos-arm64 0.1.2 33.00 NOTE
r-oldrel-windows-x86_64 0.1.2 6.00 74.00 80.00 NOTE

Check Details

Version: 0.1.2
Check: dependencies in R code
Result: NOTE Unexported object imported by a ':::' call: ‘fdapace:::interp2lin’ See the note in ?`:::` about the use of this operator. Flavors: r-devel-linux-x86_64-debian-clang, r-devel-linux-x86_64-debian-gcc, r-devel-linux-x86_64-fedora-clang, r-devel-linux-x86_64-fedora-gcc, r-devel-windows-x86_64, r-patched-linux-x86_64, r-release-linux-x86_64, r-release-macos-arm64, r-release-macos-x86_64, r-release-windows-x86_64, r-oldrel-macos-arm64, r-oldrel-windows-x86_64