Last updated on 2022-05-25 04:55:25 CEST.
Flavor | Version | Tinstall | Tcheck | Ttotal | Status | Flags |
---|---|---|---|---|---|---|
r-devel-linux-x86_64-debian-clang | 0.5.8 | 301.77 | 227.48 | 529.25 | OK | |
r-devel-linux-x86_64-debian-gcc | 0.5.8 | 253.39 | 174.59 | 427.98 | OK | |
r-devel-linux-x86_64-fedora-clang | 0.5.8 | 804.65 | NOTE | |||
r-devel-linux-x86_64-fedora-gcc | 0.5.8 | 728.56 | OK | |||
r-devel-windows-x86_64 | 0.5.8 | 239.00 | 304.00 | 543.00 | OK | |
r-patched-linux-x86_64 | 0.5.8 | 202.42 | 232.33 | 434.75 | OK | |
r-release-linux-x86_64 | 0.5.8 | OK | ||||
r-release-macos-arm64 | 0.5.8 | 176.00 | NOTE | |||
r-release-macos-x86_64 | 0.5.8 | 276.00 | NOTE | |||
r-release-windows-x86_64 | 0.5.8 | 237.00 | 268.00 | 505.00 | OK | |
r-oldrel-macos-arm64 | 0.5.8 | 278.00 | NOTE | |||
r-oldrel-macos-x86_64 | 0.5.8 | 234.00 | NOTE | |||
r-oldrel-windows-ix86+x86_64 | 0.5.8 | 224.00 | 9.00 | 233.00 | ERROR |
Version: 0.5.8
Check: installed package size
Result: NOTE
installed size is 40.4Mb
sub-directories of 1Mb or more:
doc 1.0Mb
libs 38.6Mb
Flavors: r-devel-linux-x86_64-fedora-clang, r-release-macos-arm64, r-release-macos-x86_64, r-oldrel-macos-arm64, r-oldrel-macos-x86_64
Version: 0.5.8
Check: whether package can be installed
Result: ERROR
Installation failed.
Flavor: r-oldrel-windows-ix86+x86_64